-- Table structure for table `priorities`
--

CREATE TABLE `priorities` (
  `id` bigint(20) UNSIGNED NOT NULL,
  `name` varchar(255) NOT NULL,
  `status` int(11) NOT NULL,
  `created_at` timestamp NULL DEFAULT NULL,
  `updated_at` timestamp NULL DEFAULT NULL
) ENGINE=InnoDB DEFAULT CHARSET=utf8mb4 COLLATE=utf8mb4_unicode_ci;

--
-- Dumping data for table `priorities`
--

INSERT INTO `priorities` (`id`, `name`, `status`, `created_at`, `updated_at`) VALUES
(2, 'a:2:{s:2:\"en\";i:107;s:2:\"ar\";i:108;}', 1, '2023-12-05 14:39:03', '2023-12-05 14:39:03');

-- --------------------------------------------------------

--
-- Table structure for table `procedures`
--

CREATE TABLE `procedures` (
  `id` bigint(20) UNSIGNED NOT NULL,
  `name` varchar(255) NOT NULL,
  `status` int(11) NOT NULL,
  `created_at` timestamp NULL DEFAULT NULL,
  `updated_at` timestamp NULL DEFAULT NULL
) ENGINE=InnoDB DEFAULT CHARSET=utf8mb4 COLLATE=utf8mb4_unicode_ci;

--
-- Dumping data for table `procedures`
--

INSERT INTO `procedures` (`id`, `name`, `status`, `created_at`, `updated_at`) VALUES
(2, 'a:2:{s:2:\"en\";i:613;s:2:\"ar\";i:614;}', 1, '2023-12-05 14:59:10', '2023-12-25 03:49:27'),
(3, 'a:2:{s:2:\"en\";i:615;s:2:\"ar\";i:616;}', 1, '2023-12-25 03:50:12', '2023-12-25 03:50:12'),
(4, 'a:2:{s:2:\"en\";i:1095;s:2:\"ar\";i:1096;}', 1, '2024-04-20 07:49:33', '2024-04-20 07:49:33'),
(5, 'a:2:{s:2:\"en\";i:1105;s:2:\"ar\";i:1106;}', 1, '2024-04-20 07:54:57', '2024-04-20 07:54:57'),
(6, 'a:2:{s:2:\"en\";i:1123;s:2:\"ar\";i:1124;}', 1, '2024-04-20 08:51:08', '2024-04-20 08:51:08'),
(7, 'a:2:{s:2:\"en\";i:1305;s:2:\"ar\";i:1306;}', 1, '2024-04-27 10:02:06', '2024-04-27 10:02:06');

-- --------------------------------------------------------

--
-- Table structure for table `purposes`
--

CREATE TABLE `purposes` (
  `id` bigint(20) UNSIGNED NOT NULL,
  `name` varchar(255) NOT NULL,
  `status` int(11) NOT NULL,
  `created_at` timestamp NULL DEFAULT NULL,
  `updated_at` timestamp NULL DEFAULT NULL
) ENGINE=InnoDB DEFAULT CHARSET=utf8mb4 COLLATE=utf8mb4_unicode_ci;

--
-- Dumping data for table `purposes`
--

INSERT INTO `purposes` (`id`, `name`, `status`, `created_at`, `updated_at`) VALUES
(4, 'a:2:{s:2:\"en\";i:115;s:2:\"ar\";i:116;}', 1, '2023-12-05 14:54:23', '2023-12-05 14:54:23'),
(5, 'a:2:{s:2:\"en\";i:117;s:2:\"ar\";i:118;}', 1, '2023-12-05 14:54:54', '2023-12-05 14:54:54'),
(6, 'a:2:{s:2:\"en\";i:119;s:2:\"ar\";i:120;}', 1, '2023-12-05 14:55:13', '2023-12-05 14:55:13');

-- --------------------------------------------------------

--
-- Table structure for table `receivingmethods`
--

CREATE TABLE `receivingmethods` (
  `id` bigint(20) UNSIGNED NOT NULL,
  `name` varchar(255) NOT NULL,
  `status` int(11) NOT NULL,
  `created_at` timestamp NULL DEFAULT NULL,
  `updated_at` timestamp NULL DEFAULT NULL
) ENGINE=InnoDB DEFAULT CHARSET=utf8mb4 COLLATE=utf8mb4_unicode_ci;

--
-- Dumping data for table `receivingmethods`
--

INSERT INTO `receivingmethods` (`id`, `name`, `status`, `created_at`, `updated_at`) VALUES
(2, 'a:2:{s:2:\"en\";i:111;s:2:\"ar\";i:112;}', 1, '2023-12-05 14:49:34', '2023-12-05 14:49:34'),
(3, 'a:2:{s:2:\"en\";i:113;s:2:\"ar\";i:114;}', 1, '2023-12-05 14:49:52', '2023-12-05 14:49:52');

-- --------------------------------------------------------

--
-- Table structure for table `shares`
--

CREATE TABLE `shares` (
  `id` bigint(20) UNSIGNED NOT NULL,
  `folders_id` int(11) NOT NULL,
  `transactions_permissions_id` int(11) NOT NULL,
  `permissions` varchar(255) DEFAULT NULL,
  `view` int(11) NOT NULL DEFAULT 0,
  `add` int(11) NOT NULL DEFAULT 0,
  `edit` int(11) NOT NULL DEFAULT 0,
  `delete` int(11) NOT NULL DEFAULT 0,
  `status` int(11) NOT NULL,
  `created_at` timestamp NULL DEFAULT NULL,
  `updated_at` timestamp NULL DEFAULT NULL
) ENGINE=InnoDB DEFAULT CHARSET=utf8mb4 COLLATE=utf8mb4_unicode_ci;

--
-- Dumping data for table `shares`
--

INSERT INTO `shares` (`id`, `folders_id`, `transactions_permissions_id`, `permissions`, `view`, `add`, `edit`, `delete`, `status`, `created_at`, `updated_at`) VALUES
(1, 2, 12, '1', 1, 1, 1, 1, 0, '2024-02-16 04:53:19', '2024-02-16 04:53:19'),
(2, 1, 8, '8', 0, 1, 0, 1, 1, '2024-02-29 07:52:39', '2024-02-29 07:52:39'),
(3, 16, 12, '1', 1, 0, 0, 0, 1, '2024-02-29 10:11:26', '2024-02-29 10:11:26'),
(4, 10, 17, NULL, 1, 0, 0, 0, 1, '2024-03-05 14:01:07', '2024-03-05 14:01:07'),
(5, 39, 17, NULL, 1, 0, 0, 0, 1, '2024-03-06 14:25:16', '2024-03-06 14:25:16'),
(6, 24, 12, '2', 1, 0, 0, 0, 1, '2024-03-06 16:11:20', '2024-03-06 16:11:20'),
(7, 1, 7, NULL, 1, 0, 0, 0, 0, '2024-03-08 09:38:13', '2024-03-08 09:38:13');

-- --------------------------------------------------------

--
-- Table structure for table `statuses`
--

CREATE TABLE `statuses` (
  `id` bigint(20) UNSIGNED NOT NULL,
  `name` varchar(255) NOT NULL,
  `status` int(11) NOT NULL,
  `created_at` timestamp NULL DEFAULT NULL,
  `updated_at` timestamp NULL DEFAULT NULL
) ENGINE=InnoDB DEFAULT CHARSET=utf8mb4 COLLATE=utf8mb4_unicode_ci;

-- --------------------------------------------------------

--
-- Table structure for table `steps`
--

CREATE TABLE `steps` (
  `id` bigint(20) UNSIGNED NOT NULL,
  `name` varchar(255) NOT NULL,
  `flows_id` int(11) NOT NULL,
  `number` varchar(255) NOT NULL,
  `fields_id` varchar(512) DEFAULT NULL,
  `status` int(11) DEFAULT 1,
  `transactions_permissions_id` varchar(512) DEFAULT NULL,
  `permissions` varchar(512) DEFAULT NULL,
  `place_permissions_id` varchar(512) DEFAULT NULL,
  `place_permissions` varchar(512) DEFAULT NULL,
  `can_edit` int(11) DEFAULT NULL,
  `can_delete` int(11) DEFAULT NULL,
  `can_send` int(11) DEFAULT NULL,
  `can_back` int(11) DEFAULT NULL,
  `can_agree` int(11) DEFAULT NULL,
  `can_decline` int(11) DEFAULT NULL,
  `can_export` int(11) DEFAULT NULL,
  `can_deliver` int(11) DEFAULT NULL,
  `send_flow` varchar(255) DEFAULT NULL,
  `send_text` varchar(512) DEFAULT NULL,
  `back_flow` varchar(255) DEFAULT NULL,
  `agree_flow` varchar(255) DEFAULT NULL,
  `agree_text` varchar(512) DEFAULT NULL,
  `decline_flow` varchar(255) DEFAULT NULL,
  `agree_number` int(11) DEFAULT NULL,
  `procedures_id` int(255) DEFAULT NULL,
  `procedure_duration` varchar(255) DEFAULT NULL,
  `back_transactions_permissions_id` int(11) DEFAULT NULL,
  `back_permissions` varchar(255) DEFAULT NULL,
  `created_at` timestamp NULL DEFAULT NULL,
  `updated_at` timestamp NULL DEFAULT NULL,
  `notifications_types_id` int(11) DEFAULT NULL,
  `connected_step` varchar(255) DEFAULT NULL,
  `level_agree_number` int(11) DEFAULT NULL,
  `autoaction` varchar(255) DEFAULT NULL
) ENGINE=InnoDB DEFAULT CHARSET=utf8mb4 COLLATE=utf8mb4_unicode_ci;

--
-- Dumping data for table `steps`
--

INSERT INTO `steps` (`id`, `name`, `flows_id`, `number`, `fields_id`, `status`, `transactions_permissions_id`, `permissions`, `place_permissions_id`, `place_permissions`, `can_edit`, `can_delete`, `can_send`, `can_back`, `can_agree`, `can_decline`, `can_export`, `can_deliver`, `send_flow`, `send_text`, `back_flow`, `agree_flow`, `agree_text`, `decline_flow`, `agree_number`, `procedures_id`, `procedure_duration`, `back_transactions_permissions_id`, `back_permissions`, `created_at`, `updated_at`, `notifications_types_id`, `connected_step`, `level_agree_number`, `autoaction`) VALUES
(1, 'a:2:{s:2:\"en\";i:1061;s:2:\"ar\";i:1062;}', 1, '1', 'a:8:{i:0;s:3:\"157\";i:1;s:3:\"160\";i:2;s:3:\"161\";i:3;s:3:\"162\";i:4;s:3:\"163\";i:5;s:3:\"164\";i:6;s:3:\"165\";i:7;s:3:\"171\";}', 1, '14', NULL, NULL, NULL, 1, 1, 1, NULL, NULL, NULL, NULL, NULL, '-1', NULL, NULL, NULL, NULL, NULL, NULL, NULL, '1', 14, NULL, '2023-12-16 05:25:43', '2024-04-18 08:23:22', 1, NULL, NULL, NULL),
(4, 'a:2:{s:2:\"en\";i:1477;s:2:\"ar\";i:1478;}', 1, '2', 'a:4:{i:0;s:3:\"158\";i:1;s:3:\"166\";i:2;s:3:\"167\";i:3;s:3:\"168\";}', NULL, '11', '5', '16', NULL, 1, NULL, 0, 1, 1, 1, NULL, NULL, NULL, NULL, '-2', '-1', NULL, '7', 1, 2, '1', 14, NULL, '2023-12-18 09:35:05', '2024-06-06 05:28:08', 3, NULL, NULL, '0'),
(6, 'a:2:{s:2:\"en\";i:1055;s:2:\"ar\";i:1056;}', 1, '3', 'a:3:{i:0;s:3:\"159\";i:1;s:3:\"169\";i:2;s:3:\"170\";}', 1, '11', '4', '15', NULL, 1, NULL, 0, NULL, 1, 1, NULL, NULL, NULL, NULL, NULL, '-1', NULL, '-2', NULL, 2, '1', 14, NULL, '2023-12-20 05:41:50', '2024-04-02 17:41:50', 2, NULL, NULL, NULL),
(7, 'a:2:{s:2:\"en\";i:1065;s:2:\"ar\";i:1066;}', 1, '4', 'N;', 1, '14', NULL, NULL, NULL, NULL, NULL, 1, NULL, NULL, NULL, 1, 1, '-3', NULL, NULL, NULL, NULL, NULL, NULL, 3, '1', 14, NULL, '2023-12-20 16:39:40', '2024-04-18 08:25:44', 3, NULL, NULL, NULL),
(8, 'a:2:{s:2:\"en\";i:917;s:2:\"ar\";i:918;}', 2, '1', 'a:5:{i:0;s:3:\"136\";i:1;s:3:\"137\";i:2;s:3:\"138\";i:3;s:3:\"139\";i:4;s:3:\"140\";}', 1, '14', NULL, NULL, NULL, 1, 0, 1, 0, 0, 0, NULL, NULL, NULL, NULL, NULL, NULL, NULL, NULL, NULL, NULL, NULL, NULL, NULL, '2024-01-01 10:25:08', '2024-01-27 14:19:42', 2, NULL, NULL, NULL),
(9, 'a:2:{s:2:\"en\";i:909;s:2:\"ar\";i:910;}', 2, '2', 'N;', 1, '14', NULL, NULL, NULL, 0, 0, 0, 0, 0, 0, NULL, NULL, NULL, NULL, NULL, NULL, NULL, NULL, NULL, 3, NULL, NULL, NULL, '2024-01-27 14:06:23', '2024-01-27 14:06:23', 2, NULL, NULL, NULL),
(10, 'a:2:{s:2:\"en\";i:915;s:2:\"ar\";i:916;}', 4, '1', 'a:2:{i:0;s:3:\"172\";i:1;s:3:\"173\";}', 1, '14', NULL, NULL, NULL, 1, 0, 1, 0, 0, 0, NULL, NULL, NULL, NULL, NULL, NULL, NULL, NULL, NULL, NULL, NULL, NULL, NULL, '2024-01-27 14:07:33', '2024-01-27 14:19:20', 1, NULL, NULL, NULL),
(11, 'a:2:{s:2:\"en\";i:913;s:2:\"ar\";i:914;}', 4, '2', 'N;', 1, '14', NULL, NULL, NULL, 0, 0, 0, 0, 0, 0, NULL, NULL, NULL, NULL, NULL, NULL, NULL, NULL, NULL, 3, NULL, NULL, NULL, '2024-01-27 14:08:02', '2024-01-27 14:08:02', 2, NULL, NULL, NULL),
(12, 'a:2:{s:2:\"en\";i:1003;s:2:\"ar\";i:1004;}', 5, '1', 'a:4:{i:0;s:3:\"197\";i:1;s:3:\"198\";i:2;s:3:\"199\";i:3;s:3:\"200\";}', 1, '14', NULL, NULL, NULL, 1, 1, 1, 0, 0, 0, 0, 0, NULL, NULL, NULL, NULL, NULL, NULL, NULL, 3, NULL, NULL, NULL, '2024-02-08 09:51:17', '2024-03-23 16:52:59', 1, NULL, NULL, NULL),
(13, 'a:2:{s:2:\"en\";i:989;s:2:\"ar\";i:990;}', 6, '1', 'a:11:{i:0;s:3:\"183\";i:1;s:3:\"184\";i:2;s:3:\"185\";i:3;s:3:\"186\";i:4;s:3:\"187\";i:5;s:3:\"188\";i:6;s:3:\"189\";i:7;s:3:\"190\";i:8;s:3:\"192\";i:9;s:3:\"193\";i:10;s:3:\"194\";}', 1, '14', NULL, NULL, NULL, 1, 1, 1, 0, 0, 0, 0, 0, NULL, NULL, NULL, NULL, NULL, NULL, NULL, NULL, '1', NULL, NULL, '2024-02-13 17:01:02', '2024-02-13 17:01:02', NULL, NULL, NULL, NULL),
(14, 'a:2:{s:2:\"en\";i:991;s:2:\"ar\";i:992;}', 6, '2', 'a:3:{i:0;s:3:\"191\";i:1;s:3:\"195\";i:2;s:3:\"196\";}', 1, '16', NULL, NULL, NULL, 1, 0, 0, 1, 1, 1, 0, 0, NULL, NULL, NULL, NULL, NULL, NULL, NULL, 2, '24', NULL, NULL, '2024-02-13 17:02:56', '2024-02-13 17:02:56', 3, NULL, NULL, NULL),
(15, 'a:2:{s:2:\"en\";i:993;s:2:\"ar\";i:994;}', 6, '3', 'N;', 1, '14', NULL, NULL, NULL, 0, 0, 0, 0, 0, 0, 1, 1, NULL, NULL, NULL, NULL, NULL, NULL, NULL, 3, '0', NULL, NULL, '2024-02-13 17:03:46', '2024-02-13 17:03:46', 3, NULL, NULL, NULL),
(16, 'a:2:{s:2:\"en\";i:1029;s:2:\"ar\";i:1030;}', 5, '2', 'N;', 1, '11', '4', '9', '5', 1, 0, 0, 0, 1, 0, 0, 0, NULL, NULL, NULL, NULL, NULL, NULL, NULL, 2, NULL, NULL, NULL, '2024-03-31 16:16:19', '2024-03-31 16:16:19', 1, NULL, NULL, NULL),
(17, 'a:2:{s:2:\"en\";i:1031;s:2:\"ar\";i:1032;}', 5, '3', 'N;', 1, '7', NULL, '16', NULL, 1, 0, 0, 0, 0, 0, 0, 0, NULL, NULL, NULL, NULL, NULL, NULL, NULL, 2, NULL, NULL, NULL, '2024-03-31 17:07:30', '2024-03-31 17:07:30', 1, NULL, NULL, NULL),
(18, 'a:2:{s:2:\"en\";i:1039;s:2:\"ar\";i:1040;}', 7, '1', 'N;', 1, '14', NULL, NULL, NULL, 0, 0, 0, 0, 0, 0, 0, 0, NULL, NULL, NULL, NULL, NULL, NULL, NULL, 3, NULL, NULL, NULL, '2024-04-01 17:47:22', '2024-04-01 17:47:22', 3, NULL, NULL, NULL),
(19, 'a:2:{s:2:\"en\";i:1151;s:2:\"ar\";i:1152;}', 8, '1', 'a:9:{i:0;s:3:\"355\";i:1;s:3:\"356\";i:2;s:3:\"357\";i:3;s:3:\"358\";i:4;s:3:\"368\";i:5;s:3:\"373\";i:6;s:3:\"382\";i:7;s:3:\"383\";i:8;s:3:\"384\";}', 1, '14', NULL, NULL, NULL, 1, 1, 1, 0, 0, 0, 0, 0, '-1', NULL, NULL, NULL, NULL, NULL, NULL, NULL, '1', NULL, NULL, '2024-04-20 07:07:57', '2024-04-21 07:07:05', 1, NULL, NULL, NULL),
(20, 'a:2:{s:2:\"en\";i:1145;s:2:\"ar\";i:1146;}', 8, '2', 'a:3:{i:0;s:3:\"369\";i:1;s:3:\"374\";i:2;s:3:\"378\";}', 1, '11', '4', '9', '6', 1, 0, 0, 1, 1, 1, 0, 0, NULL, NULL, '-2', '-1', NULL, '-3', NULL, 2, '1', NULL, NULL, '2024-04-20 07:10:36', '2024-04-21 07:05:36', 3, NULL, NULL, NULL),
(21, 'a:2:{s:2:\"en\";i:1157;s:2:\"ar\";i:1158;}', 8, '3', 'a:2:{i:0;s:3:\"370\";i:1;s:3:\"375\";}', 1, '7', NULL, '10', '5', 0, 0, 0, 1, 1, 0, 0, 0, NULL, NULL, '-2', '-1', NULL, NULL, NULL, 6, '1', NULL, NULL, '2024-04-20 07:44:38', '2024-04-21 07:19:28', 3, NULL, NULL, NULL),
(22, 'a:2:{s:2:\"en\";i:1169;s:2:\"ar\";i:1170;}', 8, '4', 'a:9:{i:0;s:3:\"359\";i:1;s:3:\"360\";i:2;s:3:\"361\";i:3;s:3:\"362\";i:4;s:3:\"363\";i:5;s:3:\"364\";i:6;s:3:\"365\";i:7;s:3:\"371\";i:8;s:3:\"376\";}', 1, '12', '8', '10', '6', 0, 0, 0, 0, 1, 0, 0, 0, NULL, NULL, NULL, '-1', NULL, NULL, NULL, 4, '1', NULL, NULL, '2024-04-20 07:48:46', '2024-04-21 07:33:20', 3, NULL, NULL, NULL),
(23, 'a:2:{s:2:\"en\";i:1177;s:2:\"ar\";i:1178;}', 8, '5', 'a:3:{i:0;s:3:\"372\";i:1;s:3:\"377\";i:2;s:3:\"379\";}', 1, '11', '4', '9', '7', 0, 0, 0, 0, 1, 1, 0, 0, NULL, NULL, NULL, '-1', NULL, '-3', NULL, 2, '1', NULL, NULL, '2024-04-20 07:52:28', '2024-04-21 07:37:56', 3, NULL, NULL, NULL),
(24, 'a:2:{s:2:\"en\";i:1179;s:2:\"ar\";i:1180;}', 8, '6', 'a:4:{i:0;s:3:\"366\";i:1;s:3:\"367\";i:2;s:3:\"380\";i:3;s:3:\"381\";}', 1, '7', NULL, '10', '7', 0, 0, 0, 0, 1, 0, 0, 0, NULL, NULL, NULL, '-1', NULL, NULL, NULL, 5, '1', NULL, NULL, '2024-04-20 07:57:07', '2024-04-21 07:38:25', 3, NULL, NULL, NULL),
(25, 'a:2:{s:2:\"en\";i:1259;s:2:\"ar\";i:1260;}', 8, '7', 'N;', 1, '7', NULL, '9', '4', 0, 0, 0, 0, 0, 0, 1, 0, NULL, NULL, NULL, NULL, NULL, NULL, NULL, 3, '1', NULL, NULL, '2024-04-20 07:58:30', '2024-04-24 17:51:19', 3, NULL, NULL, NULL),
(26, 'a:2:{s:2:\"en\";i:1251;s:2:\"ar\";i:1252;}', 9, '1', 'a:1:{i:0;s:3:\"404\";}', 0, '14', NULL, NULL, NULL, 1, 0, 1, 0, 0, 0, 0, NULL, '-1', NULL, NULL, NULL, NULL, NULL, NULL, NULL, NULL, NULL, NULL, '2024-04-24 08:06:53', '2024-04-24 08:15:15', 1, NULL, NULL, NULL),
(27, 'a:2:{s:2:\"en\";i:1253;s:2:\"ar\";i:1254;}', 9, '2', 'a:1:{i:0;s:3:\"403\";}', 0, '14', NULL, NULL, NULL, 1, 0, 0, 1, 0, 0, 0, NULL, NULL, NULL, '-2', NULL, NULL, NULL, NULL, NULL, NULL, NULL, NULL, '2024-04-24 08:12:32', '2024-04-24 08:15:25', 3, NULL, NULL, NULL),
(28, 'a:2:{s:2:\"en\";i:1343;s:2:\"ar\";i:1344;}', 10, '1', 'a:8:{i:0;s:3:\"466\";i:1;s:3:\"467\";i:2;s:3:\"468\";i:3;s:3:\"469\";i:4;s:3:\"474\";i:5;s:3:\"475\";i:6;s:3:\"476\";i:7;s:3:\"477\";}', 1, '7', NULL, '18', NULL, 1, 1, 1, 0, 0, 0, 0, 0, '-1', NULL, NULL, NULL, NULL, NULL, NULL, 7, NULL, NULL, NULL, '2024-04-27 10:42:13', '2024-04-27 11:29:07', 1, NULL, NULL, NULL),
(29, 'a:2:{s:2:\"en\";i:1329;s:2:\"ar\";i:1330;}', 10, '2', 'a:1:{i:0;s:3:\"470\";}', 1, '11', '4', '15', NULL, 1, 0, 0, 0, 1, 1, 0, 0, NULL, NULL, NULL, '-1', NULL, '-3', NULL, 2, '1', NULL, NULL, '2024-04-27 10:44:35', '2024-04-27 10:44:35', 2, NULL, NULL, NULL),
(30, 'a:2:{s:2:\"en\";i:1331;s:2:\"ar\";i:1332;}', 10, '3', 'a:1:{i:0;s:3:\"471\";}', 1, '11', '10', '9', '7', 1, 0, 0, 0, 1, 1, 0, 0, NULL, NULL, NULL, '-1', NULL, '-3', NULL, 2, '1', NULL, NULL, '2024-04-27 10:46:22', '2024-04-27 10:46:22', 2, NULL, NULL, NULL),
(31, 'a:2:{s:2:\"en\";i:1333;s:2:\"ar\";i:1334;}', 10, '4', 'a:1:{i:0;s:3:\"472\";}', 1, '11', '4', '9', '7', 1, 0, 1, 1, 1, 1, 0, 0, '-1', NULL, 's_28', '-1', NULL, '-3', NULL, 2, '1', NULL, NULL, '2024-04-27 10:47:54', '2024-04-27 10:47:54', 2, NULL, NULL, NULL),
(32, 'a:2:{s:2:\"en\";i:1335;s:2:\"ar\";i:1336;}', 10, '5', 'a:1:{i:0;s:3:\"473\";}', 1, '11', '4', '9', '6', 1, 0, 0, 0, 1, 1, 0, 0, NULL, NULL, NULL, '-3', NULL, '-3', NULL, 2, '1', NULL, NULL, '2024-04-27 10:48:53', '2024-04-27 10:48:53', 2, NULL, NULL, NULL),
(33, 'a:2:{s:2:\"en\";i:1385;s:2:\"ar\";i:1386;}', 11, '1', 'N;', NULL, '14', NULL, NULL, NULL, 1, 1, 1, 0, 0, 0, 0, 0, '-4', 'إرسال', NULL, NULL, 'agree', NULL, NULL, NULL, '60', NULL, NULL, '2024-06-02 05:46:15', '2024-06-02 07:02:34', 3, NULL, NULL, '-4'),
(34, 'a:2:{s:2:\"en\";i:1391;s:2:\"ar\";i:1392;}', 11, '2', 'N;', NULL, NULL, NULL, NULL, NULL, 0, 0, 1, 0, 0, 0, 0, 0, '-3', 'إغلاق', NULL, NULL, 'agree', NULL, NULL, 3, '60', NULL, NULL, '2024-06-02 05:47:31', '2024-06-02 09:53:17', 3, NULL, NULL, '-4'),
(35, 'a:2:{s:2:\"en\";i:1419;s:2:\"ar\";i:1420;}', 12, '1', 'a:6:{i:0;s:3:\"532\";i:1;s:3:\"533\";i:2;s:3:\"534\";i:3;s:3:\"535\";i:4;s:3:\"536\";i:5;s:3:\"540\";}', NULL, '14', NULL, NULL, NULL, 1, 1, 1, 0, 0, 0, 0, 0, '-1', 'إرسال', NULL, NULL, 'agree', NULL, NULL, 7, '0', NULL, NULL, '2024-06-02 16:29:55', '2024-06-03 08:33:27', 1, NULL, NULL, '0'),
(37, 'a:2:{s:2:\"en\";i:1421;s:2:\"ar\";i:1422;}', 12, '2', 'a:3:{i:0;s:3:\"537\";i:1;s:3:\"538\";i:2;s:3:\"539\";}', NULL, '11', '4', '15', NULL, 0, 0, 0, 1, 1, 0, 0, 0, NULL, 'send', '-2', '-1', 'موافق', NULL, NULL, 2, '60', NULL, NULL, '2024-06-02 16:33:31', '2024-06-03 08:33:39', 3, NULL, NULL, '-4'),
(38, 'a:2:{s:2:\"en\";i:1403;s:2:\"ar\";i:1404;}', 12, '3', 'N;', NULL, '14', NULL, NULL, NULL, 0, 0, 1, 0, 0, 0, 1, 1, '-3', 'إغلاق', NULL, NULL, 'agree', NULL, NULL, 3, '60', NULL, NULL, '2024-06-02 16:34:57', '2024-06-02 16:34:57', 3, NULL, NULL, '-4'),
(39, 'a:2:{s:2:\"en\";i:1425;s:2:\"ar\";i:1426;}', 13, '1', 'a:3:{i:0;s:3:\"541\";i:1;s:3:\"542\";i:2;s:3:\"543\";}', NULL, '14', NULL, NULL, NULL, 1, 1, 1, 0, 0, 0, 0, 0, '-1', 'إرسال', NULL, NULL, 'agree', NULL, NULL, 7, '0', NULL, NULL, '2024-06-03 09:03:26', '2024-06-03 09:03:26', 1, NULL, NULL, '0'),
(40, 'a:2:{s:2:\"en\";i:1427;s:2:\"ar\";i:1428;}', 13, '2', 'N;', NULL, '11', '4', '15', NULL, 0, 0, 0, 1, 1, 0, 0, 0, NULL, 'send', '-2', '-1', 'موافق', NULL, NULL, 2, '60', NULL, NULL, '2024-06-03 09:05:02', '2024-06-03 09:05:02', 3, NULL, NULL, '-4'),
(41, 'a:2:{s:2:\"en\";i:1429;s:2:\"ar\";i:1430;}', 13, '3', 'N;', NULL, '14', NULL, NULL, NULL, 0, 0, 1, 0, 0, 0, 1, 1, '-3', 'إغلاق', NULL, NULL, 'agree', NULL, NULL, 3, '60', NULL, NULL, '2024-06-03 09:07:30', '2024-06-03 09:07:30', 3, NULL, NULL, '-4'),
(42, 'a:2:{s:2:\"en\";i:1435;s:2:\"ar\";i:1436;}', 14, '1', 'N;', NULL, '14', NULL, NULL, NULL, 0, 0, 0, 0, 0, 0, 0, 0, NULL, 'send', NULL, NULL, 'agree', NULL, NULL, NULL, '0', NULL, NULL, '2024-06-03 09:28:06', '2024-06-03 09:28:06', 1, NULL, NULL, '0'),
(43, 'a:2:{s:2:\"en\";i:1677;s:2:\"ar\";i:1678;}', 15, '1', 'a:3:{i:0;s:3:\"620\";i:1;s:3:\"621\";i:2;s:3:\"622\";}', NULL, '14', NULL, NULL, NULL, 1, 1, 1, 0, 0, 0, 0, 0, '-1', 'إرسال', NULL, NULL, NULL, NULL, NULL, NULL, '0', NULL, NULL, '2024-06-21 13:41:04', '2024-06-21 17:16:50', 1, NULL, NULL, '0');

-- --------------------------------------------------------

--
-- Table structure for table `storehouses`
--

CREATE TABLE `storehouses` (
  `id` bigint(20) UNSIGNED NOT NULL,
  `name` varchar(255) NOT NULL,
  `storehouses_types_id` int(11) NOT NULL,
  `storehouses_id` int(11) DEFAULT NULL,
  `branches_id` int(11) DEFAULT NULL,
  `managements_id` int(11) DEFAULT NULL,
  `departments_id` int(11) DEFAULT NULL,
  `divisions_id` int(11) DEFAULT NULL,
  `units_id` int(11) DEFAULT NULL,
  `status` int(11) NOT NULL,
  `created_at` timestamp NULL DEFAULT NULL,
  `updated_at` timestamp NULL DEFAULT NULL
) ENGINE=InnoDB DEFAULT CHARSET=utf8mb4 COLLATE=utf8mb4_unicode_ci;

--
-- Dumping data for table `storehouses`
--

INSERT INTO `storehouses` (`id`, `name`, `storehouses_types_id`, `storehouses_id`, `branches_id`, `managements_id`, `departments_id`, `divisions_id`, `units_id`, `status`, `created_at`, `updated_at`) VALUES
(1, 'a:2:{s:2:\"en\";i:1615;s:2:\"ar\";i:1616;}', 1, NULL, 8, NULL, NULL, NULL, NULL, 1, '2024-06-20 17:27:41', '2024-06-20 17:27:41'),
(2, 'a:2:{s:2:\"en\";i:1617;s:2:\"ar\";i:1618;}', 2, 1, NULL, 4, NULL, NULL, NULL, 1, '2024-06-20 17:28:59', '2024-06-20 17:28:59'),
(3, 'a:2:{s:2:\"en\";i:1619;s:2:\"ar\";i:1620;}', 3, 2, NULL, NULL, 3, NULL, NULL, 1, '2024-06-20 17:31:15', '2024-06-20 17:31:15'),
(4, 'a:2:{s:2:\"en\";i:1621;s:2:\"ar\";i:1622;}', 4, 2, NULL, NULL, NULL, 1, NULL, 1, '2024-06-20 17:32:17', '2024-06-20 17:32:17');

-- --------------------------------------------------------

--
-- Table structure for table `storehouses_types`
--

CREATE TABLE `storehouses_types` (
  `id` bigint(20) UNSIGNED NOT NULL,
  `name` varchar(255) NOT NULL,
  `status` int(11) NOT NULL,
  `created_at` timestamp NULL DEFAULT NULL,
  `updated_at` timestamp NULL DEFAULT NULL
) ENGINE=InnoDB DEFAULT CHARSET=utf8mb4 COLLATE=utf8mb4_unicode_ci;

--
-- Dumping data for table `storehouses_types`
--

INSERT INTO `storehouses_types` (`id`, `name`, `status`, `created_at`, `updated_at`) VALUES
(1, 'a:2:{s:2:\"en\";i:1609;s:2:\"ar\";i:1610;}', 1, '2024-06-20 17:20:41', '2024-06-20 17:25:52'),
(2, 'a:2:{s:2:\"en\";i:1611;s:2:\"ar\";i:1612;}', 1, '2024-06-20 17:21:30', '2024-06-20 17:26:02'),
(3, 'a:2:{s:2:\"en\";i:1605;s:2:\"ar\";i:1606;}', 1, '2024-06-20 17:21:54', '2024-06-20 17:21:54'),
(4, 'a:2:{s:2:\"en\";i:1607;s:2:\"ar\";i:1608;}', 1, '2024-06-20 17:22:15', '2024-06-20 17:22:15');

-- --------------------------------------------------------

--
-- Table structure for table `tasks`
--

CREATE TABLE `tasks` (
  `id` bigint(20) UNSIGNED NOT NULL,
  `module` varchar(255) DEFAULT NULL,
  `row_id` int(11) DEFAULT NULL,
  `step_id` varchar(255) DEFAULT NULL,
  `sender_id` varchar(255) DEFAULT NULL,
  `reciever_id` varchar(255) DEFAULT NULL,
  `task_at` timestamp NULL DEFAULT NULL,
  `action` varchar(255) DEFAULT NULL,
  `status` varchar(255) DEFAULT NULL,
  `created_at` timestamp NULL DEFAULT NULL,
  `updated_at` timestamp NULL DEFAULT NULL
) ENGINE=InnoDB DEFAULT CHARSET=utf8mb4 COLLATE=utf8mb4_unicode_ci;

--
-- Dumping data for table `tasks`
--

INSERT INTO `tasks` (`id`, `module`, `row_id`, `step_id`, `sender_id`, `reciever_id`, `task_at`, `action`, `status`, `created_at`, `updated_at`) VALUES
(5, 'outgooing', 116, '4', '1', '2', '2024-05-06 09:28:56', '-4', '1', '2024-05-06 09:27:56', '2024-05-06 09:29:01'),
(6, 'outgooing', 116, '4', '1', '5', '2024-05-06 09:28:56', '-4', '1', '2024-05-06 09:27:56', '2024-05-06 09:29:01'),
(7, 'outgooing', 117, '4', '1', '2', '2024-05-06 09:36:01', '-4', '1', '2024-05-06 09:35:01', '2024-05-06 09:36:02'),
(8, 'outgooing', 117, '4', '1', '5', '2024-05-06 09:36:01', '-4', '1', '2024-05-06 09:35:01', '2024-05-06 09:36:02'),
(9, 'outgooing', 118, '4', '1', '2', '2024-05-06 16:24:12', '-2', '1', '2024-05-06 16:23:12', '2024-05-06 16:26:01'),
(10, 'outgooing', 118, '4', '1', '5', '2024-05-06 16:24:12', '-2', '1', '2024-05-06 16:23:12', '2024-05-06 16:26:01'),
(11, 'outgooing', 1, '24', '1', '1', '2024-05-21 18:56:45', '-4', '0', '2024-05-21 17:56:45', '2024-05-21 17:56:45'),
(12, 'outgooing', 3, '26', '1', '2', '2024-05-22 06:47:12', '-4', '0', '2024-05-22 05:47:12', '2024-05-22 05:47:12'),
(13, 'outgooing', 3, '26', '1', '8', '2024-05-22 06:47:12', '-4', '0', '2024-05-22 05:47:12', '2024-05-22 05:47:12'),
(14, 'outgooing', 3, '26', '1', '12', '2024-05-22 06:47:12', '-4', '0', '2024-05-22 05:47:12', '2024-05-22 05:47:12'),
(15, 'outgooing', 4, '26', '1', '2', '2024-05-22 06:49:12', '-4', '0', '2024-05-22 05:49:12', '2024-05-22 05:49:12'),
(16, 'outgooing', 4, '26', '1', '8', '2024-05-22 06:49:12', '-4', '0', '2024-05-22 05:49:12', '2024-05-22 05:49:12'),
(17, 'outgooing', 4, '26', '1', '12', '2024-05-22 06:49:12', '-4', '0', '2024-05-22 05:49:12', '2024-05-22 05:49:12'),
(18, 'outgooing', 5, '26', '1', '2', '2024-05-22 06:50:57', '-4', '0', '2024-05-22 05:50:57', '2024-05-22 05:50:57'),
(19, 'outgooing', 5, '26', '1', '8', '2024-05-22 06:50:57', '-4', '0', '2024-05-22 05:50:57', '2024-05-22 05:50:57'),
(20, 'outgooing', 5, '26', '1', '12', '2024-05-22 06:50:57', '-4', '0', '2024-05-22 05:50:57', '2024-05-22 05:50:57'),
(21, 'outgooing', 35, '27', '1', '2', '2024-05-23 17:25:02', '-4', '0', '2024-05-23 16:25:02', '2024-05-23 16:25:02'),
(22, 'outgooing', 36, '27', '1', '5', '2024-05-23 17:14:44', '0', '0', '2024-05-23 17:14:44', '2024-05-23 17:14:44'),
(23, 'outgooing', 38, '26', '5', '2', '2024-05-23 18:30:46', '-4', '0', '2024-05-23 17:30:46', '2024-05-23 17:30:46'),
(24, 'outgooing', 38, '26', '5', '8', '2024-05-23 18:30:46', '-4', '0', '2024-05-23 17:30:46', '2024-05-23 17:30:46'),
(25, 'outgooing', 38, '26', '5', '12', '2024-05-23 18:30:46', '-4', '0', '2024-05-23 17:30:46', '2024-05-23 17:30:46'),
(26, 'outgooing', 39, '27', '1', '5', '2024-05-24 03:40:17', '0', '0', '2024-05-24 03:40:17', '2024-05-24 03:40:17'),
(27, 'outgooing', 37, '27', '1', '5', '2024-05-24 11:38:54', '0', '0', '2024-05-24 11:38:54', '2024-05-24 11:38:54'),
(28, 'outgooing', 1, '27', '1', '1', '2024-05-24 12:36:41', '0', '0', '2024-05-24 12:36:41', '2024-05-24 12:36:41'),
(29, 'outgooing', 1, '28', '1', '5', '2024-05-24 16:45:56', '0', '0', '2024-05-24 16:45:56', '2024-05-24 16:45:56'),
(30, 'outgooing', 2, '27', '1', '1', '2024-05-26 14:23:43', '0', '0', '2024-05-26 14:23:43', '2024-05-26 14:23:43'),
(31, 'outgooing', 4, '27', '1', '1', '2024-05-26 15:18:59', '0', '0', '2024-05-26 15:18:59', '2024-05-26 15:18:59'),
(32, 'outgooing', 4, '28', '1', '5', '2024-05-26 16:19:21', '-4', '0', '2024-05-26 15:19:21', '2024-05-26 15:19:21'),
(33, 'outgooing', 4, '28', '5', '5', '2024-05-26 16:19:38', '-4', '0', '2024-05-26 15:19:38', '2024-05-26 15:19:38'),
(34, 'outgooing', 5, '27', '1', '1', '2024-05-27 09:24:46', '0', '0', '2024-05-27 09:24:46', '2024-05-27 09:24:46'),
(35, 'outgooing', 7, '27', '1', '1', '2024-05-27 14:39:40', '0', '0', '2024-05-27 14:39:40', '2024-05-27 14:39:40'),
(36, 'outgooing', 7, '28', '1', '2', '2024-05-27 17:47:33', '-4', '0', '2024-05-27 16:47:33', '2024-05-27 16:47:33'),
(37, 'outgooing', 8, '27', '1', '1', '2024-05-27 16:49:11', '0', '0', '2024-05-27 16:49:11', '2024-05-27 16:49:11'),
(38, 'outgooing', 8, '28', '1', '2', '2024-05-27 17:49:32', '-4', '0', '2024-05-27 16:49:32', '2024-05-27 16:49:32'),
(39, 'outgooing', 9, '27', '1', '1', '2024-05-27 17:01:37', '0', '0', '2024-05-27 17:01:37', '2024-05-27 17:01:37'),
(40, 'outgooing', 12, '27', '1', '1', '2024-05-28 16:50:08', '-4', '0', '2024-05-28 15:50:08', '2024-05-28 15:50:08'),
(41, 'outgooing', 1, '27', '1', '1', '2024-05-28 17:40:41', '-4', '0', '2024-05-28 16:40:41', '2024-05-28 16:40:41'),
(42, 'outgooing', 2, '27', '1', '1', '2024-05-28 17:43:00', '-4', '0', '2024-05-28 16:43:00', '2024-05-28 16:43:00'),
(43, 'outgooing', 2, '28', '1', '2', '2024-05-28 17:43:21', '-4', '0', '2024-05-28 16:43:21', '2024-05-28 16:43:21'),
(44, 'outgooing', 4, '27', '1', '1', '2024-05-31 18:13:55', '-4', '0', '2024-05-31 17:13:55', '2024-05-31 17:13:55'),
(45, 'outgooing', 77, '34', '2', '1', '2024-06-02 08:16:21', '-4', '0', '2024-06-02 07:16:21', '2024-06-02 07:16:21'),
(46, 'outgooing', 79, '34', '2', '1', '2024-06-02 08:31:36', '-4', '0', '2024-06-02 07:31:36', '2024-06-02 07:31:36'),
(47, 'outgooing', 80, '34', '2', '1', '2024-06-02 08:34:00', '-4', '0', '2024-06-02 07:34:00', '2024-06-02 07:34:00'),
(48, 'outgooing', 92, '37', '1', '5', '2024-06-02 17:39:51', '-4', '0', '2024-06-02 16:39:51', '2024-06-02 16:39:51'),
(49, 'outgooing', 92, '38', '5', '1', '2024-06-02 17:40:49', '-4', '0', '2024-06-02 16:40:49', '2024-06-02 16:40:49'),
(50, 'outgooing', 93, '37', '1', '5', '2024-06-02 17:46:38', '-4', '0', '2024-06-02 16:46:38', '2024-06-02 16:46:38'),
(51, 'outgooing', 94, '37', '1', '5', '2024-06-02 17:58:26', '-4', '0', '2024-06-02 16:58:26', '2024-06-02 16:58:26'),
(52, 'outgooing', 95, '37', '1', '5', '2024-06-02 18:01:34', '-4', '0', '2024-06-02 17:01:34', '2024-06-02 17:01:34'),
(53, 'outgooing', 96, '37', '1', '5', '2024-06-02 18:02:26', '-4', '0', '2024-06-02 17:02:26', '2024-06-02 17:02:26'),
(54, 'outgooing', 97, '37', '1', '5', '2024-06-02 18:03:44', '-4', '0', '2024-06-02 17:03:44', '2024-06-02 17:03:44'),
(55, 'outgooing', 98, '37', '1', '5', '2024-06-02 18:04:37', '-4', '0', '2024-06-02 17:04:37', '2024-06-02 17:04:37'),
(56, 'outgooing', 99, '37', '1', '5', '2024-06-03 09:29:59', '-4', '0', '2024-06-03 08:29:59', '2024-06-03 08:29:59'),
(57, 'outgooing', 100, '37', '1', '5', '2024-06-03 09:34:00', '-4', '0', '2024-06-03 08:34:00', '2024-06-03 08:34:00'),
(58, 'outgooing', 100, '38', '5', '1', '2024-06-03 09:34:35', '-4', '0', '2024-06-03 08:34:35', '2024-06-03 08:34:35'),
(59, 'outgooing', 101, '40', '1', '5', '2024-06-03 10:08:12', '-4', '0', '2024-06-03 09:08:12', '2024-06-03 09:08:12'),
(60, 'outgooing', 101, '41', '5', '1', '2024-06-03 10:08:39', '-4', '0', '2024-06-03 09:08:39', '2024-06-03 09:08:39'),
(61, 'outgooing', 109, '37', '1', '5', '2024-06-03 11:47:04', '-4', '0', '2024-06-03 10:47:04', '2024-06-03 10:47:04'),
(62, 'outgooing', 109, '38', '5', '1', '2024-06-03 11:48:01', '-4', '0', '2024-06-03 10:48:01', '2024-06-03 10:48:01'),
(63, 'outgooing', 111, '37', '1', '5', '2024-06-03 12:33:27', '-4', '0', '2024-06-03 11:33:27', '2024-06-03 11:33:27'),
(64, 'outgooing', 111, '38', '5', '1', '2024-06-03 12:34:24', '-4', '0', '2024-06-03 11:34:24', '2024-06-03 11:34:24'),
(65, 'outgooing', 113, '37', '1', '5', '2024-06-04 06:49:15', '-4', '0', '2024-06-04 05:49:15', '2024-06-04 05:49:15'),
(66, 'outgooing', 113, '38', '5', '1', '2024-06-04 06:49:33', '-4', '0', '2024-06-04 05:49:33', '2024-06-04 05:49:33'),
(67, 'outgooing', 119, '37', '1', '5', '2024-06-04 17:16:59', '-4', '0', '2024-06-04 16:16:59', '2024-06-04 16:16:59'),
(68, 'outgooing', 119, '38', '5', '1', '2024-06-04 17:19:37', '-4', '0', '2024-06-04 16:19:37', '2024-06-04 16:19:37'),
(69, 'outgooing', 119, '38', '1', '1', '2024-06-04 17:20:59', '-4', '0', '2024-06-04 16:20:59', '2024-06-04 16:20:59');

-- --------------------------------------------------------

--
-- Table structure for table `templates`
--

CREATE TABLE `templates` (
  `id` bigint(20) UNSIGNED NOT NULL,
  `name` varchar(255) NOT NULL,
  `transactions_types_id` varchar(255) NOT NULL,
  `code` varchar(255) DEFAULT NULL,
  `attachements_count` varchar(255) DEFAULT NULL,
  `attachements_required` int(11) DEFAULT NULL,
  `sign` varchar(255) DEFAULT NULL,
  `status` int(11) NOT NULL,
  `created_at` timestamp NULL DEFAULT NULL,
  `updated_at` timestamp NULL DEFAULT NULL
) ENGINE=InnoDB DEFAULT CHARSET=utf8mb4 COLLATE=utf8mb4_unicode_ci;

--
-- Dumping data for table `templates`
--

INSERT INTO `templates` (`id`, `name`, `transactions_types_id`, `code`, `attachements_count`, `attachements_required`, `sign`, `status`, `created_at`, `updated_at`) VALUES
(1, 'a:2:{s:2:\"en\";i:883;s:2:\"ar\";i:884;}', '3', 'V', '1', 0, '1', 1, '2023-12-06 06:41:23', '2024-01-24 14:29:09'),
(10, 'a:2:{s:2:\"en\";i:1069;s:2:\"ar\";i:1070;}', '8', 'Fn.St.', NULL, NULL, NULL, 1, '2024-04-20 05:40:30', '2024-04-20 05:40:30'),
(13, 'a:2:{s:2:\"en\";i:1325;s:2:\"ar\";i:1326;}', '11', 'CF', NULL, NULL, NULL, 1, '2024-04-27 10:31:08', '2024-04-27 10:37:42'),
(15, 'a:2:{s:2:\"en\";i:1395;s:2:\"ar\";i:1396;}', '12', 'ص', NULL, NULL, NULL, 1, '2024-05-29 08:28:19', '2024-06-02 15:13:05'),
(16, 'a:2:{s:2:\"en\";i:1371;s:2:\"ar\";i:1372;}', '13', 'و', NULL, NULL, NULL, 1, '2024-06-02 05:38:34', '2024-06-02 05:38:34'),
(17, 'a:2:{s:2:\"en\";i:1411;s:2:\"ar\";i:1412;}', '3', 'te', NULL, NULL, NULL, 1, '2024-06-03 05:29:46', '2024-06-03 05:29:46'),
(18, 'a:2:{s:2:\"en\";i:1423;s:2:\"ar\";i:1424;}', '12', 'ص', NULL, NULL, NULL, 1, '2024-06-03 08:55:12', '2024-06-03 08:55:12'),
(19, 'a:2:{s:2:\"en\";i:1433;s:2:\"ar\";i:1434;}', '13', 'وم', NULL, NULL, NULL, 1, '2024-06-03 09:27:10', '2024-06-03 09:27:10'),
(20, 'a:2:{s:2:\"en\";i:1647;s:2:\"ar\";i:1648;}', '15', '(1)', NULL, NULL, NULL, 1, '2024-06-21 06:27:13', '2024-06-21 06:27:13');

-- --------------------------------------------------------

--
-- Table structure for table `transactions_categories`
--

CREATE TABLE `transactions_categories` (
  `id` bigint(20) UNSIGNED NOT NULL,
  `name` varchar(255) NOT NULL,
  `status` int(11) NOT NULL,
  `created_at` timestamp NULL DEFAULT NULL,
  `updated_at` timestamp NULL DEFAULT NULL
) ENGINE=InnoDB DEFAULT CHARSET=utf8mb4 COLLATE=utf8mb4_unicode_ci;

--
-- Dumping data for table `transactions_categories`
--

INSERT INTO `transactions_categories` (`id`, `name`, `status`, `created_at`, `updated_at`) VALUES
(2, 'a:2:{s:2:\"en\";i:713;s:2:\"ar\";i:714;}', 1, '2023-12-05 14:20:15', '2023-12-31 13:28:37'),
(3, 'a:2:{s:2:\"en\";i:715;s:2:\"ar\";i:716;}', 1, '2023-12-05 14:20:33', '2023-12-31 13:29:14'),
(4, 'a:2:{s:2:\"en\";i:87;s:2:\"ar\";i:88;}', 1, '2023-12-05 14:20:56', '2023-12-05 14:20:56');

-- --------------------------------------------------------

--
-- Table structure for table `transactions_logs`
--

CREATE TABLE `transactions_logs` (
  `id` bigint(20) UNSIGNED NOT NULL,
  `outgoings_id` int(11) NOT NULL,
  `sender_id` varchar(255) DEFAULT NULL,
  `reciever_id` varchar(255) DEFAULT NULL,
  `action` varchar(255) DEFAULT NULL,
  `created_at` timestamp NULL DEFAULT NULL,
  `updated_at` timestamp NULL DEFAULT NULL,
  `steps_id` int(11) DEFAULT NULL
) ENGINE=InnoDB DEFAULT CHARSET=utf8mb4 COLLATE=utf8mb4_unicode_ci;

--
-- Dumping data for table `transactions_logs`
--

INSERT INTO `transactions_logs` (`id`, `outgoings_id`, `sender_id`, `reciever_id`, `action`, `created_at`, `updated_at`, `steps_id`) VALUES
(1, 1, '1', '2', 'storesend', '2024-04-19 15:57:04', '2024-04-19 15:57:04', 4),
(2, 6, '1', '5', 'storesend', '2024-04-20 08:41:23', '2024-04-20 08:41:23', 20),
(3, 7, '1', '5', 'storesend', '2024-04-20 08:54:27', '2024-04-20 08:54:27', 20),
(4, 7, '5', '12', 'updatesend', '2024-04-20 09:17:13', '2024-04-20 09:17:13', 21),
(5, 7, '12', '12', 'updatesend', '2024-04-20 09:19:07', '2024-04-20 09:19:07', 21),
(6, 8, '1', '5', 'storesend', '2024-04-20 16:23:41', '2024-04-20 16:23:41', 20),
(7, 8, '5', '12', 'updatesend', '2024-04-20 16:27:03', '2024-04-20 16:27:03', 21),
(8, 9, '1', '5', 'storesend', '2024-04-20 16:35:20', '2024-04-20 16:35:20', 20),
(9, 9, '5', '12', 'updatesend', '2024-04-20 16:43:09', '2024-04-20 16:43:09', 21),
(10, 10, '1', '5', 'storesend', '2024-04-20 16:47:31', '2024-04-20 16:47:31', 20),
(11, 10, '5', '12', 'updatesend', '2024-04-20 16:48:11', '2024-04-20 16:48:11', 21),
(12, 9, '5', '12', 'updatesend', '2024-04-20 16:53:55', '2024-04-20 16:53:55', 21),
(13, 11, '1', '5', 'storesend', '2024-04-21 07:11:26', '2024-04-21 07:11:26', 20),
(14, 11, '5', '12', 'updatesend', '2024-04-21 07:11:49', '2024-04-21 07:11:49', 21),
(15, 11, '12', '12', 'updatesend', '2024-04-21 07:13:33', '2024-04-21 07:13:33', 21),
(16, 10, '12', '12', 'updatesend', '2024-04-21 07:14:36', '2024-04-21 07:14:36', 21),
(17, 12, '1', '5', 'storesend', '2024-04-21 07:17:08', '2024-04-21 07:17:08', 20),
(18, 12, '5', '12', 'updatesend', '2024-04-21 07:17:22', '2024-04-21 07:17:22', 21),
(19, 12, '12', '12', 'updatesend', '2024-04-21 07:17:44', '2024-04-21 07:17:44', 21),
(20, 13, '1', '5', 'storesend', '2024-04-21 07:30:58', '2024-04-21 07:30:58', 20),
(21, 13, '5', '12', 'updatesend', '2024-04-21 07:31:14', '2024-04-21 07:31:14', 21),
(22, 13, '12', '8', 'updatesend', '2024-04-21 07:31:50', '2024-04-21 07:31:50', 22),
(23, 13, '8', '11', 'updatesend', '2024-04-21 07:36:20', '2024-04-21 07:36:20', 23),
(24, 13, '11', '11', 'updatesend', '2024-04-21 07:36:45', '2024-04-21 07:36:45', 23),
(25, 14, '1', '5', 'storesend', '2024-04-21 07:40:11', '2024-04-21 07:40:11', 20),
(26, 14, '5', '12', 'updatesend', '2024-04-21 07:40:56', '2024-04-21 07:40:56', 21),
(27, 14, '12', '8', 'updatesend', '2024-04-21 07:42:33', '2024-04-21 07:42:33', 22),
(28, 14, '8', '11', 'updatesend', '2024-04-21 07:47:28', '2024-04-21 07:47:28', 23),
(29, 14, '11', '2', 'updatesend', '2024-04-21 07:49:56', '2024-04-21 07:49:56', 24),
(30, 14, '2', '1', 'updatesend', '2024-04-21 08:03:58', '2024-04-21 08:03:58', 25),
(31, 15, '1', '', 'create', '2024-04-22 13:41:15', '2024-04-22 13:41:15', 19),
(32, 16, '1', '', 'create', '2024-04-22 13:49:53', '2024-04-22 13:49:53', 19),
(33, 17, '1', '', 'create', '2024-04-22 13:52:53', '2024-04-22 13:52:53', 19),
(34, 18, '1', '', 'create', '2024-04-22 13:54:11', '2024-04-22 13:54:11', 19),
(35, 18, '1', '', 'update', '2024-04-22 13:55:19', '2024-04-22 13:55:19', NULL),
(36, 19, '1', '', 'create', '2024-04-22 13:59:07', '2024-04-22 13:59:07', 19),
(37, 20, '1', '', 'create', '2024-04-22 14:00:29', '2024-04-22 14:00:29', 19),
(38, 21, '1', '', 'create', '2024-04-22 14:02:00', '2024-04-22 14:02:00', 19),
(39, 22, '1', '', 'create', '2024-04-22 14:02:36', '2024-04-22 14:02:36', 19),
(40, 23, '1', '', 'create', '2024-04-22 14:03:35', '2024-04-22 14:03:35', 19),
(41, 24, '1', '', 'create', '2024-04-22 14:08:46', '2024-04-22 14:08:46', 19),
(42, 25, '1', '', 'create', '2024-04-22 14:09:18', '2024-04-22 14:09:18', 19),
(43, 26, '1', '', 'create', '2024-04-22 14:12:45', '2024-04-22 14:12:45', 19),
(44, 27, '1', '5', 'storesend', '2024-04-22 14:13:32', '2024-04-22 14:13:32', 20),
(45, 22, '1', '', 'update', '2024-04-22 14:20:39', '2024-04-22 14:20:39', NULL),
(46, 22, '1', '5', 'updatesend', '2024-04-22 14:20:56', '2024-04-22 14:20:56', 20),
(47, 26, '1', '5', 'send', '2024-04-22 14:22:51', '2024-04-22 14:22:51', 20),
(48, 28, '1', '', 'create', '2024-04-22 14:33:06', '2024-04-22 14:33:06', 19),
(49, 29, '1', '', 'create', '2024-04-22 14:33:37', '2024-04-22 14:33:37', 19),
(50, 30, '1', '5', 'storesend', '2024-04-22 14:34:01', '2024-04-22 14:34:01', 20),
(51, 31, '1', '5', 'storesend', '2024-04-22 14:35:47', '2024-04-22 14:35:47', 20),
(52, 32, '1', '5', 'storesend', '2024-04-22 14:36:10', '2024-04-22 14:36:10', 20),
(53, 29, '1', '', 'update', '2024-04-22 14:38:25', '2024-04-22 14:38:25', NULL),
(54, 29, '1', '5', 'updatesend', '2024-04-22 14:38:45', '2024-04-22 14:38:45', 20),
(55, 28, '1', '', 'update', '2024-04-22 14:40:27', '2024-04-22 14:40:27', NULL),
(56, 28, '1', '', 'update', '2024-04-22 14:41:39', '2024-04-22 14:41:39', NULL),
(57, 28, '1', '', 'update', '2024-04-22 14:42:12', '2024-04-22 14:42:12', NULL),
(58, 28, '1', '', 'update', '2024-04-22 14:42:49', '2024-04-22 14:42:49', NULL),
(59, 28, '1', '5', 'updatesend', '2024-04-22 14:43:06', '2024-04-22 14:43:06', 20),
(60, 25, '1', '5', 'updatesend', '2024-04-22 14:43:33', '2024-04-22 14:43:33', 20),
(61, 24, '1', '5', 'updatesend', '2024-04-22 14:44:55', '2024-04-22 14:44:55', 20),
(62, 23, '1', '', 'update', '2024-04-22 14:45:31', '2024-04-22 14:45:31', NULL),
(63, 23, '1', '5', 'updatesend', '2024-04-22 14:46:37', '2024-04-22 14:46:37', 20),
(64, 21, '1', '5', 'updatesend', '2024-04-22 14:48:03', '2024-04-22 14:48:03', 20),
(65, 20, '1', '5', 'updatesend', '2024-04-22 14:48:42', '2024-04-22 14:48:42', 20),
(66, 19, '1', '5', 'updatesend', '2024-04-22 15:13:22', '2024-04-22 15:13:22', 20),
(67, 33, '1', '', 'create', '2024-04-22 15:15:00', '2024-04-22 15:15:00', 19),
(68, 33, '1', '5', 'updatesend', '2024-04-22 15:15:39', '2024-04-22 15:15:39', 20),
(69, 34, '1', '', 'create', '2024-04-22 15:16:49', '2024-04-22 15:16:49', 19),
(70, 34, '1', '5', 'updatesend', '2024-04-22 15:17:24', '2024-04-22 15:17:24', 20),
(71, 35, '1', '', 'create', '2024-04-22 15:19:16', '2024-04-22 15:19:16', 19),
(72, 35, '1', '5', 'updatesend', '2024-04-22 15:21:53', '2024-04-22 15:21:53', 20),
(73, 35, '1', '12', 'updatesend', '2024-04-22 15:21:54', '2024-04-22 15:21:54', 21),
(74, 36, '1', '', 'create', '2024-04-22 15:23:23', '2024-04-22 15:23:23', 19),
(75, 36, '1', '5', 'updatesend', '2024-04-22 15:23:42', '2024-04-22 15:23:42', 20),
(76, 37, '1', '', 'create', '2024-04-22 15:26:56', '2024-04-22 15:26:56', 19),
(77, 37, '1', '5', 'send', '2024-04-22 15:27:09', '2024-04-22 15:27:09', 20),
(78, 37, '5', '12', 'updatesend', '2024-04-22 15:31:12', '2024-04-22 15:31:12', 21),
(79, 36, '5', '12', 'updatesend', '2024-04-22 15:33:20', '2024-04-22 15:33:20', 21),
(80, 34, '5', '12', 'updatesend', '2024-04-22 16:34:21', '2024-04-22 16:34:21', 21),
(81, 38, '1', '', 'create', '2024-04-23 02:42:40', '2024-04-23 02:42:40', 19),
(82, 39, '12', '', 'create', '2024-04-23 02:53:12', '2024-04-23 02:53:12', 19),
(83, 40, '12', '', 'create', '2024-04-23 02:53:43', '2024-04-23 02:53:43', 19),
(84, 40, '12', '5', 'send', '2024-04-23 03:33:13', '2024-04-23 03:33:13', 20),
(85, 41, '12', '', 'create', '2024-04-23 06:58:51', '2024-04-23 06:58:51', 19),
(86, 41, '12', '5', 'send', '2024-04-23 06:58:59', '2024-04-23 06:58:59', 20),
(87, 41, '5', '12', 'updatesend', '2024-04-23 06:59:42', '2024-04-23 06:59:42', 21),
(88, 41, '12', '8', 'updatesend', '2024-04-23 07:00:57', '2024-04-23 07:00:57', 22),
(89, 41, '8', '11', 'updatesend', '2024-04-23 07:04:38', '2024-04-23 07:04:38', 23),
(90, 41, '11', '2', 'updatesend', '2024-04-23 07:10:06', '2024-04-23 07:10:06', 24),
(91, 41, '2', '12', 'updatesend', '2024-04-23 07:13:40', '2024-04-23 07:13:40', 25),
(92, 42, '1', '', 'create', '2024-04-23 09:46:35', '2024-04-23 09:46:35', 19),
(93, 42, '1', '', 'update', '2024-04-23 10:18:41', '2024-04-23 10:18:41', NULL),
(94, 43, '1', '5', 'storesend', '2024-04-23 15:31:31', '2024-04-23 15:31:31', 20),
(95, 43, '5', '12', 'updatesend', '2024-04-23 15:31:53', '2024-04-23 15:31:53', 21),
(96, 43, '5', '8', 'updatesend', '2024-04-23 15:34:20', '2024-04-23 15:34:20', 22),
(97, 43, '5', '11', 'updatesend', '2024-04-23 15:34:32', '2024-04-23 15:34:32', 23),
(98, 33, '5', '12', 'updatesend', '2024-04-23 15:35:26', '2024-04-23 15:35:26', 21),
(99, 33, '5', '8', 'updatesend', '2024-04-23 15:35:38', '2024-04-23 15:35:38', 22),
(100, 35, '5', '8', 'updatesend', '2024-04-23 15:36:36', '2024-04-23 15:36:36', 22),
(101, 44, '1', '', 'create', '2024-04-23 16:05:59', '2024-04-23 16:05:59', 19),
(102, 45, '5', '', 'create', '2024-04-23 16:06:34', '2024-04-23 16:06:34', 19),
(103, 46, '5', '', 'create', '2024-04-23 16:20:47', '2024-04-23 16:20:47', 19),
(104, 47, '1', '', 'create', '2024-04-24 05:34:18', '2024-04-24 05:34:18', 19),
(105, 47, '1', '5', 'send', '2024-04-24 05:35:17', '2024-04-24 05:35:17', 20),
(106, 47, '5', '12', 'updatesend', '2024-04-24 05:37:52', '2024-04-24 05:37:52', 21),
(107, 47, '12', '8', 'updatesend', '2024-04-24 05:40:02', '2024-04-24 05:40:02', 22),
(108, 47, '8', '11', 'updatesend', '2024-04-24 05:41:53', '2024-04-24 05:41:53', 23),
(109, 47, '11', '2', 'updatesend', '2024-04-24 05:43:52', '2024-04-24 05:43:52', 24),
(110, 47, '2', '1', 'updatesend', '2024-04-24 05:44:42', '2024-04-24 05:44:42', 25),
(111, 48, '1', '', 'create', '2024-04-24 08:10:25', '2024-04-24 08:10:25', 26),
(112, 50, '1', '1', 'storesend', '2024-04-24 08:16:15', '2024-04-24 08:16:15', 27),
(113, 51, '1', '', 'create', '2024-04-24 08:25:48', '2024-04-24 08:25:48', 26),
(114, 51, '1', '', 'update', '2024-04-24 08:26:15', '2024-04-24 08:26:15', NULL),
(115, 52, '1', '', 'create', '2024-04-24 08:29:09', '2024-04-24 08:29:09', 26),
(116, 53, '1', '', 'create', '2024-04-24 08:35:48', '2024-04-24 08:35:48', 26),
(117, 54, '1', '', 'create', '2024-04-24 08:41:01', '2024-04-24 08:41:01', 26),
(118, 55, '1', '1', 'storesend', '2024-04-24 08:44:00', '2024-04-24 08:44:00', 27),
(119, 56, '1', '1', 'storesend', '2024-04-24 08:44:23', '2024-04-24 08:44:23', 27),
(120, 57, '1', '', 'create', '2024-04-24 08:45:26', '2024-04-24 08:45:26', 26),
(121, 58, '1', '1', 'storesend', '2024-04-24 08:46:16', '2024-04-24 08:46:16', 27),
(122, 59, '1', '', 'create', '2024-04-24 08:47:02', '2024-04-24 08:47:02', 26),
(123, 60, '1', '', 'create', '2024-04-24 08:48:23', '2024-04-24 08:48:23', 26),
(124, 61, '1', '', 'create', '2024-04-24 08:48:42', '2024-04-24 08:48:42', 26),
(125, 62, '1', '', 'create', '2024-04-24 08:49:50', '2024-04-24 08:49:50', 26),
(126, 63, '1', '', 'create', '2024-04-24 08:51:24', '2024-04-24 08:51:24', 26),
(127, 64, '1', '', 'create', '2024-04-24 08:51:45', '2024-04-24 08:51:45', 26),
(128, 65, '1', '1', 'storesend', '2024-04-24 08:52:24', '2024-04-24 08:52:24', 27),
(129, 66, '1', '', 'create', '2024-04-24 08:52:43', '2024-04-24 08:52:43', 26),
(130, 67, '1', '', 'create', '2024-04-24 08:55:12', '2024-04-24 08:55:12', 26),
(131, 67, '1', '1', 'send', '2024-04-24 08:55:20', '2024-04-24 08:55:20', 27),
(132, 68, '1', '5', 'storesend', '2024-04-24 14:53:37', '2024-04-24 14:53:37', 20),
(133, 68, '5', '12', 'updatesend', '2024-04-24 14:57:01', '2024-04-24 14:57:01', 21),
(134, 68, '12', '8', 'updatesend', '2024-04-24 14:58:08', '2024-04-24 14:58:08', 22),
(135, 68, '8', '11', 'updatesend', '2024-04-24 14:59:11', '2024-04-24 14:59:11', 23),
(136, 68, '11', '2', 'updatesend', '2024-04-24 14:59:57', '2024-04-24 14:59:57', 24),
(137, 68, '2', '6', 'updatesend', '2024-04-24 15:07:07', '2024-04-24 15:07:07', 25),
(138, 69, '12', '', 'create', '2024-04-27 11:32:49', '2024-04-27 11:32:49', 28),
(139, 69, '12', '5', 'send', '2024-04-27 11:33:33', '2024-04-27 11:33:33', 29),
(140, 70, '13', '', 'create', '2024-04-27 11:41:21', '2024-04-27 11:41:21', 28),
(141, 70, '13', '14', 'send', '2024-04-27 11:41:45', '2024-04-27 11:41:45', 29),
(142, 70, '14', '2', 'updatesend', '2024-04-27 11:43:58', '2024-04-27 11:43:58', 30),
(143, 70, '2', '11', 'updatesend', '2024-04-27 11:45:12', '2024-04-27 11:45:12', 31),
(144, 70, '11', '5', 'updatesend', '2024-04-27 11:47:20', '2024-04-27 11:47:20', 32),
(145, 70, '5', '5', 'updatesend', '2024-04-27 12:51:15', '2024-04-27 12:51:15', 32),
(146, 71, '13', '', 'create', '2024-04-27 12:55:10', '2024-04-27 12:55:10', 28),
(147, 71, '13', '14', 'send', '2024-04-27 12:55:48', '2024-04-27 12:55:48', 29),
(148, 72, '13', '', 'create', '2024-04-27 13:03:00', '2024-04-27 13:03:00', 28),
(149, 72, '13', '14', 'send', '2024-04-27 13:03:33', '2024-04-27 13:03:33', 29),
(150, 72, '14', '2', 'updatesend', '2024-04-27 13:04:57', '2024-04-27 13:04:57', 30),
(151, 72, '2', '11', 'updatesend', '2024-04-27 13:05:46', '2024-04-27 13:05:46', 31),
(152, 72, '11', '5', 'updatesend', '2024-04-27 13:07:12', '2024-04-27 13:07:12', 32),
(153, 72, '5', '5', 'updatesend', '2024-04-27 13:09:54', '2024-04-27 13:09:54', 32),
(154, 47, '1', '1', 'updatearchive', '2024-04-27 14:23:49', '2024-04-27 14:23:49', 25),
(155, 47, '1', '6', 'updatearchive', '2024-04-27 14:23:49', '2024-04-27 14:23:49', 25),
(156, 73, '1', '', 'create', '2024-04-29 07:25:06', '2024-04-29 07:25:06', 28),
(157, 73, '1', NULL, 'send', '2024-04-29 07:25:35', '2024-04-29 07:25:35', 29),
(158, 74, '1', '', 'create', '2024-05-28 07:20:43', '2024-05-28 07:20:43', 19),
(159, 74, '1', '5', 'send', '2024-05-28 07:21:50', '2024-05-28 07:21:50', 20),
(160, 74, '5', '12', 'updatesend', '2024-05-28 07:29:24', '2024-05-28 07:29:24', 21),
(161, 75, '1', '2', 'storesend', '2024-06-02 05:49:19', '2024-06-02 05:49:19', 34),
(162, 76, '1', '2', 'storesend', '2024-06-02 07:12:20', '2024-06-02 07:12:20', 34),
(163, 77, '1', '2', 'storesend', '2024-06-02 07:15:44', '2024-06-02 07:15:44', 34),
(164, 77, '2', '1', 'send', '2024-06-02 07:16:21', '2024-06-02 07:16:21', 34),
(165, 78, '1', '2', 'storesend', '2024-06-02 07:25:23', '2024-06-02 07:25:23', 34),
(166, 79, '1', '2', 'storesend', '2024-06-02 07:31:09', '2024-06-02 07:31:09', 34),
(167, 79, '2', '1', 'send', '2024-06-02 07:31:36', '2024-06-02 07:31:36', 34),
(168, 80, '1', '2', 'storesend', '2024-06-02 07:33:49', '2024-06-02 07:33:49', 34),
(169, 80, '2', '1', 'send', '2024-06-02 07:34:00', '2024-06-02 07:34:00', 34),
(170, 81, '1', '2', 'storesend', '2024-06-02 07:41:01', '2024-06-02 07:41:01', 34),
(171, 82, '1', '', 'create', '2024-06-02 08:37:16', '2024-06-02 08:37:16', 33),
(172, 82, '1', '2', 'send', '2024-06-02 08:38:42', '2024-06-02 08:38:42', 33),
(173, 83, '1', '', 'create', '2024-06-02 09:16:11', '2024-06-02 09:16:11', 33),
(174, 84, '1', '2', 'storesend', '2024-06-02 09:22:18', '2024-06-02 09:22:18', 34),
(175, 85, '1', '', 'create', '2024-06-02 09:33:23', '2024-06-02 09:33:23', 33),
(176, 86, '1', '', 'create', '2024-06-02 09:35:10', '2024-06-02 09:35:10', 33),
(177, 87, '1', '', 'create', '2024-06-02 09:38:30', '2024-06-02 09:38:30', 33),
(178, 87, '1', '2', 'send', '2024-06-02 09:44:05', '2024-06-02 09:44:05', 34),
(179, 88, '1', '', 'create', '2024-06-02 09:46:31', '2024-06-02 09:46:31', 33),
(180, 88, '1', '2', 'send', '2024-06-02 09:46:44', '2024-06-02 09:46:44', 34),
(181, 89, '1', '', 'create', '2024-06-02 09:57:32', '2024-06-02 09:57:32', 33),
(182, 89, '1', '2', 'send', '2024-06-02 09:57:52', '2024-06-02 09:57:52', 34),
(183, 90, '1', '', 'create', '2024-06-02 13:24:49', '2024-06-02 13:24:49', 33),
(184, 90, '1', '2', 'send', '2024-06-02 13:26:16', '2024-06-02 13:26:16', 34),
(185, 91, '1', '', 'create', '2024-06-02 14:22:15', '2024-06-02 14:22:15', 33),
(186, 91, '1', '2', 'send', '2024-06-02 14:22:43', '2024-06-02 14:22:43', 34),
(187, 92, '1', '5', 'storesend', '2024-06-02 16:39:51', '2024-06-02 16:39:51', 37),
(188, 92, '5', '1', 'updatesend', '2024-06-02 16:40:49', '2024-06-02 16:40:49', 38),
(189, 93, '1', '5', 'storesend', '2024-06-02 16:46:38', '2024-06-02 16:46:38', 37),
(190, 94, '1', '5', 'storesend', '2024-06-02 16:58:26', '2024-06-02 16:58:26', 37),
(191, 95, '1', '5', 'storesend', '2024-06-02 17:01:34', '2024-06-02 17:01:34', 37),
(192, 96, '1', '5', 'storesend', '2024-06-02 17:02:26', '2024-06-02 17:02:26', 37),
(193, 97, '1', '5', 'storesend', '2024-06-02 17:03:44', '2024-06-02 17:03:44', 37),
(194, 98, '1', '5', 'storesend', '2024-06-02 17:04:37', '2024-06-02 17:04:37', 37),
(195, 99, '1', '5', 'storesend', '2024-06-03 08:29:59', '2024-06-03 08:29:59', 37),
(196, 100, '1', '5', 'storesend', '2024-06-03 08:34:00', '2024-06-03 08:34:00', 37),
(197, 100, '5', '1', 'updatesend', '2024-06-03 08:34:35', '2024-06-03 08:34:35', 38),
(198, 101, '1', '5', 'storesend', '2024-06-03 09:08:12', '2024-06-03 09:08:12', 40),
(199, 101, '5', '1', 'updatesend', '2024-06-03 09:08:39', '2024-06-03 09:08:39', 41),
(200, 102, '1', '', 'create', '2024-06-03 09:14:29', '2024-06-03 09:14:29', 33),
(201, 103, '1', '', 'create', '2024-06-03 09:29:40', '2024-06-03 09:29:40', 33),
(202, 106, '14', '', 'create', '2024-06-03 09:46:40', '2024-06-03 09:46:40', 33),
(203, 107, '14', '', 'create', '2024-06-03 09:54:13', '2024-06-03 09:54:13', 33),
(204, 108, '14', '', 'create', '2024-06-03 09:59:58', '2024-06-03 09:59:58', 33),
(205, 108, '14', '2', 'send', '2024-06-03 10:01:11', '2024-06-03 10:01:11', 34),
(206, 109, '1', '', 'create', '2024-06-03 10:46:30', '2024-06-03 10:46:30', 35),
(207, 109, '1', '5', 'send', '2024-06-03 10:47:04', '2024-06-03 10:47:04', 37),
(208, 109, '5', '1', 'updatesend', '2024-06-03 10:48:01', '2024-06-03 10:48:01', 38),
(209, 110, '1', '', 'create', '2024-06-03 11:28:17', '2024-06-03 11:28:17', 39),
(210, 111, '1', '', 'create', '2024-06-03 11:32:48', '2024-06-03 11:32:48', 35),
(211, 111, '1', '5', 'send', '2024-06-03 11:33:27', '2024-06-03 11:33:27', 37),
(212, 111, '5', '1', 'updatesend', '2024-06-03 11:34:24', '2024-06-03 11:34:24', 38),
(213, 112, '1', '', 'create', '2024-06-03 11:36:46', '2024-06-03 11:36:46', 39),
(214, 111, '1', '', 'Deliver', '2024-06-03 16:25:32', '2024-06-03 16:25:32', 38),
(215, 92, '1', '', 'Deliver', '2024-06-03 16:30:33', '2024-06-03 16:30:33', 38),
(216, 113, '1', '5', 'storesend', '2024-06-04 05:49:15', '2024-06-04 05:49:15', 37),
(217, 113, '5', '1', 'updatesend', '2024-06-04 05:49:33', '2024-06-04 05:49:33', 38),
(218, 114, '1', '5', 'storesend', '2024-06-04 14:36:33', '2024-06-04 14:36:33', 34),
(219, 115, '1', '1', 'storesend', '2024-06-04 15:17:05', '2024-06-04 15:17:05', 34),
(220, 115, '1', '5', 'storesend', '2024-06-04 15:17:05', '2024-06-04 15:17:05', 34),
(221, 115, '1', '12', 'storesend', '2024-06-04 15:17:05', '2024-06-04 15:17:05', 34),
(222, 116, '1', '1', 'storesend', '2024-06-04 15:24:11', '2024-06-04 15:24:11', 34),
(223, 116, '1', '5', 'storesend', '2024-06-04 15:24:11', '2024-06-04 15:24:11', 34),
(224, 116, '1', '12', 'storesend', '2024-06-04 15:24:11', '2024-06-04 15:24:11', 34),
(225, 117, '1', '1', 'storesend', '2024-06-04 15:29:38', '2024-06-04 15:29:38', 34),
(226, 117, '1', '2', 'storesend', '2024-06-04 15:29:38', '2024-06-04 15:29:38', 34),
(227, 117, '1', '5', 'storesend', '2024-06-04 15:29:38', '2024-06-04 15:29:38', 34),
(228, 117, '1', '6', 'storesend', '2024-06-04 15:29:38', '2024-06-04 15:29:38', 34),
(229, 117, '1', '8', 'storesend', '2024-06-04 15:29:38', '2024-06-04 15:29:38', 34),
(230, 117, '1', '11', 'storesend', '2024-06-04 15:29:38', '2024-06-04 15:29:38', 34),
(231, 117, '1', '12', 'storesend', '2024-06-04 15:29:38', '2024-06-04 15:29:38', 34),
(232, 117, '1', '13', 'storesend', '2024-06-04 15:29:38', '2024-06-04 15:29:38', 34),
(233, 117, '1', '14', 'storesend', '2024-06-04 15:29:38', '2024-06-04 15:29:38', 34),
(234, 118, '1', '5', 'storesend', '2024-06-04 15:34:56', '2024-06-04 15:34:56', 34),
(235, 118, '1', '6', 'storesend', '2024-06-04 15:34:56', '2024-06-04 15:34:56', 34),
(236, 118, '1', '14', 'storesend', '2024-06-04 15:34:56', '2024-06-04 15:34:56', 34),
(237, 119, '1', '5', 'storesend', '2024-06-04 16:16:59', '2024-06-04 16:16:59', 37),
(238, 119, '5', '1', 'updatesend', '2024-06-04 16:19:37', '2024-06-04 16:19:37', 38),
(239, 119, '1', '1', 'send', '2024-06-04 16:20:59', '2024-06-04 16:20:59', 38),
(240, 123, '1', '1', 'storesend', '2024-06-04 16:40:58', '2024-06-04 16:40:58', 34),
(241, 123, '1', '5', 'storesend', '2024-06-04 16:40:58', '2024-06-04 16:40:58', 34),
(242, 123, '1', '12', 'storesend', '2024-06-04 16:40:58', '2024-06-04 16:40:58', 34),
(243, 126, '1', '6', 'storesend', '2024-06-04 16:52:52', '2024-06-04 16:52:52', 34),
(244, 126, '1', '8', 'storesend', '2024-06-04 16:52:52', '2024-06-04 16:52:52', 34),
(245, 126, '1', '1', 'storesend', '2024-06-04 16:52:52', '2024-06-04 16:52:52', 34),
(246, 126, '1', '2', 'storesend', '2024-06-04 16:52:52', '2024-06-04 16:52:52', 34),
(247, 126, '1', '12', 'storesend', '2024-06-04 16:52:53', '2024-06-04 16:52:53', 34),
(248, 126, '1', '14', 'storesend', '2024-06-04 16:52:53', '2024-06-04 16:52:53', 34),
(249, 126, '1', '5', 'storesend', '2024-06-04 16:52:53', '2024-06-04 16:52:53', 34),
(250, 126, '1', '11', 'storesend', '2024-06-04 16:52:53', '2024-06-04 16:52:53', 34),
(251, 126, '1', '13', 'storesend', '2024-06-04 16:52:53', '2024-06-04 16:52:53', 34),
(252, 127, '1', '5', 'storesend', '2024-06-04 16:54:38', '2024-06-04 16:54:38', 34),
(253, 127, '1', '11', 'storesend', '2024-06-04 16:54:38', '2024-06-04 16:54:38', 34),
(254, 128, '1', '5', 'storesend', '2024-06-04 16:56:18', '2024-06-04 16:56:18', 34),
(255, 129, '1', '2', 'storesend', '2024-06-04 16:57:08', '2024-06-04 16:57:08', 34),
(256, 130, '1', '1', 'storesend', '2024-06-04 16:58:07', '2024-06-04 16:58:07', 34),
(257, 131, '1', '5', 'storesend', '2024-06-04 16:59:16', '2024-06-04 16:59:16', 34),
(258, 131, '1', '6', 'storesend', '2024-06-04 16:59:16', '2024-06-04 16:59:16', 34),
(259, 131, '1', '8', 'storesend', '2024-06-04 16:59:16', '2024-06-04 16:59:16', 34),
(260, 131, '1', '1', 'storesend', '2024-06-04 16:59:16', '2024-06-04 16:59:16', 34),
(261, 131, '1', '2', 'storesend', '2024-06-04 16:59:16', '2024-06-04 16:59:16', 34),
(262, 131, '1', '12', 'storesend', '2024-06-04 16:59:16', '2024-06-04 16:59:16', 34),
(263, 131, '1', '14', 'storesend', '2024-06-04 16:59:16', '2024-06-04 16:59:16', 34),
(264, 131, '1', '5', 'storesend', '2024-06-04 16:59:16', '2024-06-04 16:59:16', 34),
(265, 131, '1', '11', 'storesend', '2024-06-04 16:59:16', '2024-06-04 16:59:16', 34),
(266, 131, '1', '13', 'storesend', '2024-06-04 16:59:16', '2024-06-04 16:59:16', 34),
(267, 132, '1', '6', 'storesend', '2024-06-04 17:31:12', '2024-06-04 17:31:12', 34),
(268, 132, '1', '8', 'storesend', '2024-06-04 17:31:12', '2024-06-04 17:31:12', 34),
(269, 132, '1', '1', 'storesend', '2024-06-04 17:31:12', '2024-06-04 17:31:12', 34),
(270, 132, '1', '2', 'storesend', '2024-06-04 17:31:12', '2024-06-04 17:31:12', 34),
(271, 132, '1', '12', 'storesend', '2024-06-04 17:31:12', '2024-06-04 17:31:12', 34),
(272, 132, '1', '14', 'storesend', '2024-06-04 17:31:12', '2024-06-04 17:31:12', 34),
(273, 132, '1', '5', 'storesend', '2024-06-04 17:31:12', '2024-06-04 17:31:12', 34),
(274, 132, '1', '11', 'storesend', '2024-06-04 17:31:12', '2024-06-04 17:31:12', 34),
(275, 132, '1', '13', 'storesend', '2024-06-04 17:31:12', '2024-06-04 17:31:12', 34),
(276, 133, '1', '2', 'storesend', '2024-06-04 17:43:42', '2024-06-04 17:43:42', 34),
(277, 133, '1', '6', 'copy', '2024-06-04 17:43:42', '2024-06-04 17:43:42', 34),
(278, 133, '1', '8', 'copy', '2024-06-04 17:43:42', '2024-06-04 17:43:42', 34),
(279, 133, '1', '1', 'copy', '2024-06-04 17:43:42', '2024-06-04 17:43:42', 34),
(280, 133, '1', '2', 'copy', '2024-06-04 17:43:42', '2024-06-04 17:43:42', 34),
(281, 133, '1', '12', 'copy', '2024-06-04 17:43:42', '2024-06-04 17:43:42', 34),
(282, 133, '1', '14', 'copy', '2024-06-04 17:43:42', '2024-06-04 17:43:42', 34),
(283, 133, '1', '5', 'copy', '2024-06-04 17:43:42', '2024-06-04 17:43:42', 34),
(284, 133, '1', '11', 'copy', '2024-06-04 17:43:42', '2024-06-04 17:43:42', 34),
(285, 133, '1', '13', 'copy', '2024-06-04 17:43:42', '2024-06-04 17:43:42', 34),
(286, 134, '6', '', 'create', '2024-06-21 13:46:29', '2024-06-21 13:46:29', 43),
(287, 135, '6', '', 'create', '2024-06-21 17:18:01', '2024-06-21 17:18:01', 43);

-- --------------------------------------------------------

--
-- Table structure for table `transactions_permissions`
--

CREATE TABLE `transactions_permissions` (
  `id` bigint(20) UNSIGNED NOT NULL,
  `name` varchar(255) NOT NULL,
  `type` varchar(255) DEFAULT NULL,
  `status` int(11) NOT NULL,
  `created_at` timestamp NULL DEFAULT NULL,
  `updated_at` timestamp NULL DEFAULT NULL
) ENGINE=InnoDB DEFAULT CHARSET=utf8mb4 COLLATE=utf8mb4_unicode_ci;

--
-- Dumping data for table `transactions_permissions`
--

INSERT INTO `transactions_permissions` (`id`, `name`, `type`, `status`, `created_at`, `updated_at`) VALUES
(7, 'a:2:{s:2:\"en\";i:1011;s:2:\"ar\";i:1012;}', 'basic', 1, '2023-12-05 14:26:04', '2024-03-31 12:36:16'),
(8, 'a:2:{s:2:\"en\";i:1009;s:2:\"ar\";i:1010;}', 'place', 1, '2023-12-05 14:26:39', '2024-03-31 12:35:28'),
(9, 'a:2:{s:2:\"en\";i:1007;s:2:\"ar\";i:1008;}', 'place', 1, '2023-12-05 14:27:08', '2024-03-31 12:35:07'),
(10, 'a:2:{s:2:\"en\";i:1027;s:2:\"ar\";i:1028;}', 'place', 1, '2023-12-05 14:27:44', '2024-03-31 12:44:13'),
(11, 'a:2:{s:2:\"en\";i:1025;s:2:\"ar\";i:1026;}', 'basic', 1, '2023-12-05 14:28:14', '2024-03-31 12:43:59'),
(12, 'a:2:{s:2:\"en\";i:1005;s:2:\"ar\";i:1006;}', 'basic', 1, '2023-12-05 14:29:12', '2024-03-31 12:33:39'),
(13, 'a:2:{s:2:\"en\";i:1023;s:2:\"ar\";i:1024;}', 'place', 1, '2023-12-15 15:53:39', '2024-03-31 12:43:08'),
(14, 'a:2:{s:2:\"en\";i:1357;s:2:\"ar\";i:1358;}', 'basic', 1, '2023-12-15 15:58:32', '2024-06-01 17:22:16'),
(15, 'a:2:{s:2:\"en\";i:1019;s:2:\"ar\";i:1020;}', 'place', 1, '2023-12-24 03:37:45', '2024-03-31 12:41:44'),
(16, 'a:2:{s:2:\"en\";i:1017;s:2:\"ar\";i:1018;}', 'place', 1, '2023-12-24 03:48:18', '2024-03-31 12:41:09'),
(17, 'a:2:{s:2:\"en\";i:1015;s:2:\"ar\";i:1016;}', 'sharing', 1, '2024-03-05 13:55:12', '2024-03-31 12:39:36'),
(18, 'a:2:{s:2:\"en\";i:1013;s:2:\"ar\";i:1014;}', 'place', 1, '2024-03-31 12:37:25', '2024-03-31 12:37:25'),
(19, 'a:2:{s:2:\"en\";i:1359;s:2:\"ar\";i:1360;}', 'place', 1, '2024-05-21 08:13:33', '2024-06-01 17:26:26'),
(20, 'a:2:{s:2:\"en\";i:1361;s:2:\"ar\";i:1362;}', 'place', 1, '2024-05-21 08:13:59', '2024-06-01 17:27:18'),
(21, 'a:2:{s:2:\"en\";i:1363;s:2:\"ar\";i:1364;}', 'place', 1, '2024-05-21 08:15:09', '2024-06-01 17:28:03'),
(22, 'a:2:{s:2:\"en\";i:1365;s:2:\"ar\";i:1366;}', 'place', 1, '2024-05-21 08:15:36', '2024-06-01 17:29:58'),
(23, 'a:2:{s:2:\"en\";i:1367;s:2:\"ar\";i:1368;}', 'basic', 1, '2024-05-24 11:47:37', '2024-06-01 17:30:42');

-- --------------------------------------------------------

--
-- Table structure for table `transactions_types`
--

CREATE TABLE `transactions_types` (
  `id` bigint(20) UNSIGNED NOT NULL,
  `name` varchar(255) NOT NULL,
  `transactions_permissions_id` varchar(255) NOT NULL,
  `permissions` varchar(255) DEFAULT NULL,
  `place_permissions_id` varchar(255) DEFAULT NULL,
  `place_permissions` varchar(255) DEFAULT NULL,
  `transactions_categories_id` varchar(255) NOT NULL,
  `status` varchar(50) NOT NULL,
  `created_at` timestamp NULL DEFAULT NULL,
  `updated_at` timestamp NULL DEFAULT NULL,
  `folders_id` varchar(255) DEFAULT NULL
) ENGINE=InnoDB DEFAULT CHARSET=utf8mb4 COLLATE=utf8mb4_unicode_ci;

--
-- Dumping data for table `transactions_types`
--

INSERT INTO `transactions_types` (`id`, `name`, `transactions_permissions_id`, `permissions`, `place_permissions_id`, `place_permissions`, `transactions_categories_id`, `status`, `created_at`, `updated_at`, `folders_id`) VALUES
(3, 'a:2:{s:2:\"en\";i:1479;s:2:\"ar\";i:1480;}', '7', NULL, '18', NULL, '4', '1', '2023-12-06 06:36:22', '2024-06-06 10:27:13', '1'),
(8, 'a:2:{s:2:\"en\";i:1493;s:2:\"ar\";i:1494;}', '12', '1', NULL, NULL, '4', '1', '2024-04-20 05:39:13', '2024-06-06 10:29:50', '1'),
(11, 'a:2:{s:2:\"en\";i:1483;s:2:\"ar\";i:1484;}', '7', NULL, '18', NULL, '4', '1', '2024-04-27 10:30:39', '2024-06-06 10:28:57', '1'),
(12, 'a:2:{s:2:\"en\";i:1485;s:2:\"ar\";i:1486;}', '7', NULL, '18', NULL, '2', '1', '2024-05-29 08:27:21', '2024-06-06 10:29:09', '1'),
(13, 'a:2:{s:2:\"en\";i:1487;s:2:\"ar\";i:1488;}', '7', NULL, '18', NULL, '3', '1', '2024-05-29 08:27:41', '2024-06-06 10:29:17', '1'),
(14, 'a:2:{s:2:\"en\";i:1489;s:2:\"ar\";i:1490;}', '7', NULL, '18', NULL, '3', '1', '2024-06-03 09:23:38', '2024-06-06 10:29:29', '1'),
(15, 'a:2:{s:2:\"en\";i:1675;s:2:\"ar\";i:1676;}', '7', NULL, '18', NULL, '4', '1', '2024-06-21 06:26:10', '2024-06-21 13:45:25', '1');

-- --------------------------------------------------------

--
-- Table structure for table `units`
--

CREATE TABLE `units` (
  `id` bigint(20) UNSIGNED NOT NULL,
  `name` varchar(255) NOT NULL,
  `address` varchar(255) DEFAULT NULL,
  `divisions_id` varchar(255) NOT NULL,
  `code` varchar(255) NOT NULL,
  `status` int(11) NOT NULL,
  `created_at` timestamp NULL DEFAULT NULL,
  `updated_at` timestamp NULL DEFAULT NULL
) ENGINE=InnoDB DEFAULT CHARSET=utf8mb4 COLLATE=utf8mb4_unicode_ci;

--
-- Dumping data for table `units`
--

INSERT INTO `units` (`id`, `name`, `address`, `divisions_id`, `code`, `status`, `created_at`, `updated_at`) VALUES
(1, 'a:2:{s:2:\"en\";i:1447;s:2:\"ar\";i:1448;}', NULL, '1', 'php', 1, '2024-05-21 06:49:56', '2024-06-04 05:47:15');

-- --------------------------------------------------------

--
-- Table structure for table `urgencies`
--

CREATE TABLE `urgencies` (
  `id` bigint(20) UNSIGNED NOT NULL,
  `name` varchar(255) NOT NULL,
  `status` int(11) NOT NULL,
  `created_at` timestamp NULL DEFAULT NULL,
  `updated_at` timestamp NULL DEFAULT NULL
) ENGINE=InnoDB DEFAULT CHARSET=utf8mb4 COLLATE=utf8mb4_unicode_ci;

--
-- Dumping data for table `urgencies`
--

INSERT INTO `urgencies` (`id`, `name`, `status`, `created_at`, `updated_at`) VALUES
(2, 'a:2:{s:2:\"en\";i:109;s:2:\"ar\";i:110;}', 1, '2023-12-05 14:44:21', '2023-12-05 14:44:21');

-- --------------------------------------------------------

--
-- Table structure for table `user_levels`
--

CREATE TABLE `user_levels` (
  `id` bigint(20) UNSIGNED NOT NULL,
  `name` varchar(255) NOT NULL,
  `status` int(11) NOT NULL,
  `created_at` timestamp NULL DEFAULT NULL,
  `updated_at` timestamp NULL DEFAULT NULL
) ENGINE=InnoDB DEFAULT CHARSET=utf8mb4 COLLATE=utf8mb4_unicode_ci;

--
-- Dumping data for table `user_levels`
--

INSERT INTO `user_levels` (`id`, `name`, `status`, `created_at`, `updated_at`) VALUES
(1, 'a:2:{s:2:\"en\";i:169;s:2:\"ar\";i:170;}', 1, '2023-12-15 06:06:48', '2023-12-15 06:06:48'),
(3, 'a:2:{s:2:\"en\";i:171;s:2:\"ar\";i:172;}', 1, '2023-12-15 06:07:51', '2023-12-15 06:07:51'),
(4, 'a:2:{s:2:\"en\";i:173;s:2:\"ar\";i:174;}', 1, '2023-12-15 06:08:38', '2023-12-15 06:08:38'),
(5, 'a:2:{s:2:\"en\";i:175;s:2:\"ar\";i:176;}', 1, '2023-12-15 06:09:11', '2023-12-15 06:09:11'),
(6, 'a:2:{s:2:\"en\";i:703;s:2:\"ar\";i:704;}', 1, '2023-12-30 15:00:22', '2023-12-30 15:00:22'),
(7, 'a:2:{s:2:\"en\";i:1273;s:2:\"ar\";i:1274;}', 1, '2024-04-27 02:12:17', '2024-04-27 02:12:17'),
(8, 'a:2:{s:2:\"en\";i:1353;s:2:\"ar\";i:1354;}', 1, '2024-04-27 02:26:00', '2024-06-01 16:53:48'),
(9, 'a:2:{s:2:\"en\";i:1355;s:2:\"ar\";i:1356;}', 1, '2024-04-27 09:53:45', '2024-06-01 16:54:09'),
(10, 'a:2:{s:2:\"en\";i:1313;s:2:\"ar\";i:1314;}', 1, '2024-04-27 10:27:10', '2024-04-27 10:27:10'),
(11, 'a:2:{s:2:\"en\";i:1437;s:2:\"ar\";i:1438;}', 1, '2024-06-03 09:38:19', '2024-06-03 09:38:19'),
(12, 'a:2:{s:2:\"en\";i:1623;s:2:\"ar\";i:1624;}', 1, '2024-06-20 17:35:57', '2024-06-20 17:35:57'),
(13, 'a:2:{s:2:\"en\";i:1625;s:2:\"ar\";i:1626;}', 1, '2024-06-20 17:36:20', '2024-06-20 17:36:20');

-- --------------------------------------------------------

--
-- Table structure for table `user_privileges`
--

CREATE TABLE `user_privileges` (
  `id` bigint(20) UNSIGNED NOT NULL,
  `module` varchar(255) NOT NULL,
  `user_levels_id` int(11) DEFAULT NULL,
  `view` int(11) DEFAULT NULL,
  `add` int(11) DEFAULT NULL,
  `edit` int(11) DEFAULT NULL,
  `delete` int(11) DEFAULT NULL,
  `created_at` timestamp NULL DEFAULT NULL,
  `updated_at` timestamp NULL DEFAULT NULL,
  `scan` int(11) DEFAULT NULL
) ENGINE=InnoDB DEFAULT CHARSET=utf8mb4 COLLATE=utf8mb4_unicode_ci;

--
-- Dumping data for table `user_privileges`
--

INSERT INTO `user_privileges` (`id`, `module`, `user_levels_id`, `view`, `add`, `edit`, `delete`, `created_at`, `updated_at`, `scan`) VALUES
(1, 'home', 1, 1, 1, 0, 0, '2024-06-21 13:44:05', '2024-06-21 13:44:05', 0),
(2, 'home', 3, 1, 0, 0, 0, '2024-06-21 13:44:05', '2024-06-21 13:44:05', 0),
(3, 'home', 4, 1, 0, 0, 0, '2024-06-21 13:44:05', '2024-06-21 13:44:05', 0),
(4, 'home', 5, 1, 0, 0, 0, '2024-06-21 13:44:05', '2024-06-21 13:44:05', 0),
(5, 'home', 6, 1, 0, 0, 0, '2024-06-21 13:44:05', '2024-06-21 13:44:05', 0),
(6, 'home', 7, 1, 0, 0, 0, '2024-06-21 13:44:05', '2024-06-21 13:44:05', 0),
(7, 'home', 8, 1, 0, 0, 0, '2024-06-21 13:44:05', '2024-06-21 13:44:05', 0),
(8, 'home', 9, 1, 0, 0, 0, '2024-06-21 13:44:05', '2024-06-21 13:44:05', 0),
(9, 'home', 10, 1, 0, 0, 0, '2024-06-21 13:44:05', '2024-06-21 13:44:05', 0),
(10, 'home', 11, 1, 1, 0, 0, '2024-06-21 13:44:05', '2024-06-21 13:44:05', 0),
(11, 'home', 12, 1, 0, 0, 0, '2024-06-21 13:44:05', '2024-06-21 13:44:05', 0),
(12, 'home', 13, 1, 0, 0, 0, '2024-06-21 13:44:05', '2024-06-21 13:44:05', 0),
(13, 'oldsystemmenu', 1, 0, 0, 0, 0, '2024-06-21 13:44:05', '2024-06-21 13:44:05', 0),
(14, 'oldsystemmenu', 3, 0, 0, 0, 0, '2024-06-21 13:44:05', '2024-06-21 13:44:05', 0),
(15, 'oldsystemmenu', 4, 0, 0, 0, 0, '2024-06-21 13:44:05', '2024-06-21 13:44:05', 0),
(16, 'oldsystemmenu', 5, 0, 0, 0, 0, '2024-06-21 13:44:05', '2024-06-21 13:44:05', 0),
(17, 'oldsystemmenu', 6, 0, 0, 0, 0, '2024-06-21 13:44:05', '2024-06-21 13:44:05', 0),
(18, 'oldsystemmenu', 7, 0, 0, 0, 0, '2024-06-21 13:44:05', '2024-06-21 13:44:05', 0),
(19, 'oldsystemmenu', 8, 0, 0, 0, 0, '2024-06-21 13:44:05', '2024-06-21 13:44:05', 0),
(20, 'oldsystemmenu', 9, 0, 0, 0, 0, '2024-06-21 13:44:05', '2024-06-21 13:44:05', 0),
(21, 'oldsystemmenu', 10, 0, 0, 0, 0, '2024-06-21 13:44:05', '2024-06-21 13:44:05', 0),
(22, 'oldsystemmenu', 11, 0, 0, 0, 0, '2024-06-21 13:44:05', '2024-06-21 13:44:05', 0),
(23, 'oldsystemmenu', 12, 0, 0, 0, 0, '2024-06-21 13:44:05', '2024-06-21 13:44:05', 0),
(24, 'oldsystemmenu', 13, 0, 0, 0, 0, '2024-06-21 13:44:05', '2024-06-21 13:44:05', 0),
(25, 'oldenquiryoutcome', 1, 0, 0, 0, 0, '2024-06-21 13:44:05', '2024-06-21 13:44:05', 0),
(26, 'oldenquiryoutcome', 3, 0, 0, 0, 0, '2024-06-21 13:44:05', '2024-06-21 13:44:05', 0),
(27, 'oldenquiryoutcome', 4, 0, 0, 0, 0, '2024-06-21 13:44:05', '2024-06-21 13:44:05', 0),
(28, 'oldenquiryoutcome', 5, 0, 0, 0, 0, '2024-06-21 13:44:05', '2024-06-21 13:44:05', 0),
(29, 'oldenquiryoutcome', 6, 0, 0, 0, 0, '2024-06-21 13:44:05', '2024-06-21 13:44:05', 0),
(30, 'oldenquiryoutcome', 7, 0, 0, 0, 0, '2024-06-21 13:44:05', '2024-06-21 13:44:05', 0),
(31, 'oldenquiryoutcome', 8, 0, 0, 0, 0, '2024-06-21 13:44:05', '2024-06-21 13:44:05', 0),
(32, 'oldenquiryoutcome', 9, 0, 0, 0, 0, '2024-06-21 13:44:05', '2024-06-21 13:44:05', 0),
(33, 'oldenquiryoutcome', 10, 0, 0, 0, 0, '2024-06-21 13:44:05', '2024-06-21 13:44:05', 0),
(34, 'oldenquiryoutcome', 11, 0, 0, 0, 0, '2024-06-21 13:44:05', '2024-06-21 13:44:05', 0),
(35, 'oldenquiryoutcome', 12, 0, 0, 0, 0, '2024-06-21 13:44:05', '2024-06-21 13:44:05', 0),
(36, 'oldenquiryoutcome', 13, 0, 0, 0, 0, '2024-06-21 13:44:05', '2024-06-21 13:44:05', 0),
(37, 'oldenquiryincome', 1, 0, 0, 0, 0, '2024-06-21 13:44:05', '2024-06-21 13:44:05', 0),
(38, 'oldenquiryincome', 3, 0, 0, 0, 0, '2024-06-21 13:44:05', '2024-06-21 13:44:05', 0),
(39, 'oldenquiryincome', 4, 0, 0, 0, 0, '2024-06-21 13:44:05', '2024-06-21 13:44:05', 0),
(40, 'oldenquiryincome', 5, 0, 0, 0, 0, '2024-06-21 13:44:05', '2024-06-21 13:44:05', 0),
(41, 'oldenquiryincome', 6, 0, 0, 0, 0, '2024-06-21 13:44:05', '2024-06-21 13:44:05', 0),
(42, 'oldenquiryincome', 7, 0, 0, 0, 0, '2024-06-21 13:44:05', '2024-06-21 13:44:05', 0),
(43, 'oldenquiryincome', 8, 0, 0, 0, 0, '2024-06-21 13:44:05', '2024-06-21 13:44:05', 0),
(44, 'oldenquiryincome', 9, 0, 0, 0, 0, '2024-06-21 13:44:05', '2024-06-21 13:44:05', 0),
(45, 'oldenquiryincome', 10, 0, 0, 0, 0, '2024-06-21 13:44:05', '2024-06-21 13:44:05', 0),
(46, 'oldenquiryincome', 11, 0, 0, 0, 0, '2024-06-21 13:44:05', '2024-06-21 13:44:05', 0),
(47, 'oldenquiryincome', 12, 0, 0, 0, 0, '2024-06-21 13:44:05', '2024-06-21 13:44:05', 0),
(48, 'oldenquiryincome', 13, 0, 0, 0, 0, '2024-06-21 13:44:05', '2024-06-21 13:44:05', 0),
(49, 'oldenquiryinner', 1, 0, 0, 0, 0, '2024-06-21 13:44:05', '2024-06-21 13:44:05', 0),
(50, 'oldenquiryinner', 3, 0, 0, 0, 0, '2024-06-21 13:44:05', '2024-06-21 13:44:05', 0),
(51, 'oldenquiryinner', 4, 0, 0, 0, 0, '2024-06-21 13:44:05', '2024-06-21 13:44:05', 0),
(52, 'oldenquiryinner', 5, 0, 0, 0, 0, '2024-06-21 13:44:05', '2024-06-21 13:44:05', 0),
(53, 'oldenquiryinner', 6, 0, 0, 0, 0, '2024-06-21 13:44:05', '2024-06-21 13:44:05', 0),
(54, 'oldenquiryinner', 7, 0, 0, 0, 0, '2024-06-21 13:44:05', '2024-06-21 13:44:05', 0),
(55, 'oldenquiryinner', 8, 0, 0, 0, 0, '2024-06-21 13:44:05', '2024-06-21 13:44:05', 0),
(56, 'oldenquiryinner', 9, 0, 0, 0, 0, '2024-06-21 13:44:05', '2024-06-21 13:44:05', 0),
(57, 'oldenquiryinner', 10, 0, 0, 0, 0, '2024-06-21 13:44:05', '2024-06-21 13:44:05', 0),
(58, 'oldenquiryinner', 11, 0, 0, 0, 0, '2024-06-21 13:44:05', '2024-06-21 13:44:05', 0),
(59, 'oldenquiryinner', 12, 0, 0, 0, 0, '2024-06-21 13:44:05', '2024-06-21 13:44:05', 0),
(60, 'oldenquiryinner', 13, 0, 0, 0, 0, '2024-06-21 13:44:05', '2024-06-21 13:44:05', 0),
(61, 'newtask', 1, 0, 0, 0, 0, '2024-06-21 13:44:05', '2024-06-21 13:44:05', 0),
(62, 'newtask', 3, 0, 0, 0, 0, '2024-06-21 13:44:05', '2024-06-21 13:44:05', 0),
(63, 'newtask', 4, 0, 0, 0, 0, '2024-06-21 13:44:05', '2024-06-21 13:44:05', 0),
(64, 'newtask', 5, 0, 0, 0, 0, '2024-06-21 13:44:05', '2024-06-21 13:44:05', 0),
(65, 'newtask', 6, 0, 0, 0, 0, '2024-06-21 13:44:05', '2024-06-21 13:44:05', 0),
(66, 'newtask', 7, 0, 0, 0, 0, '2024-06-21 13:44:05', '2024-06-21 13:44:05', 0),
(67, 'newtask', 8, 0, 0, 0, 0, '2024-06-21 13:44:05', '2024-06-21 13:44:05', 0),
(68, 'newtask', 9, 0, 0, 0, 0, '2024-06-21 13:44:05', '2024-06-21 13:44:05', 0),
(69, 'newtask', 10, 0, 0, 0, 0, '2024-06-21 13:44:05', '2024-06-21 13:44:05', 0),
(70, 'newtask', 11, 0, 0, 0, 0, '2024-06-21 13:44:05', '2024-06-21 13:44:05', 0),
(71, 'newtask', 12, 0, 0, 0, 0, '2024-06-21 13:44:05', '2024-06-21 13:44:05', 0),
(72, 'newtask', 13, 0, 0, 0, 0, '2024-06-21 13:44:05', '2024-06-21 13:44:05', 0),
(73, 'inbox', 1, 1, 0, 1, 1, '2024-06-21 13:44:05', '2024-06-21 13:44:05', 0),
(74, 'inbox', 3, 1, 0, 1, 0, '2024-06-21 13:44:05', '2024-06-21 13:44:05', 0),
(75, 'inbox', 4, 1, 0, 1, 0, '2024-06-21 13:44:05', '2024-06-21 13:44:05', 0),
(76, 'inbox', 5, 1, 0, 1, 0, '2024-06-21 13:44:05', '2024-06-21 13:44:05', 0),
(77, 'inbox', 6, 1, 0, 1, 0, '2024-06-21 13:44:05', '2024-06-21 13:44:05', 0),
(78, 'inbox', 7, 1, 0, 1, 0, '2024-06-21 13:44:05', '2024-06-21 13:44:05', 0),
(79, 'inbox', 8, 1, 0, 1, 0, '2024-06-21 13:44:05', '2024-06-21 13:44:05', 0),
(80, 'inbox', 9, 1, 0, 1, 0, '2024-06-21 13:44:05', '2024-06-21 13:44:05', 0),
(81, 'inbox', 10, 1, 0, 1, 0, '2024-06-21 13:44:05', '2024-06-21 13:44:05', 0),
(82, 'inbox', 11, 1, 0, 1, 0, '2024-06-21 13:44:05', '2024-06-21 13:44:05', 0),
(83, 'inbox', 12, 1, 0, 1, 0, '2024-06-21 13:44:05', '2024-06-21 13:44:05', 0),
(84, 'inbox', 13, 1, 0, 1, 0, '2024-06-21 13:44:05', '2024-06-21 13:44:05', 0),
(85, 'outbox', 1, 1, 0, 1, 1, '2024-06-21 13:44:05', '2024-06-21 13:44:05', 0),
(86, 'outbox', 3, 1, 0, 1, 0, '2024-06-21 13:44:05', '2024-06-21 13:44:05', 0),
(87, 'outbox', 4, 1, 0, 1, 0, '2024-06-21 13:44:05', '2024-06-21 13:44:05', 0),
(88, 'outbox', 5, 1, 0, 1, 0, '2024-06-21 13:44:05', '2024-06-21 13:44:05', 0),
(89, 'outbox', 6, 1, 0, 1, 0, '2024-06-21 13:44:05', '2024-06-21 13:44:05', 0),
(90, 'outbox', 7, 1, 0, 1, 0, '2024-06-21 13:44:05', '2024-06-21 13:44:05', 0),
(91, 'outbox', 8, 1, 0, 1, 0, '2024-06-21 13:44:05', '2024-06-21 13:44:05', 0),
(92, 'outbox', 9, 1, 0, 1, 0, '2024-06-21 13:44:05', '2024-06-21 13:44:05', 0),
(93, 'outbox', 10, 1, 0, 1, 0, '2024-06-21 13:44:05', '2024-06-21 13:44:05', 0),
(94, 'outbox', 11, 1, 0, 1, 0, '2024-06-21 13:44:05', '2024-06-21 13:44:05', 0),
(95, 'outbox', 12, 1, 0, 1, 0, '2024-06-21 13:44:05', '2024-06-21 13:44:05', 0),
(96, 'outbox', 13, 1, 0, 1, 0, '2024-06-21 13:44:05', '2024-06-21 13:44:05', 0),
(97, 'assigned', 1, 0, 0, 0, 0, '2024-06-21 13:44:05', '2024-06-21 13:44:05', 0),
(98, 'assigned', 3, 0, 0, 0, 0, '2024-06-21 13:44:05', '2024-06-21 13:44:05', 0),
(99, 'assigned', 4, 0, 0, 0, 0, '2024-06-21 13:44:05', '2024-06-21 13:44:05', 0),
(100, 'assigned', 5, 0, 0, 0, 0, '2024-06-21 13:44:05', '2024-06-21 13:44:05', 0),
(101, 'assigned', 6, 0, 0, 0, 0, '2024-06-21 13:44:05', '2024-06-21 13:44:05', 0),
(102, 'assigned', 7, 0, 0, 0, 0, '2024-06-21 13:44:05', '2024-06-21 13:44:05', 0),
(103, 'assigned', 8, 0, 0, 0, 0, '2024-06-21 13:44:05', '2024-06-21 13:44:05', 0),
(104, 'assigned', 9, 0, 0, 0, 0, '2024-06-21 13:44:05', '2024-06-21 13:44:05', 0),
(105, 'assigned', 10, 0, 0, 0, 0, '2024-06-21 13:44:05', '2024-06-21 13:44:05', 0),
(106, 'assigned', 11, 0, 0, 0, 0, '2024-06-21 13:44:05', '2024-06-21 13:44:05', 0),
(107, 'assigned', 12, 0, 0, 0, 0, '2024-06-21 13:44:05', '2024-06-21 13:44:05', 0),
(108, 'assigned', 13, 0, 0, 0, 0, '2024-06-21 13:44:05', '2024-06-21 13:44:05', 0),
(109, 'closedtrans', 1, 1, 0, 1, 1, '2024-06-21 13:44:05', '2024-06-21 13:44:05', 0),
(110, 'closedtrans', 3, 1, 0, 0, 0, '2024-06-21 13:44:05', '2024-06-21 13:44:05', 0),
(111, 'closedtrans', 4, 1, 0, 0, 0, '2024-06-21 13:44:05', '2024-06-21 13:44:05', 0),
(112, 'closedtrans', 5, 1, 0, 0, 0, '2024-06-21 13:44:05', '2024-06-21 13:44:05', 0),
(113, 'closedtrans', 6, 1, 0, 0, 0, '2024-06-21 13:44:05', '2024-06-21 13:44:05', 0),
(114, 'closedtrans', 7, 1, 0, 0, 0, '2024-06-21 13:44:05', '2024-06-21 13:44:05', 0),
(115, 'closedtrans', 8, 1, 0, 0, 0, '2024-06-21 13:44:05', '2024-06-21 13:44:05', 0),
(116, 'closedtrans', 9, 1, 0, 0, 0, '2024-06-21 13:44:05', '2024-06-21 13:44:05', 0),
(117, 'closedtrans', 10, 1, 0, 0, 0, '2024-06-21 13:44:05', '2024-06-21 13:44:05', 0),
(118, 'closedtrans', 11, 1, 0, 1, 1, '2024-06-21 13:44:05', '2024-06-21 13:44:05', 0),
(119, 'closedtrans', 12, 1, 0, 1, 1, '2024-06-21 13:44:05', '2024-06-21 13:44:05', 0),
(120, 'closedtrans', 13, 1, 0, 1, 1, '2024-06-21 13:44:05', '2024-06-21 13:44:05', 0),
(121, 'archived', 1, 1, 0, 0, 0, '2024-06-21 13:44:06', '2024-06-21 13:44:06', 0),
(122, 'archived', 3, 1, 0, 0, 0, '2024-06-21 13:44:06', '2024-06-21 13:44:06', 0),
(123, 'archived', 4, 1, 0, 0, 0, '2024-06-21 13:44:06', '2024-06-21 13:44:06', 0),
(124, 'archived', 5, 1, 0, 0, 0, '2024-06-21 13:44:06', '2024-06-21 13:44:06', 0),
(125, 'archived', 6, 1, 0, 0, 0, '2024-06-21 13:44:06', '2024-06-21 13:44:06', 0),
(126, 'archived', 7, 1, 0, 0, 0, '2024-06-21 13:44:06', '2024-06-21 13:44:06', 0),
(127, 'archived', 8, 1, 0, 0, 0, '2024-06-21 13:44:06', '2024-06-21 13:44:06', 0),
(128, 'archived', 9, 1, 0, 0, 0, '2024-06-21 13:44:06', '2024-06-21 13:44:06', 0),
(129, 'archived', 10, 1, 0, 0, 0, '2024-06-21 13:44:06', '2024-06-21 13:44:06', 0),
(130, 'archived', 11, 1, 0, 0, 0, '2024-06-21 13:44:06', '2024-06-21 13:44:06', 0),
(131, 'archived', 12, 1, 0, 0, 0, '2024-06-21 13:44:06', '2024-06-21 13:44:06', 0),
(132, 'archived', 13, 1, 0, 0, 0, '2024-06-21 13:44:06', '2024-06-21 13:44:06', 0),
(133, 'myfilesmenu', 1, 0, 0, 0, 0, '2024-06-21 13:44:06', '2024-06-21 13:44:06', 0),
(134, 'myfilesmenu', 3, 0, 0, 0, 0, '2024-06-21 13:44:06', '2024-06-21 13:44:06', 0),
(135, 'myfilesmenu', 4, 0, 0, 0, 0, '2024-06-21 13:44:06', '2024-06-21 13:44:06', 0),
(136, 'myfilesmenu', 5, 0, 0, 0, 0, '2024-06-21 13:44:06', '2024-06-21 13:44:06', 0),
(137, 'myfilesmenu', 6, 0, 0, 0, 0, '2024-06-21 13:44:06', '2024-06-21 13:44:06', 0),
(138, 'myfilesmenu', 7, 0, 0, 0, 0, '2024-06-21 13:44:06', '2024-06-21 13:44:06', 0),
(139, 'myfilesmenu', 8, 0, 0, 0, 0, '2024-06-21 13:44:06', '2024-06-21 13:44:06', 0),
(140, 'myfilesmenu', 9, 0, 0, 0, 0, '2024-06-21 13:44:06', '2024-06-21 13:44:06', 0),
(141, 'myfilesmenu', 10, 0, 0, 0, 0, '2024-06-21 13:44:06', '2024-06-21 13:44:06', 0),
(142, 'myfilesmenu', 11, 0, 0, 0, 0, '2024-06-21 13:44:06', '2024-06-21 13:44:06', 0),
(143, 'myfilesmenu', 12, 0, 0, 0, 0, '2024-06-21 13:44:06', '2024-06-21 13:44:06', 0),
(144, 'myfilesmenu', 13, 0, 0, 0, 0, '2024-06-21 13:44:06', '2024-06-21 13:44:06', 0),
(145, 'storages', 1, 0, 0, 0, 0, '2024-06-21 13:44:06', '2024-06-21 13:44:06', 0),
(146, 'storages', 3, 0, 0, 0, 0, '2024-06-21 13:44:06', '2024-06-21 13:44:06', 0),
(147, 'storages', 4, 0, 0, 0, 0, '2024-06-21 13:44:06', '2024-06-21 13:44:06', 0),
(148, 'storages', 5, 0, 0, 0, 0, '2024-06-21 13:44:06', '2024-06-21 13:44:06', 0),
(149, 'storages', 6, 0, 0, 0, 0, '2024-06-21 13:44:06', '2024-06-21 13:44:06', 0),
(150, 'storages', 7, 0, 0, 0, 0, '2024-06-21 13:44:06', '2024-06-21 13:44:06', 0),
(151, 'storages', 8, 0, 0, 0, 0, '2024-06-21 13:44:06', '2024-06-21 13:44:06', 0),
(152, 'storages', 9, 0, 0, 0, 0, '2024-06-21 13:44:06', '2024-06-21 13:44:06', 0),
(153, 'storages', 10, 0, 0, 0, 0, '2024-06-21 13:44:06', '2024-06-21 13:44:06', 0),
(154, 'storages', 11, 0, 0, 0, 0, '2024-06-21 13:44:06', '2024-06-21 13:44:06', 0),
(155, 'storages', 12, 0, 0, 0, 0, '2024-06-21 13:44:06', '2024-06-21 13:44:06', 0),
(156, 'storages', 13, 0, 0, 0, 0, '2024-06-21 13:44:06', '2024-06-21 13:44:06', 0),
(157, 'myfiles', 1, 0, 0, 0, 0, '2024-06-21 13:44:06', '2024-06-21 13:44:06', 0),
(158, 'myfiles', 3, 0, 0, 0, 0, '2024-06-21 13:44:06', '2024-06-21 13:44:06', 0),
(159, 'myfiles', 4, 0, 0, 0, 0, '2024-06-21 13:44:06', '2024-06-21 13:44:06', 0),
(160, 'myfiles', 5, 0, 0, 0, 0, '2024-06-21 13:44:06', '2024-06-21 13:44:06', 0),
(161, 'myfiles', 6, 0, 0, 0, 0, '2024-06-21 13:44:06', '2024-06-21 13:44:06', 0),
(162, 'myfiles', 7, 0, 0, 0, 0, '2024-06-21 13:44:06', '2024-06-21 13:44:06', 0),
(163, 'myfiles', 8, 0, 0, 0, 0, '2024-06-21 13:44:06', '2024-06-21 13:44:06', 0),
(164, 'myfiles', 9, 0, 0, 0, 0, '2024-06-21 13:44:06', '2024-06-21 13:44:06', 0),
(165, 'myfiles', 10, 0, 0, 0, 0, '2024-06-21 13:44:06', '2024-06-21 13:44:06', 0),
(166, 'myfiles', 11, 0, 0, 0, 0, '2024-06-21 13:44:06', '2024-06-21 13:44:06', 0),
(167, 'myfiles', 12, 0, 0, 0, 0, '2024-06-21 13:44:06', '2024-06-21 13:44:06', 0),
(168, 'myfiles', 13, 0, 0, 0, 0, '2024-06-21 13:44:06', '2024-06-21 13:44:06', 0),
(169, 'sharedwithme', 1, 0, 0, 0, 0, '2024-06-21 13:44:06', '2024-06-21 13:44:06', 0),
(170, 'sharedwithme', 3, 0, 0, 0, 0, '2024-06-21 13:44:06', '2024-06-21 13:44:06', 0),
(171, 'sharedwithme', 4, 0, 0, 0, 0, '2024-06-21 13:44:06', '2024-06-21 13:44:06', 0),
(172, 'sharedwithme', 5, 0, 0, 0, 0, '2024-06-21 13:44:06', '2024-06-21 13:44:06', 0),
(173, 'sharedwithme', 6, 0, 0, 0, 0, '2024-06-21 13:44:06', '2024-06-21 13:44:06', 0),
(174, 'sharedwithme', 7, 0, 0, 0, 0, '2024-06-21 13:44:06', '2024-06-21 13:44:06', 0),
(175, 'sharedwithme', 8, 0, 0, 0, 0, '2024-06-21 13:44:06', '2024-06-21 13:44:06', 0),
(176, 'sharedwithme', 9, 0, 0, 0, 0, '2024-06-21 13:44:06', '2024-06-21 13:44:06', 0),
(177, 'sharedwithme', 10, 0, 0, 0, 0, '2024-06-21 13:44:06', '2024-06-21 13:44:06', 0),
(178, 'sharedwithme', 11, 0, 0, 0, 0, '2024-06-21 13:44:06', '2024-06-21 13:44:06', 0),
(179, 'sharedwithme', 12, 0, 0, 0, 0, '2024-06-21 13:44:06', '2024-06-21 13:44:06', 0),
(180, 'sharedwithme', 13, 0, 0, 0, 0, '2024-06-21 13:44:06', '2024-06-21 13:44:06', 0),
(181, 'recycle', 1, 0, 0, 0, 0, '2024-06-21 13:44:06', '2024-06-21 13:44:06', 0),
(182, 'recycle', 3, 0, 0, 0, 0, '2024-06-21 13:44:06', '2024-06-21 13:44:06', 0),
(183, 'recycle', 4, 0, 0, 0, 0, '2024-06-21 13:44:06', '2024-06-21 13:44:06', 0),
(184, 'recycle', 5, 0, 0, 0, 0, '2024-06-21 13:44:06', '2024-06-21 13:44:06', 0),
(185, 'recycle', 6, 0, 0, 0, 0, '2024-06-21 13:44:06', '2024-06-21 13:44:06', 0),
(186, 'recycle', 7, 0, 0, 0, 0, '2024-06-21 13:44:06', '2024-06-21 13:44:06', 0),
(187, 'recycle', 8, 0, 0, 0, 0, '2024-06-21 13:44:06', '2024-06-21 13:44:06', 0),
(188, 'recycle', 9, 0, 0, 0, 0, '2024-06-21 13:44:06', '2024-06-21 13:44:06', 0),
(189, 'recycle', 10, 0, 0, 0, 0, '2024-06-21 13:44:06', '2024-06-21 13:44:06', 0),
(190, 'recycle', 11, 0, 0, 0, 0, '2024-06-21 13:44:06', '2024-06-21 13:44:06', 0),
(191, 'recycle', 12, 0, 0, 0, 0, '2024-06-21 13:44:06', '2024-06-21 13:44:06', 0),
(192, 'recycle', 13, 0, 0, 0, 0, '2024-06-21 13:44:06', '2024-06-21 13:44:06', 0),
(193, 'log', 1, 0, 0, 0, 0, '2024-06-21 13:44:06', '2024-06-21 13:44:06', 0),
(194, 'log', 3, 0, 0, 0, 0, '2024-06-21 13:44:06', '2024-06-21 13:44:06', 0),
(195, 'log', 4, 0, 0, 0, 0, '2024-06-21 13:44:06', '2024-06-21 13:44:06', 0),
(196, 'log', 5, 0, 0, 0, 0, '2024-06-21 13:44:06', '2024-06-21 13:44:06', 0),
(197, 'log', 6, 0, 0, 0, 0, '2024-06-21 13:44:06', '2024-06-21 13:44:06', 0),
(198, 'log', 7, 0, 0, 0, 0, '2024-06-21 13:44:06', '2024-06-21 13:44:06', 0),
(199, 'log', 8, 0, 0, 0, 0, '2024-06-21 13:44:06', '2024-06-21 13:44:06', 0),
(200, 'log', 9, 0, 0, 0, 0, '2024-06-21 13:44:06', '2024-06-21 13:44:06', 0),
(201, 'log', 10, 0, 0, 0, 0, '2024-06-21 13:44:06', '2024-06-21 13:44:06', 0),
(202, 'log', 11, 0, 0, 0, 0, '2024-06-21 13:44:06', '2024-06-21 13:44:06', 0),
(203, 'log', 12, 0, 0, 0, 0, '2024-06-21 13:44:06', '2024-06-21 13:44:06', 0),
(204, 'log', 13, 0, 0, 0, 0, '2024-06-21 13:44:06', '2024-06-21 13:44:06', 0),
(205, 'mailbox', 1, 0, 0, 0, 0, '2024-06-21 13:44:06', '2024-06-21 13:44:06', 0),
(206, 'mailbox', 3, 0, 0, 0, 0, '2024-06-21 13:44:06', '2024-06-21 13:44:06', 0),
(207, 'mailbox', 4, 0, 0, 0, 0, '2024-06-21 13:44:06', '2024-06-21 13:44:06', 0),
(208, 'mailbox', 5, 0, 0, 0, 0, '2024-06-21 13:44:06', '2024-06-21 13:44:06', 0),
(209, 'mailbox', 6, 0, 0, 0, 0, '2024-06-21 13:44:06', '2024-06-21 13:44:06', 0),
(210, 'mailbox', 7, 0, 0, 0, 0, '2024-06-21 13:44:06', '2024-06-21 13:44:06', 0),
(211, 'mailbox', 8, 0, 0, 0, 0, '2024-06-21 13:44:06', '2024-06-21 13:44:06', 0),
(212, 'mailbox', 9, 0, 0, 0, 0, '2024-06-21 13:44:06', '2024-06-21 13:44:06', 0),
(213, 'mailbox', 10, 0, 0, 0, 0, '2024-06-21 13:44:06', '2024-06-21 13:44:06', 0),
(214, 'mailbox', 11, 0, 0, 0, 0, '2024-06-21 13:44:06', '2024-06-21 13:44:06', 0),
(215, 'mailbox', 12, 0, 0, 0, 0, '2024-06-21 13:44:06', '2024-06-21 13:44:06', 0),
(216, 'mailbox', 13, 0, 0, 0, 0, '2024-06-21 13:44:06', '2024-06-21 13:44:06', 0),
(217, 'usersmenu', 1, 1, 0, 0, 0, '2024-06-21 13:44:06', '2024-06-21 13:44:06', 0),
(218, 'usersmenu', 3, 1, 0, 0, 0, '2024-06-21 13:44:06', '2024-06-21 13:44:06', 0),
(219, 'usersmenu', 4, 1, 0, 0, 0, '2024-06-21 13:44:06', '2024-06-21 13:44:06', 0),
(220, 'usersmenu', 5, 0, 0, 0, 0, '2024-06-21 13:44:06', '2024-06-21 13:44:06', 0),
(221, 'usersmenu', 6, 0, 0, 0, 0, '2024-06-21 13:44:06', '2024-06-21 13:44:06', 0),
(222, 'usersmenu', 7, 0, 0, 0, 0, '2024-06-21 13:44:06', '2024-06-21 13:44:06', 0),
(223, 'usersmenu', 8, 0, 0, 0, 0, '2024-06-21 13:44:06', '2024-06-21 13:44:06', 0),
(224, 'usersmenu', 9, 0, 0, 0, 0, '2024-06-21 13:44:06', '2024-06-21 13:44:06', 0),
(225, 'usersmenu', 10, 0, 0, 0, 0, '2024-06-21 13:44:06', '2024-06-21 13:44:06', 0),
(226, 'usersmenu', 11, 1, 0, 0, 0, '2024-06-21 13:44:06', '2024-06-21 13:44:06', 0),
(227, 'usersmenu', 12, 0, 0, 0, 0, '2024-06-21 13:44:06', '2024-06-21 13:44:06', 0),
(228, 'usersmenu', 13, 0, 0, 0, 0, '2024-06-21 13:44:06', '2024-06-21 13:44:06', 0),
(229, 'users', 1, 1, 1, 1, 1, '2024-06-21 13:44:06', '2024-06-21 13:44:06', 0),
(230, 'users', 3, 1, 1, 1, 0, '2024-06-21 13:44:06', '2024-06-21 13:44:06', 0),
(231, 'users', 4, 1, 1, 1, 0, '2024-06-21 13:44:06', '2024-06-21 13:44:06', 0),
(232, 'users', 5, 0, 0, 0, 0, '2024-06-21 13:44:06', '2024-06-21 13:44:06', 0),
(233, 'users', 6, 0, 0, 0, 0, '2024-06-21 13:44:06', '2024-06-21 13:44:06', 0),
(234, 'users', 7, 0, 0, 0, 0, '2024-06-21 13:44:06', '2024-06-21 13:44:06', 0),
(235, 'users', 8, 0, 0, 0, 0, '2024-06-21 13:44:06', '2024-06-21 13:44:06', 0),
(236, 'users', 9, 0, 0, 0, 0, '2024-06-21 13:44:06', '2024-06-21 13:44:06', 0),
(237, 'users', 10, 0, 0, 0, 0, '2024-06-21 13:44:06', '2024-06-21 13:44:06', 0),
(238, 'users', 11, 1, 1, 1, 1, '2024-06-21 13:44:06', '2024-06-21 13:44:06', 0),
(239, 'users', 12, 0, 0, 0, 0, '2024-06-21 13:44:06', '2024-06-21 13:44:06', 0),
(240, 'users', 13, 0, 0, 0, 0, '2024-06-21 13:44:06', '2024-06-21 13:44:06', 0),
(241, 'user_levels', 1, 1, 1, 1, 1, '2024-06-21 13:44:06', '2024-06-21 13:44:06', 0),
(242, 'user_levels', 3, 1, 0, 0, 0, '2024-06-21 13:44:06', '2024-06-21 13:44:06', 0),
(243, 'user_levels', 4, 1, 0, 0, 0, '2024-06-21 13:44:06', '2024-06-21 13:44:06', 0),
(244, 'user_levels', 5, 1, 0, 0, 0, '2024-06-21 13:44:06', '2024-06-21 13:44:06', 0),
(245, 'user_levels', 6, 0, 0, 0, 0, '2024-06-21 13:44:06', '2024-06-21 13:44:06', 0),
(246, 'user_levels', 7, 0, 0, 0, 0, '2024-06-21 13:44:06', '2024-06-21 13:44:06', 0),
(247, 'user_levels', 8, 0, 0, 0, 0, '2024-06-21 13:44:06', '2024-06-21 13:44:06', 0),
(248, 'user_levels', 9, 0, 0, 0, 0, '2024-06-21 13:44:06', '2024-06-21 13:44:06', 0),
(249, 'user_levels', 10, 0, 0, 0, 0, '2024-06-21 13:44:06', '2024-06-21 13:44:06', 0),
(250, 'user_levels', 11, 1, 1, 1, 1, '2024-06-21 13:44:06', '2024-06-21 13:44:06', 0),
(251, 'user_levels', 12, 0, 0, 0, 0, '2024-06-21 13:44:06', '2024-06-21 13:44:06', 0),
(252, 'user_levels', 13, 0, 0, 0, 0, '2024-06-21 13:44:06', '2024-06-21 13:44:06', 0),
(253, 'user_privileges', 1, 1, 1, 0, 0, '2024-06-21 13:44:06', '2024-06-21 13:44:06', 0),
(254, 'user_privileges', 3, 1, 0, 0, 0, '2024-06-21 13:44:06', '2024-06-21 13:44:06', 0),
(255, 'user_privileges', 4, 0, 0, 0, 0, '2024-06-21 13:44:06', '2024-06-21 13:44:06', 0),
(256, 'user_privileges', 5, 0, 0, 0, 0, '2024-06-21 13:44:06', '2024-06-21 13:44:06', 0),
(257, 'user_privileges', 6, 0, 0, 0, 0, '2024-06-21 13:44:06', '2024-06-21 13:44:06', 0),
(258, 'user_privileges', 7, 0, 0, 0, 0, '2024-06-21 13:44:06', '2024-06-21 13:44:06', 0),
(259, 'user_privileges', 8, 0, 0, 0, 0, '2024-06-21 13:44:06', '2024-06-21 13:44:06', 0),
(260, 'user_privileges', 9, 0, 0, 0, 0, '2024-06-21 13:44:06', '2024-06-21 13:44:06', 0),
(261, 'user_privileges', 10, 0, 0, 0, 0, '2024-06-21 13:44:06', '2024-06-21 13:44:06', 0),
(262, 'user_privileges', 11, 1, 1, 0, 0, '2024-06-21 13:44:06', '2024-06-21 13:44:06', 0),
(263, 'user_privileges', 12, 0, 0, 0, 0, '2024-06-21 13:44:06', '2024-06-21 13:44:06', 0),
(264, 'user_privileges', 13, 0, 0, 0, 0, '2024-06-21 13:44:06', '2024-06-21 13:44:06', 0),
(265, 'company', 1, 1, 0, 0, 0, '2024-06-21 13:44:06', '2024-06-21 13:44:06', 0),
(266, 'company', 3, 1, 0, 0, 0, '2024-06-21 13:44:06', '2024-06-21 13:44:06', 0),
(267, 'company', 4, 1, 0, 0, 0, '2024-06-21 13:44:06', '2024-06-21 13:44:06', 0),
(268, 'company', 5, 1, 0, 0, 0, '2024-06-21 13:44:06', '2024-06-21 13:44:06', 0),
(269, 'company', 6, 0, 0, 0, 0, '2024-06-21 13:44:06', '2024-06-21 13:44:06', 0),
(270, 'company', 7, 0, 0, 0, 0, '2024-06-21 13:44:06', '2024-06-21 13:44:06', 0),
(271, 'company', 8, 0, 0, 0, 0, '2024-06-21 13:44:06', '2024-06-21 13:44:06', 0),
(272, 'company', 9, 0, 0, 0, 0, '2024-06-21 13:44:06', '2024-06-21 13:44:06', 0),
(273, 'company', 10, 0, 0, 0, 0, '2024-06-21 13:44:06', '2024-06-21 13:44:06', 0),
(274, 'company', 11, 1, 0, 0, 0, '2024-06-21 13:44:06', '2024-06-21 13:44:06', 0),
(275, 'company', 12, 0, 0, 0, 0, '2024-06-21 13:44:06', '2024-06-21 13:44:06', 0),
(276, 'company', 13, 0, 0, 0, 0, '2024-06-21 13:44:06', '2024-06-21 13:44:06', 0),
(277, 'branches', 1, 1, 1, 1, 1, '2024-06-21 13:44:06', '2024-06-21 13:44:06', 0),
(278, 'branches', 3, 1, 0, 0, 0, '2024-06-21 13:44:06', '2024-06-21 13:44:06', 0),
(279, 'branches', 4, 1, 0, 0, 0, '2024-06-21 13:44:06', '2024-06-21 13:44:06', 0),
(280, 'branches', 5, 1, 0, 0, 0, '2024-06-21 13:44:06', '2024-06-21 13:44:06', 0),
(281, 'branches', 6, 0, 0, 0, 0, '2024-06-21 13:44:06', '2024-06-21 13:44:06', 0),
(282, 'branches', 7, 0, 0, 0, 0, '2024-06-21 13:44:06', '2024-06-21 13:44:06', 0),
(283, 'branches', 8, 0, 0, 0, 0, '2024-06-21 13:44:06', '2024-06-21 13:44:06', 0),
(284, 'branches', 9, 0, 0, 0, 0, '2024-06-21 13:44:06', '2024-06-21 13:44:06', 0),
(285, 'branches', 10, 0, 0, 0, 0, '2024-06-21 13:44:06', '2024-06-21 13:44:06', 0),
(286, 'branches', 11, 1, 1, 1, 1, '2024-06-21 13:44:06', '2024-06-21 13:44:06', 0),
(287, 'branches', 12, 0, 0, 0, 0, '2024-06-21 13:44:06', '2024-06-21 13:44:06', 0),
(288, 'branches', 13, 0, 0, 0, 0, '2024-06-21 13:44:06', '2024-06-21 13:44:06', 0),
(289, 'managements', 1, 1, 1, 1, 1, '2024-06-21 13:44:06', '2024-06-21 13:44:06', 0),
(290, 'managements', 3, 1, 0, 0, 0, '2024-06-21 13:44:06', '2024-06-21 13:44:06', 0),
(291, 'managements', 4, 1, 0, 0, 0, '2024-06-21 13:44:06', '2024-06-21 13:44:06', 0),
(292, 'managements', 5, 1, 0, 0, 0, '2024-06-21 13:44:06', '2024-06-21 13:44:06', 0),
(293, 'managements', 6, 0, 0, 0, 0, '2024-06-21 13:44:06', '2024-06-21 13:44:06', 0),
(294, 'managements', 7, 0, 0, 0, 0, '2024-06-21 13:44:06', '2024-06-21 13:44:06', 0),
(295, 'managements', 8, 0, 0, 0, 0, '2024-06-21 13:44:06', '2024-06-21 13:44:06', 0),
(296, 'managements', 9, 0, 0, 0, 0, '2024-06-21 13:44:06', '2024-06-21 13:44:06', 0),
(297, 'managements', 10, 0, 0, 0, 0, '2024-06-21 13:44:06', '2024-06-21 13:44:06', 0),
(298, 'managements', 11, 1, 1, 1, 1, '2024-06-21 13:44:06', '2024-06-21 13:44:06', 0),
(299, 'managements', 12, 0, 0, 0, 0, '2024-06-21 13:44:06', '2024-06-21 13:44:06', 0),
(300, 'managements', 13, 0, 0, 0, 0, '2024-06-21 13:44:06', '2024-06-21 13:44:06', 0),
(301, 'departments', 1, 1, 1, 1, 1, '2024-06-21 13:44:06', '2024-06-21 13:44:06', 0),
(302, 'departments', 3, 1, 0, 0, 0, '2024-06-21 13:44:06', '2024-06-21 13:44:06', 0),
(303, 'departments', 4, 1, 0, 0, 0, '2024-06-21 13:44:06', '2024-06-21 13:44:06', 0),
(304, 'departments', 5, 1, 0, 0, 0, '2024-06-21 13:44:06', '2024-06-21 13:44:06', 0),
(305, 'departments', 6, 0, 0, 0, 0, '2024-06-21 13:44:06', '2024-06-21 13:44:06', 0),
(306, 'departments', 7, 0, 0, 0, 0, '2024-06-21 13:44:06', '2024-06-21 13:44:06', 0),
(307, 'departments', 8, 0, 0, 0, 0, '2024-06-21 13:44:06', '2024-06-21 13:44:06', 0),
(308, 'departments', 9, 0, 0, 0, 0, '2024-06-21 13:44:06', '2024-06-21 13:44:06', 0),
(309, 'departments', 10, 0, 0, 0, 0, '2024-06-21 13:44:06', '2024-06-21 13:44:06', 0),
(310, 'departments', 11, 1, 1, 1, 1, '2024-06-21 13:44:06', '2024-06-21 13:44:06', 0),
(311, 'departments', 12, 0, 0, 0, 0, '2024-06-21 13:44:06', '2024-06-21 13:44:06', 0),
(312, 'departments', 13, 0, 0, 0, 0, '2024-06-21 13:44:06', '2024-06-21 13:44:06', 0),
(313, 'divisions', 1, 1, 1, 1, 1, '2024-06-21 13:44:06', '2024-06-21 13:44:06', 0),
(314, 'divisions', 3, 1, 0, 0, 0, '2024-06-21 13:44:06', '2024-06-21 13:44:06', 0),
(315, 'divisions', 4, 1, 0, 0, 0, '2024-06-21 13:44:06', '2024-06-21 13:44:06', 0),
(316, 'divisions', 5, 1, 0, 0, 0, '2024-06-21 13:44:06', '2024-06-21 13:44:06', 0),
(317, 'divisions', 6, 0, 0, 0, 0, '2024-06-21 13:44:06', '2024-06-21 13:44:06', 0),
(318, 'divisions', 7, 0, 0, 0, 0, '2024-06-21 13:44:06', '2024-06-21 13:44:06', 0),
(319, 'divisions', 8, 0, 0, 0, 0, '2024-06-21 13:44:06', '2024-06-21 13:44:06', 0),
(320, 'divisions', 9, 0, 0, 0, 0, '2024-06-21 13:44:06', '2024-06-21 13:44:06', 0),
(321, 'divisions', 10, 0, 0, 0, 0, '2024-06-21 13:44:06', '2024-06-21 13:44:06', 0),
(322, 'divisions', 11, 1, 1, 1, 1, '2024-06-21 13:44:06', '2024-06-21 13:44:06', 0),
(323, 'divisions', 12, 0, 0, 0, 0, '2024-06-21 13:44:06', '2024-06-21 13:44:06', 0),
(324, 'divisions', 13, 0, 0, 0, 0, '2024-06-21 13:44:06', '2024-06-21 13:44:06', 0),
(325, 'units', 1, 1, 1, 1, 1, '2024-06-21 13:44:06', '2024-06-21 13:44:06', 0),
(326, 'units', 3, 1, 0, 0, 0, '2024-06-21 13:44:06', '2024-06-21 13:44:06', 0),
(327, 'units', 4, 1, 0, 0, 0, '2024-06-21 13:44:06', '2024-06-21 13:44:06', 0),
(328, 'units', 5, 1, 0, 0, 0, '2024-06-21 13:44:06', '2024-06-21 13:44:06', 0),
(329, 'units', 6, 0, 0, 0, 0, '2024-06-21 13:44:06', '2024-06-21 13:44:06', 0),
(330, 'units', 7, 0, 0, 0, 0, '2024-06-21 13:44:06', '2024-06-21 13:44:06', 0),
(331, 'units', 8, 0, 0, 0, 0, '2024-06-21 13:44:06', '2024-06-21 13:44:06', 0),
(332, 'units', 9, 0, 0, 0, 0, '2024-06-21 13:44:06', '2024-06-21 13:44:06', 0),
(333, 'units', 10, 0, 0, 0, 0, '2024-06-21 13:44:06', '2024-06-21 13:44:06', 0),
(334, 'units', 11, 1, 1, 1, 1, '2024-06-21 13:44:06', '2024-06-21 13:44:06', 0),
(335, 'units', 12, 0, 0, 0, 0, '2024-06-21 13:44:06', '2024-06-21 13:44:06', 0),
(336, 'units', 13, 0, 0, 0, 0, '2024-06-21 13:44:06', '2024-06-21 13:44:06', 0),
(337, 'storehousesmenu', 1, 1, 0, 0, 0, '2024-06-21 13:44:06', '2024-06-21 13:44:06', 0),
(338, 'storehousesmenu', 3, 0, 0, 0, 0, '2024-06-21 13:44:06', '2024-06-21 13:44:06', 0),
(339, 'storehousesmenu', 4, 0, 0, 0, 0, '2024-06-21 13:44:06', '2024-06-21 13:44:06', 0),
(340, 'storehousesmenu', 5, 0, 0, 0, 0, '2024-06-21 13:44:06', '2024-06-21 13:44:06', 0),
(341, 'storehousesmenu', 6, 0, 0, 0, 0, '2024-06-21 13:44:06', '2024-06-21 13:44:06', 0),
(342, 'storehousesmenu', 7, 0, 0, 0, 0, '2024-06-21 13:44:06', '2024-06-21 13:44:06', 0),
(343, 'storehousesmenu', 8, 0, 0, 0, 0, '2024-06-21 13:44:06', '2024-06-21 13:44:06', 0),
(344, 'storehousesmenu', 9, 0, 0, 0, 0, '2024-06-21 13:44:06', '2024-06-21 13:44:06', 0),
(345, 'storehousesmenu', 10, 0, 0, 0, 0, '2024-06-21 13:44:06', '2024-06-21 13:44:06', 0),
(346, 'storehousesmenu', 11, 0, 0, 0, 0, '2024-06-21 13:44:06', '2024-06-21 13:44:06', 0),
(347, 'storehousesmenu', 12, 0, 0, 0, 0, '2024-06-21 13:44:06', '2024-06-21 13:44:06', 0),
(348, 'storehousesmenu', 13, 0, 0, 0, 0, '2024-06-21 13:44:06', '2024-06-21 13:44:06', 0),
(349, 'storehouses_types', 1, 1, 1, 1, 1, '2024-06-21 13:44:06', '2024-06-21 13:44:06', 0),
(350, 'storehouses_types', 3, 0, 0, 0, 0, '2024-06-21 13:44:06', '2024-06-21 13:44:06', 0),
(351, 'storehouses_types', 4, 0, 0, 0, 0, '2024-06-21 13:44:06', '2024-06-21 13:44:06', 0),
(352, 'storehouses_types', 5, 0, 0, 0, 0, '2024-06-21 13:44:06', '2024-06-21 13:44:06', 0),
(353, 'storehouses_types', 6, 0, 0, 0, 0, '2024-06-21 13:44:06', '2024-06-21 13:44:06', 0),
(354, 'storehouses_types', 7, 0, 0, 0, 0, '2024-06-21 13:44:06', '2024-06-21 13:44:06', 0),
(355, 'storehouses_types', 8, 0, 0, 0, 0, '2024-06-21 13:44:06', '2024-06-21 13:44:06', 0),
(356, 'storehouses_types', 9, 0, 0, 0, 0, '2024-06-21 13:44:06', '2024-06-21 13:44:06', 0),
(357, 'storehouses_types', 10, 0, 0, 0, 0, '2024-06-21 13:44:06', '2024-06-21 13:44:06', 0),
(358, 'storehouses_types', 11, 0, 0, 0, 0, '2024-06-21 13:44:06', '2024-06-21 13:44:06', 0),
(359, 'storehouses_types', 12, 0, 0, 0, 0, '2024-06-21 13:44:06', '2024-06-21 13:44:06', 0),
(360, 'storehouses_types', 13, 0, 0, 0, 0, '2024-06-21 13:44:06', '2024-06-21 13:44:06', 0),
(361, 'storehouses', 1, 1, 1, 1, 1, '2024-06-21 13:44:06', '2024-06-21 13:44:06', 0),
(362, 'storehouses', 3, 0, 0, 0, 0, '2024-06-21 13:44:06', '2024-06-21 13:44:06', 0),
(363, 'storehouses', 4, 0, 0, 0, 0, '2024-06-21 13:44:06', '2024-06-21 13:44:06', 0),
(364, 'storehouses', 5, 0, 0, 0, 0, '2024-06-21 13:44:06', '2024-06-21 13:44:06', 0),
(365, 'storehouses', 6, 0, 0, 0, 0, '2024-06-21 13:44:06', '2024-06-21 13:44:06', 0),
(366, 'storehouses', 7, 0, 0, 0, 0, '2024-06-21 13:44:06', '2024-06-21 13:44:06', 0),
(367, 'storehouses', 8, 0, 0, 0, 0, '2024-06-21 13:44:06', '2024-06-21 13:44:06', 0),
(368, 'storehouses', 9, 0, 0, 0, 0, '2024-06-21 13:44:06', '2024-06-21 13:44:06', 0),
(369, 'storehouses', 10, 0, 0, 0, 0, '2024-06-21 13:44:06', '2024-06-21 13:44:06', 0),
(370, 'storehouses', 11, 0, 0, 0, 0, '2024-06-21 13:44:06', '2024-06-21 13:44:06', 0),
(371, 'storehouses', 12, 0, 0, 0, 0, '2024-06-21 13:44:06', '2024-06-21 13:44:06', 0),
(372, 'storehouses', 13, 0, 0, 0, 0, '2024-06-21 13:44:06', '2024-06-21 13:44:06', 0),
(373, 'entitiesmenu', 1, 1, 0, 0, 0, '2024-06-21 13:44:06', '2024-06-21 13:44:06', 0),
(374, 'entitiesmenu', 3, 1, 0, 0, 0, '2024-06-21 13:44:06', '2024-06-21 13:44:06', 0),
(375, 'entitiesmenu', 4, 1, 0, 0, 0, '2024-06-21 13:44:06', '2024-06-21 13:44:06', 0),
(376, 'entitiesmenu', 5, 1, 0, 0, 0, '2024-06-21 13:44:06', '2024-06-21 13:44:06', 0),
(377, 'entitiesmenu', 6, 1, 0, 0, 0, '2024-06-21 13:44:06', '2024-06-21 13:44:06', 0),
(378, 'entitiesmenu', 7, 1, 0, 0, 0, '2024-06-21 13:44:06', '2024-06-21 13:44:06', 0),
(379, 'entitiesmenu', 8, 1, 0, 0, 0, '2024-06-21 13:44:06', '2024-06-21 13:44:06', 0),
(380, 'entitiesmenu', 9, 1, 0, 0, 0, '2024-06-21 13:44:06', '2024-06-21 13:44:06', 0),
(381, 'entitiesmenu', 10, 1, 0, 0, 0, '2024-06-21 13:44:06', '2024-06-21 13:44:06', 0),
(382, 'entitiesmenu', 11, 1, 0, 0, 0, '2024-06-21 13:44:06', '2024-06-21 13:44:06', 0),
(383, 'entitiesmenu', 12, 1, 0, 0, 0, '2024-06-21 13:44:06', '2024-06-21 13:44:06', 0),
(384, 'entitiesmenu', 13, 1, 0, 0, 0, '2024-06-21 13:44:06', '2024-06-21 13:44:06', 0),
(385, 'entities_types', 1, 1, 1, 1, 1, '2024-06-21 13:44:06', '2024-06-21 13:44:06', 0),
(386, 'entities_types', 3, 1, 1, 0, 0, '2024-06-21 13:44:06', '2024-06-21 13:44:06', 0),
(387, 'entities_types', 4, 1, 1, 0, 0, '2024-06-21 13:44:06', '2024-06-21 13:44:06', 0),
(388, 'entities_types', 5, 1, 1, 0, 0, '2024-06-21 13:44:06', '2024-06-21 13:44:06', 0),
(389, 'entities_types', 6, 0, 0, 0, 0, '2024-06-21 13:44:06', '2024-06-21 13:44:06', 0),
(390, 'entities_types', 7, 0, 0, 0, 0, '2024-06-21 13:44:06', '2024-06-21 13:44:06', 0),
(391, 'entities_types', 8, 0, 0, 0, 0, '2024-06-21 13:44:06', '2024-06-21 13:44:06', 0),
(392, 'entities_types', 9, 0, 0, 0, 0, '2024-06-21 13:44:06', '2024-06-21 13:44:06', 0),
(393, 'entities_types', 10, 0, 0, 0, 0, '2024-06-21 13:44:06', '2024-06-21 13:44:06', 0),
(394, 'entities_types', 11, 1, 1, 1, 1, '2024-06-21 13:44:06', '2024-06-21 13:44:06', 0),
(395, 'entities_types', 12, 0, 0, 0, 0, '2024-06-21 13:44:06', '2024-06-21 13:44:06', 0),
(396, 'entities_types', 13, 0, 0, 0, 0, '2024-06-21 13:44:06', '2024-06-21 13:44:06', 0),
(397, 'entities', 1, 1, 1, 1, 1, '2024-06-21 13:44:06', '2024-06-21 13:44:06', 0),
(398, 'entities', 3, 1, 1, 1, 0, '2024-06-21 13:44:06', '2024-06-21 13:44:06', 0),
(399, 'entities', 4, 1, 1, 1, 0, '2024-06-21 13:44:06', '2024-06-21 13:44:06', 0),
(400, 'entities', 5, 1, 1, 1, 0, '2024-06-21 13:44:06', '2024-06-21 13:44:06', 0),
(401, 'entities', 6, 1, 1, 0, 0, '2024-06-21 13:44:06', '2024-06-21 13:44:06', 0),
(402, 'entities', 7, 1, 0, 0, 0, '2024-06-21 13:44:06', '2024-06-21 13:44:06', 0),
(403, 'entities', 8, 1, 0, 0, 0, '2024-06-21 13:44:06', '2024-06-21 13:44:06', 0),
(404, 'entities', 9, 1, 0, 0, 0, '2024-06-21 13:44:06', '2024-06-21 13:44:06', 0),
(405, 'entities', 10, 1, 0, 0, 0, '2024-06-21 13:44:06', '2024-06-21 13:44:06', 0),
(406, 'entities', 11, 1, 1, 1, 1, '2024-06-21 13:44:06', '2024-06-21 13:44:06', 0),
(407, 'entities', 12, 1, 0, 0, 0, '2024-06-21 13:44:06', '2024-06-21 13:44:06', 0),
(408, 'entities', 13, 1, 0, 0, 0, '2024-06-21 13:44:06', '2024-06-21 13:44:06', 0),
(409, 'settingsmenu', 1, 1, 0, 0, 0, '2024-06-21 13:44:06', '2024-06-21 13:44:06', 0),
(410, 'settingsmenu', 3, 1, 0, 0, 0, '2024-06-21 13:44:06', '2024-06-21 13:44:06', 0),
(411, 'settingsmenu', 4, 1, 0, 0, 0, '2024-06-21 13:44:06', '2024-06-21 13:44:06', 0),
(412, 'settingsmenu', 5, 0, 0, 0, 0, '2024-06-21 13:44:06', '2024-06-21 13:44:06', 0),
(413, 'settingsmenu', 6, 0, 0, 0, 0, '2024-06-21 13:44:06', '2024-06-21 13:44:06', 0),
(414, 'settingsmenu', 7, 0, 0, 0, 0, '2024-06-21 13:44:06', '2024-06-21 13:44:06', 0),
(415, 'settingsmenu', 8, 0, 0, 0, 0, '2024-06-21 13:44:06', '2024-06-21 13:44:06', 0),
(416, 'settingsmenu', 9, 0, 0, 0, 0, '2024-06-21 13:44:06', '2024-06-21 13:44:06', 0),
(417, 'settingsmenu', 10, 0, 0, 0, 0, '2024-06-21 13:44:06', '2024-06-21 13:44:06', 0),
(418, 'settingsmenu', 11, 1, 0, 0, 0, '2024-06-21 13:44:06', '2024-06-21 13:44:06', 0),
(419, 'settingsmenu', 12, 0, 0, 0, 0, '2024-06-21 13:44:06', '2024-06-21 13:44:06', 0),
(420, 'settingsmenu', 13, 0, 0, 0, 0, '2024-06-21 13:44:06', '2024-06-21 13:44:06', 0),
(421, 'attachments_types', 1, 1, 1, 1, 1, '2024-06-21 13:44:06', '2024-06-21 13:44:06', 0),
(422, 'attachments_types', 3, 1, 0, 0, 0, '2024-06-21 13:44:06', '2024-06-21 13:44:06', 0),
(423, 'attachments_types', 4, 1, 0, 0, 0, '2024-06-21 13:44:06', '2024-06-21 13:44:06', 0),
(424, 'attachments_types', 5, 0, 0, 0, 0, '2024-06-21 13:44:06', '2024-06-21 13:44:06', 0),
(425, 'attachments_types', 6, 0, 0, 0, 0, '2024-06-21 13:44:06', '2024-06-21 13:44:06', 0),
(426, 'attachments_types', 7, 0, 0, 0, 0, '2024-06-21 13:44:06', '2024-06-21 13:44:06', 0),
(427, 'attachments_types', 8, 0, 0, 0, 0, '2024-06-21 13:44:06', '2024-06-21 13:44:06', 0),
(428, 'attachments_types', 9, 0, 0, 0, 0, '2024-06-21 13:44:06', '2024-06-21 13:44:06', 0),
(429, 'attachments_types', 10, 0, 0, 0, 0, '2024-06-21 13:44:06', '2024-06-21 13:44:06', 0),
(430, 'attachments_types', 11, 1, 1, 1, 1, '2024-06-21 13:44:06', '2024-06-21 13:44:06', 0),
(431, 'attachments_types', 12, 0, 0, 0, 0, '2024-06-21 13:44:06', '2024-06-21 13:44:06', 0),
(432, 'attachments_types', 13, 0, 0, 0, 0, '2024-06-21 13:44:06', '2024-06-21 13:44:06', 0),
(433, 'notifications_types', 1, 1, 1, 1, 1, '2024-06-21 13:44:06', '2024-06-21 13:44:06', 0),
(434, 'notifications_types', 3, 1, 0, 0, 0, '2024-06-21 13:44:06', '2024-06-21 13:44:06', 0),
(435, 'notifications_types', 4, 1, 0, 0, 0, '2024-06-21 13:44:06', '2024-06-21 13:44:06', 0),
(436, 'notifications_types', 5, 0, 0, 0, 0, '2024-06-21 13:44:06', '2024-06-21 13:44:06', 0),
(437, 'notifications_types', 6, 0, 0, 0, 0, '2024-06-21 13:44:06', '2024-06-21 13:44:06', 0),
(438, 'notifications_types', 7, 0, 0, 0, 0, '2024-06-21 13:44:06', '2024-06-21 13:44:06', 0),
(439, 'notifications_types', 8, 0, 0, 0, 0, '2024-06-21 13:44:06', '2024-06-21 13:44:06', 0),
(440, 'notifications_types', 9, 0, 0, 0, 0, '2024-06-21 13:44:06', '2024-06-21 13:44:06', 0),
(441, 'notifications_types', 10, 0, 0, 0, 0, '2024-06-21 13:44:06', '2024-06-21 13:44:06', 0),
(442, 'notifications_types', 11, 1, 1, 1, 1, '2024-06-21 13:44:06', '2024-06-21 13:44:06', 0),
(443, 'notifications_types', 12, 0, 0, 0, 0, '2024-06-21 13:44:06', '2024-06-21 13:44:06', 0),
(444, 'notifications_types', 13, 0, 0, 0, 0, '2024-06-21 13:44:06', '2024-06-21 13:44:06', 0),
(445, 'numberings', 1, 1, 0, 1, 0, '2024-06-21 13:44:06', '2024-06-21 13:44:06', 0),
(446, 'numberings', 3, 1, 0, 0, 0, '2024-06-21 13:44:06', '2024-06-21 13:44:06', 0),
(447, 'numberings', 4, 1, 0, 0, 0, '2024-06-21 13:44:06', '2024-06-21 13:44:06', 0),
(448, 'numberings', 5, 0, 0, 0, 0, '2024-06-21 13:44:06', '2024-06-21 13:44:06', 0),
(449, 'numberings', 6, 0, 0, 0, 0, '2024-06-21 13:44:06', '2024-06-21 13:44:06', 0),
(450, 'numberings', 7, 0, 0, 0, 0, '2024-06-21 13:44:06', '2024-06-21 13:44:06', 0),
(451, 'numberings', 8, 0, 0, 0, 0, '2024-06-21 13:44:06', '2024-06-21 13:44:06', 0),
(452, 'numberings', 9, 0, 0, 0, 0, '2024-06-21 13:44:06', '2024-06-21 13:44:06', 0),
(453, 'numberings', 10, 0, 0, 0, 0, '2024-06-21 13:44:06', '2024-06-21 13:44:06', 0),
(454, 'numberings', 11, 1, 0, 1, 0, '2024-06-21 13:44:06', '2024-06-21 13:44:06', 0),
(455, 'numberings', 12, 0, 0, 0, 0, '2024-06-21 13:44:06', '2024-06-21 13:44:06', 0),
(456, 'numberings', 13, 0, 0, 0, 0, '2024-06-21 13:44:06', '2024-06-21 13:44:06', 0),
(457, 'itemsmenu', 1, 1, 0, 0, 0, '2024-06-21 13:44:07', '2024-06-21 13:44:07', 0),
(458, 'itemsmenu', 3, 0, 0, 0, 0, '2024-06-21 13:44:07', '2024-06-21 13:44:07', 0),
(459, 'itemsmenu', 4, 0, 0, 0, 0, '2024-06-21 13:44:07', '2024-06-21 13:44:07', 0),
(460, 'itemsmenu', 5, 0, 0, 0, 0, '2024-06-21 13:44:07', '2024-06-21 13:44:07', 0),
(461, 'itemsmenu', 6, 0, 0, 0, 0, '2024-06-21 13:44:07', '2024-06-21 13:44:07', 0),
(462, 'itemsmenu', 7, 0, 0, 0, 0, '2024-06-21 13:44:07', '2024-06-21 13:44:07', 0),
(463, 'itemsmenu', 8, 0, 0, 0, 0, '2024-06-21 13:44:07', '2024-06-21 13:44:07', 0),
(464, 'itemsmenu', 9, 0, 0, 0, 0, '2024-06-21 13:44:07', '2024-06-21 13:44:07', 0),
(465, 'itemsmenu', 10, 0, 0, 0, 0, '2024-06-21 13:44:07', '2024-06-21 13:44:07', 0),
(466, 'itemsmenu', 11, 0, 0, 0, 0, '2024-06-21 13:44:07', '2024-06-21 13:44:07', 0),
(467, 'itemsmenu', 12, 0, 0, 0, 0, '2024-06-21 13:44:07', '2024-06-21 13:44:07', 0),
(468, 'itemsmenu', 13, 0, 0, 0, 0, '2024-06-21 13:44:07', '2024-06-21 13:44:07', 0),
(469, 'items_types', 1, 1, 1, 1, 1, '2024-06-21 13:44:07', '2024-06-21 13:44:07', 0),
(470, 'items_types', 3, 0, 0, 0, 0, '2024-06-21 13:44:07', '2024-06-21 13:44:07', 0),
(471, 'items_types', 4, 0, 0, 0, 0, '2024-06-21 13:44:07', '2024-06-21 13:44:07', 0),
(472, 'items_types', 5, 0, 0, 0, 0, '2024-06-21 13:44:07', '2024-06-21 13:44:07', 0),
(473, 'items_types', 6, 0, 0, 0, 0, '2024-06-21 13:44:07', '2024-06-21 13:44:07', 0),
(474, 'items_types', 7, 0, 0, 0, 0, '2024-06-21 13:44:07', '2024-06-21 13:44:07', 0),
(475, 'items_types', 8, 0, 0, 0, 0, '2024-06-21 13:44:07', '2024-06-21 13:44:07', 0),
(476, 'items_types', 9, 0, 0, 0, 0, '2024-06-21 13:44:07', '2024-06-21 13:44:07', 0),
(477, 'items_types', 10, 0, 0, 0, 0, '2024-06-21 13:44:07', '2024-06-21 13:44:07', 0),
(478, 'items_types', 11, 0, 0, 0, 0, '2024-06-21 13:44:07', '2024-06-21 13:44:07', 0),
(479, 'items_types', 12, 0, 0, 0, 0, '2024-06-21 13:44:07', '2024-06-21 13:44:07', 0),
(480, 'items_types', 13, 0, 0, 0, 0, '2024-06-21 13:44:07', '2024-06-21 13:44:07', 0),
(481, 'items_categories', 1, 1, 1, 1, 1, '2024-06-21 13:44:07', '2024-06-21 13:44:07', 0),
(482, 'items_categories', 3, 0, 0, 0, 0, '2024-06-21 13:44:07', '2024-06-21 13:44:07', 0),
(483, 'items_categories', 4, 0, 0, 0, 0, '2024-06-21 13:44:07', '2024-06-21 13:44:07', 0),
(484, 'items_categories', 5, 0, 0, 0, 0, '2024-06-21 13:44:07', '2024-06-21 13:44:07', 0),
(485, 'items_categories', 6, 0, 0, 0, 0, '2024-06-21 13:44:07', '2024-06-21 13:44:07', 0),
(486, 'items_categories', 7, 0, 0, 0, 0, '2024-06-21 13:44:07', '2024-06-21 13:44:07', 0),
(487, 'items_categories', 8, 0, 0, 0, 0, '2024-06-21 13:44:07', '2024-06-21 13:44:07', 0),
(488, 'items_categories', 9, 0, 0, 0, 0, '2024-06-21 13:44:07', '2024-06-21 13:44:07', 0),
(489, 'items_categories', 10, 0, 0, 0, 0, '2024-06-21 13:44:07', '2024-06-21 13:44:07', 0),
(490, 'items_categories', 11, 0, 0, 0, 0, '2024-06-21 13:44:07', '2024-06-21 13:44:07', 0),
(491, 'items_categories', 12, 0, 0, 0, 0, '2024-06-21 13:44:07', '2024-06-21 13:44:07', 0),
(492, 'items_categories', 13, 0, 0, 0, 0, '2024-06-21 13:44:07', '2024-06-21 13:44:07', 0),
(493, 'items_sources', 1, 1, 1, 1, 1, '2024-06-21 13:44:07', '2024-06-21 13:44:07', 0),
(494, 'items_sources', 3, 0, 0, 0, 0, '2024-06-21 13:44:07', '2024-06-21 13:44:07', 0),
(495, 'items_sources', 4, 0, 0, 0, 0, '2024-06-21 13:44:07', '2024-06-21 13:44:07', 0),
(496, 'items_sources', 5, 0, 0, 0, 0, '2024-06-21 13:44:07', '2024-06-21 13:44:07', 0),
(497, 'items_sources', 6, 0, 0, 0, 0, '2024-06-21 13:44:07', '2024-06-21 13:44:07', 0),
(498, 'items_sources', 7, 0, 0, 0, 0, '2024-06-21 13:44:07', '2024-06-21 13:44:07', 0),
(499, 'items_sources', 8, 0, 0, 0, 0, '2024-06-21 13:44:07', '2024-06-21 13:44:07', 0),
(500, 'items_sources', 9, 0, 0, 0, 0, '2024-06-21 13:44:07', '2024-06-21 13:44:07', 0),
(501, 'items_sources', 10, 0, 0, 0, 0, '2024-06-21 13:44:07', '2024-06-21 13:44:07', 0),
(502, 'items_sources', 11, 0, 0, 0, 0, '2024-06-21 13:44:07', '2024-06-21 13:44:07', 0),
(503, 'items_sources', 12, 0, 0, 0, 0, '2024-06-21 13:44:07', '2024-06-21 13:44:07', 0),
(504, 'items_sources', 13, 0, 0, 0, 0, '2024-06-21 13:44:07', '2024-06-21 13:44:07', 0),
(505, 'items_units', 1, 1, 1, 1, 1, '2024-06-21 13:44:07', '2024-06-21 13:44:07', 0),
(506, 'items_units', 3, 0, 0, 0, 0, '2024-06-21 13:44:07', '2024-06-21 13:44:07', 0),
(507, 'items_units', 4, 0, 0, 0, 0, '2024-06-21 13:44:07', '2024-06-21 13:44:07', 0),
(508, 'items_units', 5, 0, 0, 0, 0, '2024-06-21 13:44:07', '2024-06-21 13:44:07', 0),
(509, 'items_units', 6, 0, 0, 0, 0, '2024-06-21 13:44:07', '2024-06-21 13:44:07', 0),
(510, 'items_units', 7, 0, 0, 0, 0, '2024-06-21 13:44:07', '2024-06-21 13:44:07', 0),
(511, 'items_units', 8, 0, 0, 0, 0, '2024-06-21 13:44:07', '2024-06-21 13:44:07', 0),
(512, 'items_units', 9, 0, 0, 0, 0, '2024-06-21 13:44:07', '2024-06-21 13:44:07', 0),
(513, 'items_units', 10, 0, 0, 0, 0, '2024-06-21 13:44:07', '2024-06-21 13:44:07', 0),
(514, 'items_units', 11, 0, 0, 0, 0, '2024-06-21 13:44:07', '2024-06-21 13:44:07', 0),
(515, 'items_units', 12, 0, 0, 0, 0, '2024-06-21 13:44:07', '2024-06-21 13:44:07', 0),
(516, 'items_units', 13, 0, 0, 0, 0, '2024-06-21 13:44:07', '2024-06-21 13:44:07', 0),
(517, 'items', 1, 1, 1, 1, 1, '2024-06-21 13:44:07', '2024-06-21 13:44:07', 0),
(518, 'items', 3, 0, 0, 0, 0, '2024-06-21 13:44:07', '2024-06-21 13:44:07', 0),
(519, 'items', 4, 0, 0, 0, 0, '2024-06-21 13:44:07', '2024-06-21 13:44:07', 0),
(520, 'items', 5, 0, 0, 0, 0, '2024-06-21 13:44:07', '2024-06-21 13:44:07', 0),
(521, 'items', 6, 0, 0, 0, 0, '2024-06-21 13:44:07', '2024-06-21 13:44:07', 0),
(522, 'items', 7, 0, 0, 0, 0, '2024-06-21 13:44:07', '2024-06-21 13:44:07', 0),
(523, 'items', 8, 0, 0, 0, 0, '2024-06-21 13:44:07', '2024-06-21 13:44:07', 0),
(524, 'items', 9, 0, 0, 0, 0, '2024-06-21 13:44:07', '2024-06-21 13:44:07', 0),
(525, 'items', 10, 0, 0, 0, 0, '2024-06-21 13:44:07', '2024-06-21 13:44:07', 0),
(526, 'items', 11, 0, 0, 0, 0, '2024-06-21 13:44:07', '2024-06-21 13:44:07', 0),
(527, 'items', 12, 0, 0, 0, 0, '2024-06-21 13:44:07', '2024-06-21 13:44:07', 0),
(528, 'items', 13, 0, 0, 0, 0, '2024-06-21 13:44:07', '2024-06-21 13:44:07', 0),
(529, 'transactionssettingsmenu', 1, 1, 0, 0, 0, '2024-06-21 13:44:07', '2024-06-21 13:44:07', 0),
(530, 'transactionssettingsmenu', 3, 1, 0, 0, 0, '2024-06-21 13:44:07', '2024-06-21 13:44:07', 0),
(531, 'transactionssettingsmenu', 4, 1, 0, 0, 0, '2024-06-21 13:44:07', '2024-06-21 13:44:07', 0),
(532, 'transactionssettingsmenu', 5, 0, 0, 0, 0, '2024-06-21 13:44:07', '2024-06-21 13:44:07', 0),
(533, 'transactionssettingsmenu', 6, 0, 0, 0, 0, '2024-06-21 13:44:07', '2024-06-21 13:44:07', 0),
(534, 'transactionssettingsmenu', 7, 0, 0, 0, 0, '2024-06-21 13:44:07', '2024-06-21 13:44:07', 0),
(535, 'transactionssettingsmenu', 8, 0, 0, 0, 0, '2024-06-21 13:44:07', '2024-06-21 13:44:07', 0),
(536, 'transactionssettingsmenu', 9, 0, 0, 0, 0, '2024-06-21 13:44:07', '2024-06-21 13:44:07', 0),
(537, 'transactionssettingsmenu', 10, 0, 0, 0, 0, '2024-06-21 13:44:07', '2024-06-21 13:44:07', 0),
(538, 'transactionssettingsmenu', 11, 1, 0, 0, 0, '2024-06-21 13:44:07', '2024-06-21 13:44:07', 0),
(539, 'transactionssettingsmenu', 12, 0, 0, 0, 0, '2024-06-21 13:44:07', '2024-06-21 13:44:07', 0),
(540, 'transactionssettingsmenu', 13, 0, 0, 0, 0, '2024-06-21 13:44:07', '2024-06-21 13:44:07', 0),
(541, 'transactions_categories', 1, 1, 0, 0, 0, '2024-06-21 13:44:07', '2024-06-21 13:44:07', 0),
(542, 'transactions_categories', 3, 1, 0, 0, 0, '2024-06-21 13:44:07', '2024-06-21 13:44:07', 0),
(543, 'transactions_categories', 4, 1, 0, 0, 0, '2024-06-21 13:44:07', '2024-06-21 13:44:07', 0),
(544, 'transactions_categories', 5, 0, 0, 0, 0, '2024-06-21 13:44:07', '2024-06-21 13:44:07', 0),
(545, 'transactions_categories', 6, 0, 0, 0, 0, '2024-06-21 13:44:07', '2024-06-21 13:44:07', 0),
(546, 'transactions_categories', 7, 0, 0, 0, 0, '2024-06-21 13:44:07', '2024-06-21 13:44:07', 0),
(547, 'transactions_categories', 8, 0, 0, 0, 0, '2024-06-21 13:44:07', '2024-06-21 13:44:07', 0),
(548, 'transactions_categories', 9, 0, 0, 0, 0, '2024-06-21 13:44:07', '2024-06-21 13:44:07', 0),
(549, 'transactions_categories', 10, 0, 0, 0, 0, '2024-06-21 13:44:07', '2024-06-21 13:44:07', 0),
(550, 'transactions_categories', 11, 1, 0, 0, 0, '2024-06-21 13:44:07', '2024-06-21 13:44:07', 0),
(551, 'transactions_categories', 12, 0, 0, 0, 0, '2024-06-21 13:44:07', '2024-06-21 13:44:07', 0),
(552, 'transactions_categories', 13, 0, 0, 0, 0, '2024-06-21 13:44:07', '2024-06-21 13:44:07', 0),
(553, 'transactions_permissions', 1, 1, 1, 1, 0, '2024-06-21 13:44:07', '2024-06-21 13:44:07', 0),
(554, 'transactions_permissions', 3, 1, 0, 0, 0, '2024-06-21 13:44:07', '2024-06-21 13:44:07', 0),
(555, 'transactions_permissions', 4, 1, 0, 0, 0, '2024-06-21 13:44:07', '2024-06-21 13:44:07', 0),
(556, 'transactions_permissions', 5, 0, 0, 0, 0, '2024-06-21 13:44:07', '2024-06-21 13:44:07', 0),
(557, 'transactions_permissions', 6, 0, 0, 0, 0, '2024-06-21 13:44:07', '2024-06-21 13:44:07', 0),
(558, 'transactions_permissions', 7, 0, 0, 0, 0, '2024-06-21 13:44:07', '2024-06-21 13:44:07', 0),
(559, 'transactions_permissions', 8, 0, 0, 0, 0, '2024-06-21 13:44:07', '2024-06-21 13:44:07', 0),
(560, 'transactions_permissions', 9, 0, 0, 0, 0, '2024-06-21 13:44:07', '2024-06-21 13:44:07', 0),
(561, 'transactions_permissions', 10, 0, 0, 0, 0, '2024-06-21 13:44:07', '2024-06-21 13:44:07', 0),
(562, 'transactions_permissions', 11, 1, 1, 1, 1, '2024-06-21 13:44:07', '2024-06-21 13:44:07', 0),
(563, 'transactions_permissions', 12, 0, 0, 0, 0, '2024-06-21 13:44:07', '2024-06-21 13:44:07', 0),
(564, 'transactions_permissions', 13, 0, 0, 0, 0, '2024-06-21 13:44:07', '2024-06-21 13:44:07', 0),
(565, 'confidentialities', 1, 1, 1, 1, 1, '2024-06-21 13:44:07', '2024-06-21 13:44:07', 0),
(566, 'confidentialities', 3, 1, 0, 0, 0, '2024-06-21 13:44:07', '2024-06-21 13:44:07', 0),
(567, 'confidentialities', 4, 1, 0, 0, 0, '2024-06-21 13:44:07', '2024-06-21 13:44:07', 0),
(568, 'confidentialities', 5, 0, 0, 0, 0, '2024-06-21 13:44:07', '2024-06-21 13:44:07', 0),
(569, 'confidentialities', 6, 0, 0, 0, 0, '2024-06-21 13:44:07', '2024-06-21 13:44:07', 0),
(570, 'confidentialities', 7, 0, 0, 0, 0, '2024-06-21 13:44:07', '2024-06-21 13:44:07', 0),
(571, 'confidentialities', 8, 0, 0, 0, 0, '2024-06-21 13:44:07', '2024-06-21 13:44:07', 0),
(572, 'confidentialities', 9, 0, 0, 0, 0, '2024-06-21 13:44:07', '2024-06-21 13:44:07', 0),
(573, 'confidentialities', 10, 0, 0, 0, 0, '2024-06-21 13:44:07', '2024-06-21 13:44:07', 0),
(574, 'confidentialities', 11, 1, 1, 1, 1, '2024-06-21 13:44:07', '2024-06-21 13:44:07', 0),
(575, 'confidentialities', 12, 0, 0, 0, 0, '2024-06-21 13:44:07', '2024-06-21 13:44:07', 0),
(576, 'confidentialities', 13, 0, 0, 0, 0, '2024-06-21 13:44:07', '2024-06-21 13:44:07', 0),
(577, 'priorities', 1, 1, 1, 1, 1, '2024-06-21 13:44:07', '2024-06-21 13:44:07', 0),
(578, 'priorities', 3, 1, 0, 0, 0, '2024-06-21 13:44:07', '2024-06-21 13:44:07', 0),
(579, 'priorities', 4, 1, 0, 0, 0, '2024-06-21 13:44:07', '2024-06-21 13:44:07', 0),
(580, 'priorities', 5, 0, 0, 0, 0, '2024-06-21 13:44:07', '2024-06-21 13:44:07', 0),
(581, 'priorities', 6, 0, 0, 0, 0, '2024-06-21 13:44:07', '2024-06-21 13:44:07', 0),
(582, 'priorities', 7, 0, 0, 0, 0, '2024-06-21 13:44:07', '2024-06-21 13:44:07', 0),
(583, 'priorities', 8, 0, 0, 0, 0, '2024-06-21 13:44:07', '2024-06-21 13:44:07', 0),
(584, 'priorities', 9, 0, 0, 0, 0, '2024-06-21 13:44:07', '2024-06-21 13:44:07', 0),
(585, 'priorities', 10, 0, 0, 0, 0, '2024-06-21 13:44:07', '2024-06-21 13:44:07', 0),
(586, 'priorities', 11, 1, 1, 1, 1, '2024-06-21 13:44:07', '2024-06-21 13:44:07', 0),
(587, 'priorities', 12, 0, 0, 0, 0, '2024-06-21 13:44:07', '2024-06-21 13:44:07', 0),
(588, 'priorities', 13, 0, 0, 0, 0, '2024-06-21 13:44:07', '2024-06-21 13:44:07', 0),
(589, 'urgencies', 1, 1, 1, 1, 1, '2024-06-21 13:44:07', '2024-06-21 13:44:07', 0),
(590, 'urgencies', 3, 1, 0, 0, 0, '2024-06-21 13:44:07', '2024-06-21 13:44:07', 0);
INSERT INTO `user_privileges` (`id`, `module`, `user_levels_id`, `view`, `add`, `edit`, `delete`, `created_at`, `updated_at`, `scan`) VALUES
(591, 'urgencies', 4, 1, 0, 0, 0, '2024-06-21 13:44:07', '2024-06-21 13:44:07', 0),
(592, 'urgencies', 5, 0, 0, 0, 0, '2024-06-21 13:44:07', '2024-06-21 13:44:07', 0),
(593, 'urgencies', 6, 0, 0, 0, 0, '2024-06-21 13:44:07', '2024-06-21 13:44:07', 0),
(594, 'urgencies', 7, 0, 0, 0, 0, '2024-06-21 13:44:07', '2024-06-21 13:44:07', 0),
(595, 'urgencies', 8, 0, 0, 0, 0, '2024-06-21 13:44:07', '2024-06-21 13:44:07', 0),
(596, 'urgencies', 9, 0, 0, 0, 0, '2024-06-21 13:44:07', '2024-06-21 13:44:07', 0),
(597, 'urgencies', 10, 0, 0, 0, 0, '2024-06-21 13:44:07', '2024-06-21 13:44:07', 0),
(598, 'urgencies', 11, 1, 1, 1, 1, '2024-06-21 13:44:07', '2024-06-21 13:44:07', 0),
(599, 'urgencies', 12, 0, 0, 0, 0, '2024-06-21 13:44:07', '2024-06-21 13:44:07', 0),
(600, 'urgencies', 13, 0, 0, 0, 0, '2024-06-21 13:44:07', '2024-06-21 13:44:07', 0),
(601, 'receivingmethods', 1, 1, 1, 1, 1, '2024-06-21 13:44:07', '2024-06-21 13:44:07', 0),
(602, 'receivingmethods', 3, 1, 0, 0, 0, '2024-06-21 13:44:07', '2024-06-21 13:44:07', 0),
(603, 'receivingmethods', 4, 1, 0, 0, 0, '2024-06-21 13:44:07', '2024-06-21 13:44:07', 0),
(604, 'receivingmethods', 5, 0, 0, 0, 0, '2024-06-21 13:44:07', '2024-06-21 13:44:07', 0),
(605, 'receivingmethods', 6, 0, 0, 0, 0, '2024-06-21 13:44:07', '2024-06-21 13:44:07', 0),
(606, 'receivingmethods', 7, 0, 0, 0, 0, '2024-06-21 13:44:07', '2024-06-21 13:44:07', 0),
(607, 'receivingmethods', 8, 0, 0, 0, 0, '2024-06-21 13:44:07', '2024-06-21 13:44:07', 0),
(608, 'receivingmethods', 9, 0, 0, 0, 0, '2024-06-21 13:44:07', '2024-06-21 13:44:07', 0),
(609, 'receivingmethods', 10, 0, 0, 0, 0, '2024-06-21 13:44:07', '2024-06-21 13:44:07', 0),
(610, 'receivingmethods', 11, 1, 1, 1, 1, '2024-06-21 13:44:07', '2024-06-21 13:44:07', 0),
(611, 'receivingmethods', 12, 0, 0, 0, 0, '2024-06-21 13:44:07', '2024-06-21 13:44:07', 0),
(612, 'receivingmethods', 13, 0, 0, 0, 0, '2024-06-21 13:44:07', '2024-06-21 13:44:07', 0),
(613, 'statuses', 1, 0, 0, 0, 0, '2024-06-21 13:44:07', '2024-06-21 13:44:07', 0),
(614, 'statuses', 3, 0, 0, 0, 0, '2024-06-21 13:44:07', '2024-06-21 13:44:07', 0),
(615, 'statuses', 4, 0, 0, 0, 0, '2024-06-21 13:44:07', '2024-06-21 13:44:07', 0),
(616, 'statuses', 5, 0, 0, 0, 0, '2024-06-21 13:44:07', '2024-06-21 13:44:07', 0),
(617, 'statuses', 6, 0, 0, 0, 0, '2024-06-21 13:44:07', '2024-06-21 13:44:07', 0),
(618, 'statuses', 7, 0, 0, 0, 0, '2024-06-21 13:44:07', '2024-06-21 13:44:07', 0),
(619, 'statuses', 8, 0, 0, 0, 0, '2024-06-21 13:44:07', '2024-06-21 13:44:07', 0),
(620, 'statuses', 9, 0, 0, 0, 0, '2024-06-21 13:44:07', '2024-06-21 13:44:07', 0),
(621, 'statuses', 10, 0, 0, 0, 0, '2024-06-21 13:44:07', '2024-06-21 13:44:07', 0),
(622, 'statuses', 11, 0, 0, 0, 0, '2024-06-21 13:44:07', '2024-06-21 13:44:07', 0),
(623, 'statuses', 12, 0, 0, 0, 0, '2024-06-21 13:44:07', '2024-06-21 13:44:07', 0),
(624, 'statuses', 13, 0, 0, 0, 0, '2024-06-21 13:44:07', '2024-06-21 13:44:07', 0),
(625, 'purposes', 1, 1, 1, 1, 1, '2024-06-21 13:44:07', '2024-06-21 13:44:07', 0),
(626, 'purposes', 3, 1, 0, 0, 0, '2024-06-21 13:44:07', '2024-06-21 13:44:07', 0),
(627, 'purposes', 4, 1, 0, 0, 0, '2024-06-21 13:44:07', '2024-06-21 13:44:07', 0),
(628, 'purposes', 5, 0, 0, 0, 0, '2024-06-21 13:44:07', '2024-06-21 13:44:07', 0),
(629, 'purposes', 6, 0, 0, 0, 0, '2024-06-21 13:44:07', '2024-06-21 13:44:07', 0),
(630, 'purposes', 7, 0, 0, 0, 0, '2024-06-21 13:44:07', '2024-06-21 13:44:07', 0),
(631, 'purposes', 8, 0, 0, 0, 0, '2024-06-21 13:44:07', '2024-06-21 13:44:07', 0),
(632, 'purposes', 9, 0, 0, 0, 0, '2024-06-21 13:44:07', '2024-06-21 13:44:07', 0),
(633, 'purposes', 10, 0, 0, 0, 0, '2024-06-21 13:44:07', '2024-06-21 13:44:07', 0),
(634, 'purposes', 11, 1, 1, 1, 1, '2024-06-21 13:44:07', '2024-06-21 13:44:07', 0),
(635, 'purposes', 12, 0, 0, 0, 0, '2024-06-21 13:44:07', '2024-06-21 13:44:07', 0),
(636, 'purposes', 13, 0, 0, 0, 0, '2024-06-21 13:44:07', '2024-06-21 13:44:07', 0),
(637, 'procedures', 1, 1, 1, 1, 1, '2024-06-21 13:44:07', '2024-06-21 13:44:07', 0),
(638, 'procedures', 3, 1, 0, 0, 0, '2024-06-21 13:44:07', '2024-06-21 13:44:07', 0),
(639, 'procedures', 4, 1, 0, 0, 0, '2024-06-21 13:44:07', '2024-06-21 13:44:07', 0),
(640, 'procedures', 5, 0, 0, 0, 0, '2024-06-21 13:44:07', '2024-06-21 13:44:07', 0),
(641, 'procedures', 6, 0, 0, 0, 0, '2024-06-21 13:44:07', '2024-06-21 13:44:07', 0),
(642, 'procedures', 7, 0, 0, 0, 0, '2024-06-21 13:44:07', '2024-06-21 13:44:07', 0),
(643, 'procedures', 8, 0, 0, 0, 0, '2024-06-21 13:44:07', '2024-06-21 13:44:07', 0),
(644, 'procedures', 9, 0, 0, 0, 0, '2024-06-21 13:44:07', '2024-06-21 13:44:07', 0),
(645, 'procedures', 10, 0, 0, 0, 0, '2024-06-21 13:44:07', '2024-06-21 13:44:07', 0),
(646, 'procedures', 11, 1, 1, 1, 1, '2024-06-21 13:44:07', '2024-06-21 13:44:07', 0),
(647, 'procedures', 12, 0, 0, 0, 0, '2024-06-21 13:44:07', '2024-06-21 13:44:07', 0),
(648, 'procedures', 13, 0, 0, 0, 0, '2024-06-21 13:44:07', '2024-06-21 13:44:07', 0),
(649, 'transactionsdesignmenu', 1, 1, 0, 0, 0, '2024-06-21 13:44:07', '2024-06-21 13:44:07', 0),
(650, 'transactionsdesignmenu', 3, 1, 0, 0, 0, '2024-06-21 13:44:07', '2024-06-21 13:44:07', 0),
(651, 'transactionsdesignmenu', 4, 1, 0, 0, 0, '2024-06-21 13:44:07', '2024-06-21 13:44:07', 0),
(652, 'transactionsdesignmenu', 5, 0, 0, 0, 0, '2024-06-21 13:44:07', '2024-06-21 13:44:07', 0),
(653, 'transactionsdesignmenu', 6, 0, 0, 0, 0, '2024-06-21 13:44:07', '2024-06-21 13:44:07', 0),
(654, 'transactionsdesignmenu', 7, 0, 0, 0, 0, '2024-06-21 13:44:07', '2024-06-21 13:44:07', 0),
(655, 'transactionsdesignmenu', 8, 0, 0, 0, 0, '2024-06-21 13:44:07', '2024-06-21 13:44:07', 0),
(656, 'transactionsdesignmenu', 9, 0, 0, 0, 0, '2024-06-21 13:44:07', '2024-06-21 13:44:07', 0),
(657, 'transactionsdesignmenu', 10, 0, 0, 0, 0, '2024-06-21 13:44:07', '2024-06-21 13:44:07', 0),
(658, 'transactionsdesignmenu', 11, 1, 0, 0, 0, '2024-06-21 13:44:07', '2024-06-21 13:44:07', 0),
(659, 'transactionsdesignmenu', 12, 0, 0, 0, 0, '2024-06-21 13:44:07', '2024-06-21 13:44:07', 0),
(660, 'transactionsdesignmenu', 13, 0, 0, 0, 0, '2024-06-21 13:44:07', '2024-06-21 13:44:07', 0),
(661, 'transactions_types', 1, 1, 1, 1, 1, '2024-06-21 13:44:07', '2024-06-21 13:44:07', 0),
(662, 'transactions_types', 3, 1, 0, 0, 0, '2024-06-21 13:44:07', '2024-06-21 13:44:07', 0),
(663, 'transactions_types', 4, 1, 0, 0, 0, '2024-06-21 13:44:07', '2024-06-21 13:44:07', 0),
(664, 'transactions_types', 5, 0, 0, 0, 0, '2024-06-21 13:44:07', '2024-06-21 13:44:07', 0),
(665, 'transactions_types', 6, 0, 0, 0, 0, '2024-06-21 13:44:07', '2024-06-21 13:44:07', 0),
(666, 'transactions_types', 7, 0, 0, 0, 0, '2024-06-21 13:44:07', '2024-06-21 13:44:07', 0),
(667, 'transactions_types', 8, 0, 0, 0, 0, '2024-06-21 13:44:07', '2024-06-21 13:44:07', 0),
(668, 'transactions_types', 9, 0, 0, 0, 0, '2024-06-21 13:44:07', '2024-06-21 13:44:07', 0),
(669, 'transactions_types', 10, 0, 0, 0, 0, '2024-06-21 13:44:07', '2024-06-21 13:44:07', 0),
(670, 'transactions_types', 11, 1, 1, 1, 1, '2024-06-21 13:44:07', '2024-06-21 13:44:07', 0),
(671, 'transactions_types', 12, 0, 0, 0, 0, '2024-06-21 13:44:07', '2024-06-21 13:44:07', 0),
(672, 'transactions_types', 13, 0, 0, 0, 0, '2024-06-21 13:44:07', '2024-06-21 13:44:07', 0),
(673, 'pages', 1, 1, 1, 1, 1, '2024-06-21 13:44:07', '2024-06-21 13:44:07', 0),
(674, 'pages', 3, 1, 0, 0, 0, '2024-06-21 13:44:07', '2024-06-21 13:44:07', 0),
(675, 'pages', 4, 1, 0, 0, 0, '2024-06-21 13:44:07', '2024-06-21 13:44:07', 0),
(676, 'pages', 5, 0, 0, 0, 0, '2024-06-21 13:44:07', '2024-06-21 13:44:07', 0),
(677, 'pages', 6, 0, 0, 0, 0, '2024-06-21 13:44:07', '2024-06-21 13:44:07', 0),
(678, 'pages', 7, 0, 0, 0, 0, '2024-06-21 13:44:07', '2024-06-21 13:44:07', 0),
(679, 'pages', 8, 0, 0, 0, 0, '2024-06-21 13:44:07', '2024-06-21 13:44:07', 0),
(680, 'pages', 9, 0, 0, 0, 0, '2024-06-21 13:44:07', '2024-06-21 13:44:07', 0),
(681, 'pages', 10, 0, 0, 0, 0, '2024-06-21 13:44:07', '2024-06-21 13:44:07', 0),
(682, 'pages', 11, 1, 1, 1, 1, '2024-06-21 13:44:07', '2024-06-21 13:44:07', 0),
(683, 'pages', 12, 0, 0, 0, 0, '2024-06-21 13:44:07', '2024-06-21 13:44:07', 0),
(684, 'pages', 13, 0, 0, 0, 0, '2024-06-21 13:44:07', '2024-06-21 13:44:07', 0),
(685, 'templates', 1, 1, 1, 1, 1, '2024-06-21 13:44:07', '2024-06-21 13:44:07', 0),
(686, 'templates', 3, 1, 0, 0, 0, '2024-06-21 13:44:07', '2024-06-21 13:44:07', 0),
(687, 'templates', 4, 1, 0, 0, 0, '2024-06-21 13:44:07', '2024-06-21 13:44:07', 0),
(688, 'templates', 5, 0, 0, 0, 0, '2024-06-21 13:44:07', '2024-06-21 13:44:07', 0),
(689, 'templates', 6, 0, 0, 0, 0, '2024-06-21 13:44:07', '2024-06-21 13:44:07', 0),
(690, 'templates', 7, 0, 0, 0, 0, '2024-06-21 13:44:07', '2024-06-21 13:44:07', 0),
(691, 'templates', 8, 0, 0, 0, 0, '2024-06-21 13:44:07', '2024-06-21 13:44:07', 0),
(692, 'templates', 9, 0, 0, 0, 0, '2024-06-21 13:44:07', '2024-06-21 13:44:07', 0),
(693, 'templates', 10, 0, 0, 0, 0, '2024-06-21 13:44:07', '2024-06-21 13:44:07', 0),
(694, 'templates', 11, 1, 1, 1, 1, '2024-06-21 13:44:07', '2024-06-21 13:44:07', 0),
(695, 'templates', 12, 0, 0, 0, 0, '2024-06-21 13:44:07', '2024-06-21 13:44:07', 0),
(696, 'templates', 13, 0, 0, 0, 0, '2024-06-21 13:44:07', '2024-06-21 13:44:07', 0),
(697, 'choices', 1, 1, 1, 1, 1, '2024-06-21 13:44:07', '2024-06-21 13:44:07', 0),
(698, 'choices', 3, 1, 0, 0, 0, '2024-06-21 13:44:07', '2024-06-21 13:44:07', 0),
(699, 'choices', 4, 1, 0, 0, 0, '2024-06-21 13:44:07', '2024-06-21 13:44:07', 0),
(700, 'choices', 5, 0, 0, 0, 0, '2024-06-21 13:44:07', '2024-06-21 13:44:07', 0),
(701, 'choices', 6, 0, 0, 0, 0, '2024-06-21 13:44:07', '2024-06-21 13:44:07', 0),
(702, 'choices', 7, 0, 0, 0, 0, '2024-06-21 13:44:07', '2024-06-21 13:44:07', 0),
(703, 'choices', 8, 0, 0, 0, 0, '2024-06-21 13:44:07', '2024-06-21 13:44:07', 0),
(704, 'choices', 9, 0, 0, 0, 0, '2024-06-21 13:44:07', '2024-06-21 13:44:07', 0),
(705, 'choices', 10, 0, 0, 0, 0, '2024-06-21 13:44:07', '2024-06-21 13:44:07', 0),
(706, 'choices', 11, 1, 1, 1, 1, '2024-06-21 13:44:07', '2024-06-21 13:44:07', 0),
(707, 'choices', 12, 0, 0, 0, 0, '2024-06-21 13:44:07', '2024-06-21 13:44:07', 0),
(708, 'choices', 13, 0, 0, 0, 0, '2024-06-21 13:44:07', '2024-06-21 13:44:07', 0),
(709, 'flows', 1, 1, 1, 1, 1, '2024-06-21 13:44:07', '2024-06-21 13:44:07', 0),
(710, 'flows', 3, 1, 0, 0, 0, '2024-06-21 13:44:07', '2024-06-21 13:44:07', 0),
(711, 'flows', 4, 1, 0, 0, 0, '2024-06-21 13:44:07', '2024-06-21 13:44:07', 0),
(712, 'flows', 5, 0, 0, 0, 0, '2024-06-21 13:44:07', '2024-06-21 13:44:07', 0),
(713, 'flows', 6, 0, 0, 0, 0, '2024-06-21 13:44:07', '2024-06-21 13:44:07', 0),
(714, 'flows', 7, 0, 0, 0, 0, '2024-06-21 13:44:07', '2024-06-21 13:44:07', 0),
(715, 'flows', 8, 0, 0, 0, 0, '2024-06-21 13:44:07', '2024-06-21 13:44:07', 0),
(716, 'flows', 9, 0, 0, 0, 0, '2024-06-21 13:44:07', '2024-06-21 13:44:07', 0),
(717, 'flows', 10, 0, 0, 0, 0, '2024-06-21 13:44:07', '2024-06-21 13:44:07', 0),
(718, 'flows', 11, 1, 1, 1, 1, '2024-06-21 13:44:07', '2024-06-21 13:44:07', 0),
(719, 'flows', 12, 0, 0, 0, 0, '2024-06-21 13:44:07', '2024-06-21 13:44:07', 0),
(720, 'flows', 13, 0, 0, 0, 0, '2024-06-21 13:44:07', '2024-06-21 13:44:07', 0),
(721, 'steps', 1, 1, 1, 1, 1, '2024-06-21 13:44:07', '2024-06-21 13:44:07', 0),
(722, 'steps', 3, 1, 0, 0, 0, '2024-06-21 13:44:07', '2024-06-21 13:44:07', 0),
(723, 'steps', 4, 1, 0, 0, 0, '2024-06-21 13:44:07', '2024-06-21 13:44:07', 0),
(724, 'steps', 5, 0, 0, 0, 0, '2024-06-21 13:44:07', '2024-06-21 13:44:07', 0),
(725, 'steps', 6, 0, 0, 0, 0, '2024-06-21 13:44:07', '2024-06-21 13:44:07', 0),
(726, 'steps', 7, 0, 0, 0, 0, '2024-06-21 13:44:07', '2024-06-21 13:44:07', 0),
(727, 'steps', 8, 0, 0, 0, 0, '2024-06-21 13:44:07', '2024-06-21 13:44:07', 0),
(728, 'steps', 9, 0, 0, 0, 0, '2024-06-21 13:44:07', '2024-06-21 13:44:07', 0),
(729, 'steps', 10, 0, 0, 0, 0, '2024-06-21 13:44:07', '2024-06-21 13:44:07', 0),
(730, 'steps', 11, 1, 1, 1, 1, '2024-06-21 13:44:07', '2024-06-21 13:44:07', 0),
(731, 'steps', 12, 0, 0, 0, 0, '2024-06-21 13:44:07', '2024-06-21 13:44:07', 0),
(732, 'steps', 13, 0, 0, 0, 0, '2024-06-21 13:44:07', '2024-06-21 13:44:07', 0),
(733, 'connections', 1, 1, 1, 1, 1, '2024-06-21 13:44:08', '2024-06-21 13:44:08', 0),
(734, 'connections', 3, 1, 1, 1, 0, '2024-06-21 13:44:08', '2024-06-21 13:44:08', 0),
(735, 'connections', 4, 1, 1, 1, 0, '2024-06-21 13:44:08', '2024-06-21 13:44:08', 0),
(736, 'connections', 5, 1, 1, 1, 0, '2024-06-21 13:44:08', '2024-06-21 13:44:08', 0),
(737, 'connections', 6, 1, 1, 1, 0, '2024-06-21 13:44:08', '2024-06-21 13:44:08', 0),
(738, 'connections', 7, 1, 1, 1, 0, '2024-06-21 13:44:08', '2024-06-21 13:44:08', 0),
(739, 'connections', 8, 1, 1, 1, 0, '2024-06-21 13:44:08', '2024-06-21 13:44:08', 0),
(740, 'connections', 9, 1, 1, 1, 0, '2024-06-21 13:44:08', '2024-06-21 13:44:08', 0),
(741, 'connections', 10, 1, 1, 1, 0, '2024-06-21 13:44:08', '2024-06-21 13:44:08', 0),
(742, 'connections', 11, 1, 1, 1, 1, '2024-06-21 13:44:08', '2024-06-21 13:44:08', 0),
(743, 'connections', 12, 1, 1, 1, 0, '2024-06-21 13:44:08', '2024-06-21 13:44:08', 0),
(744, 'connections', 13, 1, 1, 1, 0, '2024-06-21 13:44:08', '2024-06-21 13:44:08', 0),
(745, 'comments', 1, 1, 1, 0, 0, '2024-06-21 13:44:08', '2024-06-21 13:44:08', 0),
(746, 'comments', 3, 1, 1, 0, 0, '2024-06-21 13:44:08', '2024-06-21 13:44:08', 0),
(747, 'comments', 4, 1, 1, 0, 0, '2024-06-21 13:44:08', '2024-06-21 13:44:08', 0),
(748, 'comments', 5, 1, 1, 0, 0, '2024-06-21 13:44:08', '2024-06-21 13:44:08', 0),
(749, 'comments', 6, 1, 1, 0, 0, '2024-06-21 13:44:08', '2024-06-21 13:44:08', 0),
(750, 'comments', 7, 1, 1, 0, 0, '2024-06-21 13:44:08', '2024-06-21 13:44:08', 0),
(751, 'comments', 8, 1, 1, 0, 0, '2024-06-21 13:44:08', '2024-06-21 13:44:08', 0),
(752, 'comments', 9, 1, 1, 0, 0, '2024-06-21 13:44:08', '2024-06-21 13:44:08', 0),
(753, 'comments', 10, 1, 1, 0, 0, '2024-06-21 13:44:08', '2024-06-21 13:44:08', 0),
(754, 'comments', 11, 1, 1, 0, 0, '2024-06-21 13:44:08', '2024-06-21 13:44:08', 0),
(755, 'comments', 12, 1, 1, 0, 0, '2024-06-21 13:44:08', '2024-06-21 13:44:08', 0),
(756, 'comments', 13, 1, 1, 0, 0, '2024-06-21 13:44:08', '2024-06-21 13:44:08', 0),
(757, 'attachments', 1, 1, 1, 1, 1, '2024-06-21 13:44:08', '2024-06-21 13:44:08', 1),
(758, 'attachments', 3, 1, 1, 1, 1, '2024-06-21 13:44:08', '2024-06-21 13:44:08', 1),
(759, 'attachments', 4, 1, 1, 1, 1, '2024-06-21 13:44:08', '2024-06-21 13:44:08', 1),
(760, 'attachments', 5, 1, 1, 1, 1, '2024-06-21 13:44:08', '2024-06-21 13:44:08', 1),
(761, 'attachments', 6, 1, 1, 1, 1, '2024-06-21 13:44:08', '2024-06-21 13:44:08', 1),
(762, 'attachments', 7, 1, 0, 0, 0, '2024-06-21 13:44:08', '2024-06-21 13:44:08', 0),
(763, 'attachments', 8, 1, 0, 0, 0, '2024-06-21 13:44:08', '2024-06-21 13:44:08', 0),
(764, 'attachments', 9, 1, 0, 0, 0, '2024-06-21 13:44:08', '2024-06-21 13:44:08', 0),
(765, 'attachments', 10, 1, 0, 0, 0, '2024-06-21 13:44:08', '2024-06-21 13:44:08', 0),
(766, 'attachments', 11, 1, 1, 1, 1, '2024-06-21 13:44:08', '2024-06-21 13:44:08', 0),
(767, 'attachments', 12, 1, 1, 1, 1, '2024-06-21 13:44:08', '2024-06-21 13:44:08', 0),
(768, 'attachments', 13, 1, 1, 1, 1, '2024-06-21 13:44:08', '2024-06-21 13:44:08', 0),
(769, 'transactions_logs', 1, 1, 0, 0, 0, '2024-06-21 13:44:08', '2024-06-21 13:44:08', 0),
(770, 'transactions_logs', 3, 1, 0, 0, 0, '2024-06-21 13:44:08', '2024-06-21 13:44:08', 0),
(771, 'transactions_logs', 4, 1, 0, 0, 0, '2024-06-21 13:44:08', '2024-06-21 13:44:08', 0),
(772, 'transactions_logs', 5, 1, 0, 0, 0, '2024-06-21 13:44:08', '2024-06-21 13:44:08', 0),
(773, 'transactions_logs', 6, 0, 0, 0, 0, '2024-06-21 13:44:08', '2024-06-21 13:44:08', 0),
(774, 'transactions_logs', 7, 0, 0, 0, 0, '2024-06-21 13:44:08', '2024-06-21 13:44:08', 0),
(775, 'transactions_logs', 8, 0, 0, 0, 0, '2024-06-21 13:44:08', '2024-06-21 13:44:08', 0),
(776, 'transactions_logs', 9, 0, 0, 0, 0, '2024-06-21 13:44:08', '2024-06-21 13:44:08', 0),
(777, 'transactions_logs', 10, 0, 0, 0, 0, '2024-06-21 13:44:08', '2024-06-21 13:44:08', 0),
(778, 'transactions_logs', 11, 1, 0, 0, 0, '2024-06-21 13:44:08', '2024-06-21 13:44:08', 0),
(779, 'transactions_logs', 12, 0, 0, 0, 0, '2024-06-21 13:44:08', '2024-06-21 13:44:08', 0),
(780, 'transactions_logs', 13, 0, 0, 0, 0, '2024-06-21 13:44:08', '2024-06-21 13:44:08', 0),
(781, 'transactionsmenu', 1, 1, 0, 0, 0, '2024-06-21 13:44:08', '2024-06-21 13:44:08', 0),
(782, 'transactionsmenu', 3, 1, 0, 0, 0, '2024-06-21 13:44:08', '2024-06-21 13:44:08', 0),
(783, 'transactionsmenu', 4, 1, 0, 0, 0, '2024-06-21 13:44:08', '2024-06-21 13:44:08', 0),
(784, 'transactionsmenu', 5, 0, 0, 0, 0, '2024-06-21 13:44:08', '2024-06-21 13:44:08', 0),
(785, 'transactionsmenu', 6, 0, 0, 0, 0, '2024-06-21 13:44:08', '2024-06-21 13:44:08', 0),
(786, 'transactionsmenu', 7, 0, 0, 0, 0, '2024-06-21 13:44:08', '2024-06-21 13:44:08', 0),
(787, 'transactionsmenu', 8, 0, 0, 0, 0, '2024-06-21 13:44:08', '2024-06-21 13:44:08', 0),
(788, 'transactionsmenu', 9, 0, 0, 0, 0, '2024-06-21 13:44:08', '2024-06-21 13:44:08', 0),
(789, 'transactionsmenu', 10, 0, 0, 0, 0, '2024-06-21 13:44:08', '2024-06-21 13:44:08', 0),
(790, 'transactionsmenu', 11, 1, 0, 0, 0, '2024-06-21 13:44:08', '2024-06-21 13:44:08', 0),
(791, 'transactionsmenu', 12, 0, 0, 0, 0, '2024-06-21 13:44:08', '2024-06-21 13:44:08', 0),
(792, 'transactionsmenu', 13, 0, 0, 0, 0, '2024-06-21 13:44:08', '2024-06-21 13:44:08', 0),
(793, 'outgoings', 1, 1, 1, 1, 1, '2024-06-21 13:44:08', '2024-06-21 13:44:08', 0),
(794, 'outgoings', 3, 1, 1, 1, 1, '2024-06-21 13:44:08', '2024-06-21 13:44:08', 0),
(795, 'outgoings', 4, 1, 1, 1, 1, '2024-06-21 13:44:08', '2024-06-21 13:44:08', 0),
(796, 'outgoings', 5, 0, 1, 0, 0, '2024-06-21 13:44:08', '2024-06-21 13:44:08', 0),
(797, 'outgoings', 6, 0, 1, 0, 0, '2024-06-21 13:44:08', '2024-06-21 13:44:08', 0),
(798, 'outgoings', 7, 0, 1, 0, 0, '2024-06-21 13:44:08', '2024-06-21 13:44:08', 0),
(799, 'outgoings', 8, 0, 1, 0, 0, '2024-06-21 13:44:08', '2024-06-21 13:44:08', 0),
(800, 'outgoings', 9, 0, 1, 0, 0, '2024-06-21 13:44:08', '2024-06-21 13:44:08', 0),
(801, 'outgoings', 10, 0, 1, 0, 0, '2024-06-21 13:44:08', '2024-06-21 13:44:08', 0),
(802, 'outgoings', 11, 1, 1, 1, 1, '2024-06-21 13:44:08', '2024-06-21 13:44:08', 0),
(803, 'outgoings', 12, 0, 1, 0, 0, '2024-06-21 13:44:08', '2024-06-21 13:44:08', 0),
(804, 'outgoings', 13, 0, 0, 0, 0, '2024-06-21 13:44:08', '2024-06-21 13:44:08', 0),
(805, 'incomings', 1, 1, 1, 1, 1, '2024-06-21 13:44:08', '2024-06-21 13:44:08', 0),
(806, 'incomings', 3, 1, 1, 1, 1, '2024-06-21 13:44:08', '2024-06-21 13:44:08', 0),
(807, 'incomings', 4, 1, 1, 1, 1, '2024-06-21 13:44:08', '2024-06-21 13:44:08', 0),
(808, 'incomings', 5, 0, 1, 0, 0, '2024-06-21 13:44:08', '2024-06-21 13:44:08', 0),
(809, 'incomings', 6, 0, 1, 0, 0, '2024-06-21 13:44:08', '2024-06-21 13:44:08', 0),
(810, 'incomings', 7, 0, 1, 0, 0, '2024-06-21 13:44:08', '2024-06-21 13:44:08', 0),
(811, 'incomings', 8, 0, 1, 0, 0, '2024-06-21 13:44:08', '2024-06-21 13:44:08', 0),
(812, 'incomings', 9, 0, 1, 0, 0, '2024-06-21 13:44:08', '2024-06-21 13:44:08', 0),
(813, 'incomings', 10, 0, 1, 0, 0, '2024-06-21 13:44:08', '2024-06-21 13:44:08', 0),
(814, 'incomings', 11, 1, 1, 1, 1, '2024-06-21 13:44:08', '2024-06-21 13:44:08', 0),
(815, 'incomings', 12, 0, 1, 0, 0, '2024-06-21 13:44:08', '2024-06-21 13:44:08', 0),
(816, 'incomings', 13, 0, 0, 0, 0, '2024-06-21 13:44:08', '2024-06-21 13:44:08', 0),
(817, 'internals', 1, 1, 1, 1, 1, '2024-06-21 13:44:08', '2024-06-21 13:44:08', 0),
(818, 'internals', 3, 1, 1, 1, 1, '2024-06-21 13:44:08', '2024-06-21 13:44:08', 0),
(819, 'internals', 4, 1, 1, 1, 1, '2024-06-21 13:44:08', '2024-06-21 13:44:08', 0),
(820, 'internals', 5, 0, 1, 0, 0, '2024-06-21 13:44:08', '2024-06-21 13:44:08', 0),
(821, 'internals', 6, 0, 1, 0, 0, '2024-06-21 13:44:08', '2024-06-21 13:44:08', 0),
(822, 'internals', 7, 0, 1, 0, 0, '2024-06-21 13:44:08', '2024-06-21 13:44:08', 0),
(823, 'internals', 8, 0, 1, 0, 0, '2024-06-21 13:44:08', '2024-06-21 13:44:08', 0),
(824, 'internals', 9, 0, 1, 0, 0, '2024-06-21 13:44:08', '2024-06-21 13:44:08', 0),
(825, 'internals', 10, 0, 1, 0, 0, '2024-06-21 13:44:08', '2024-06-21 13:44:08', 0),
(826, 'internals', 11, 1, 1, 1, 1, '2024-06-21 13:44:08', '2024-06-21 13:44:08', 0),
(827, 'internals', 12, 0, 1, 0, 0, '2024-06-21 13:44:08', '2024-06-21 13:44:08', 0),
(828, 'internals', 13, 0, 0, 0, 0, '2024-06-21 13:44:08', '2024-06-21 13:44:08', 0),
(829, 'archivesettingssmenu', 1, 0, 0, 0, 0, '2024-06-21 13:44:08', '2024-06-21 13:44:08', 0),
(830, 'archivesettingssmenu', 3, 0, 0, 0, 0, '2024-06-21 13:44:08', '2024-06-21 13:44:08', 0),
(831, 'archivesettingssmenu', 4, 0, 0, 0, 0, '2024-06-21 13:44:08', '2024-06-21 13:44:08', 0),
(832, 'archivesettingssmenu', 5, 0, 0, 0, 0, '2024-06-21 13:44:08', '2024-06-21 13:44:08', 0),
(833, 'archivesettingssmenu', 6, 0, 0, 0, 0, '2024-06-21 13:44:08', '2024-06-21 13:44:08', 0),
(834, 'archivesettingssmenu', 7, 0, 0, 0, 0, '2024-06-21 13:44:08', '2024-06-21 13:44:08', 0),
(835, 'archivesettingssmenu', 8, 0, 0, 0, 0, '2024-06-21 13:44:08', '2024-06-21 13:44:08', 0),
(836, 'archivesettingssmenu', 9, 0, 0, 0, 0, '2024-06-21 13:44:08', '2024-06-21 13:44:08', 0),
(837, 'archivesettingssmenu', 10, 0, 0, 0, 0, '2024-06-21 13:44:08', '2024-06-21 13:44:08', 0),
(838, 'archivesettingssmenu', 11, 0, 0, 0, 0, '2024-06-21 13:44:08', '2024-06-21 13:44:08', 0),
(839, 'archivesettingssmenu', 12, 0, 0, 0, 0, '2024-06-21 13:44:08', '2024-06-21 13:44:08', 0),
(840, 'archivesettingssmenu', 13, 0, 0, 0, 0, '2024-06-21 13:44:08', '2024-06-21 13:44:08', 0),
(841, 'cabinets', 1, 0, 0, 0, 0, '2024-06-21 13:44:08', '2024-06-21 13:44:08', 0),
(842, 'cabinets', 3, 0, 0, 0, 0, '2024-06-21 13:44:08', '2024-06-21 13:44:08', 0),
(843, 'cabinets', 4, 0, 0, 0, 0, '2024-06-21 13:44:08', '2024-06-21 13:44:08', 0),
(844, 'cabinets', 5, 0, 0, 0, 0, '2024-06-21 13:44:08', '2024-06-21 13:44:08', 0),
(845, 'cabinets', 6, 0, 0, 0, 0, '2024-06-21 13:44:08', '2024-06-21 13:44:08', 0),
(846, 'cabinets', 7, 0, 0, 0, 0, '2024-06-21 13:44:08', '2024-06-21 13:44:08', 0),
(847, 'cabinets', 8, 0, 0, 0, 0, '2024-06-21 13:44:08', '2024-06-21 13:44:08', 0),
(848, 'cabinets', 9, 0, 0, 0, 0, '2024-06-21 13:44:08', '2024-06-21 13:44:08', 0),
(849, 'cabinets', 10, 0, 0, 0, 0, '2024-06-21 13:44:08', '2024-06-21 13:44:08', 0),
(850, 'cabinets', 11, 0, 0, 0, 0, '2024-06-21 13:44:08', '2024-06-21 13:44:08', 0),
(851, 'cabinets', 12, 0, 0, 0, 0, '2024-06-21 13:44:08', '2024-06-21 13:44:08', 0),
(852, 'cabinets', 13, 0, 0, 0, 0, '2024-06-21 13:44:08', '2024-06-21 13:44:08', 0),
(853, 'folders', 1, 0, 0, 0, 0, '2024-06-21 13:44:08', '2024-06-21 13:44:08', 0),
(854, 'folders', 3, 0, 0, 0, 0, '2024-06-21 13:44:08', '2024-06-21 13:44:08', 0),
(855, 'folders', 4, 0, 0, 0, 0, '2024-06-21 13:44:08', '2024-06-21 13:44:08', 0),
(856, 'folders', 5, 0, 0, 0, 0, '2024-06-21 13:44:08', '2024-06-21 13:44:08', 0),
(857, 'folders', 6, 0, 0, 0, 0, '2024-06-21 13:44:08', '2024-06-21 13:44:08', 0),
(858, 'folders', 7, 0, 0, 0, 0, '2024-06-21 13:44:08', '2024-06-21 13:44:08', 0),
(859, 'folders', 8, 0, 0, 0, 0, '2024-06-21 13:44:08', '2024-06-21 13:44:08', 0),
(860, 'folders', 9, 0, 0, 0, 0, '2024-06-21 13:44:08', '2024-06-21 13:44:08', 0),
(861, 'folders', 10, 0, 0, 0, 0, '2024-06-21 13:44:08', '2024-06-21 13:44:08', 0),
(862, 'folders', 11, 0, 0, 0, 0, '2024-06-21 13:44:08', '2024-06-21 13:44:08', 0),
(863, 'folders', 12, 0, 0, 0, 0, '2024-06-21 13:44:08', '2024-06-21 13:44:08', 0),
(864, 'folders', 13, 0, 0, 0, 0, '2024-06-21 13:44:08', '2024-06-21 13:44:08', 0),
(865, 'cabinets_permissions', 1, 1, 1, 1, 1, '2024-06-21 13:44:08', '2024-06-21 13:44:08', 0),
(866, 'cabinets_permissions', 3, 0, 0, 0, 0, '2024-06-21 13:44:08', '2024-06-21 13:44:08', 0),
(867, 'cabinets_permissions', 4, 0, 0, 0, 0, '2024-06-21 13:44:08', '2024-06-21 13:44:08', 0),
(868, 'cabinets_permissions', 5, 0, 0, 0, 0, '2024-06-21 13:44:08', '2024-06-21 13:44:08', 0),
(869, 'cabinets_permissions', 6, 0, 0, 0, 0, '2024-06-21 13:44:08', '2024-06-21 13:44:08', 0),
(870, 'cabinets_permissions', 7, 0, 0, 0, 0, '2024-06-21 13:44:08', '2024-06-21 13:44:08', 0),
(871, 'cabinets_permissions', 8, 0, 0, 0, 0, '2024-06-21 13:44:08', '2024-06-21 13:44:08', 0),
(872, 'cabinets_permissions', 9, 0, 0, 0, 0, '2024-06-21 13:44:08', '2024-06-21 13:44:08', 0),
(873, 'cabinets_permissions', 10, 0, 0, 0, 0, '2024-06-21 13:44:08', '2024-06-21 13:44:08', 0),
(874, 'cabinets_permissions', 11, 1, 1, 1, 1, '2024-06-21 13:44:08', '2024-06-21 13:44:08', 0),
(875, 'cabinets_permissions', 12, 0, 0, 0, 0, '2024-06-21 13:44:08', '2024-06-21 13:44:08', 0),
(876, 'cabinets_permissions', 13, 0, 0, 0, 0, '2024-06-21 13:44:08', '2024-06-21 13:44:08', 0),
(877, 'shares', 1, 1, 1, 1, 1, '2024-06-21 13:44:08', '2024-06-21 13:44:08', 0),
(878, 'shares', 3, 1, 1, 1, 0, '2024-06-21 13:44:08', '2024-06-21 13:44:08', 0),
(879, 'shares', 4, 1, 1, 1, 0, '2024-06-21 13:44:08', '2024-06-21 13:44:08', 0),
(880, 'shares', 5, 1, 1, 1, 0, '2024-06-21 13:44:08', '2024-06-21 13:44:08', 0),
(881, 'shares', 6, 1, 1, 1, 0, '2024-06-21 13:44:08', '2024-06-21 13:44:08', 0),
(882, 'shares', 7, 0, 0, 0, 0, '2024-06-21 13:44:08', '2024-06-21 13:44:08', 0),
(883, 'shares', 8, 0, 0, 0, 0, '2024-06-21 13:44:08', '2024-06-21 13:44:08', 0),
(884, 'shares', 9, 0, 0, 0, 0, '2024-06-21 13:44:08', '2024-06-21 13:44:08', 0),
(885, 'shares', 10, 0, 0, 0, 0, '2024-06-21 13:44:08', '2024-06-21 13:44:08', 0),
(886, 'shares', 11, 1, 1, 1, 1, '2024-06-21 13:44:08', '2024-06-21 13:44:08', 0),
(887, 'shares', 12, 0, 0, 0, 0, '2024-06-21 13:44:08', '2024-06-21 13:44:08', 0),
(888, 'shares', 13, 0, 0, 0, 0, '2024-06-21 13:44:08', '2024-06-21 13:44:08', 0),
(889, 'files_shares', 1, 1, 1, 1, 1, '2024-06-21 13:44:08', '2024-06-21 13:44:08', 0),
(890, 'files_shares', 3, 1, 1, 1, 0, '2024-06-21 13:44:08', '2024-06-21 13:44:08', 0),
(891, 'files_shares', 4, 1, 1, 1, 0, '2024-06-21 13:44:08', '2024-06-21 13:44:08', 0),
(892, 'files_shares', 5, 1, 1, 1, 0, '2024-06-21 13:44:08', '2024-06-21 13:44:08', 0),
(893, 'files_shares', 6, 1, 1, 0, 0, '2024-06-21 13:44:08', '2024-06-21 13:44:08', 0),
(894, 'files_shares', 7, 0, 0, 0, 0, '2024-06-21 13:44:08', '2024-06-21 13:44:08', 0),
(895, 'files_shares', 8, 0, 0, 0, 0, '2024-06-21 13:44:08', '2024-06-21 13:44:08', 0),
(896, 'files_shares', 9, 0, 0, 0, 0, '2024-06-21 13:44:08', '2024-06-21 13:44:08', 0),
(897, 'files_shares', 10, 0, 0, 0, 0, '2024-06-21 13:44:08', '2024-06-21 13:44:08', 0),
(898, 'files_shares', 11, 1, 1, 1, 1, '2024-06-21 13:44:08', '2024-06-21 13:44:08', 0),
(899, 'files_shares', 12, 0, 0, 0, 0, '2024-06-21 13:44:08', '2024-06-21 13:44:08', 0),
(900, 'files_shares', 13, 0, 0, 0, 0, '2024-06-21 13:44:08', '2024-06-21 13:44:08', 0),
(901, 'archivemenu', 1, 1, 0, 0, 0, '2024-06-21 13:44:08', '2024-06-21 13:44:08', 0),
(902, 'archivemenu', 3, 1, 0, 0, 0, '2024-06-21 13:44:08', '2024-06-21 13:44:08', 0),
(903, 'archivemenu', 4, 1, 0, 0, 0, '2024-06-21 13:44:08', '2024-06-21 13:44:08', 0),
(904, 'archivemenu', 5, 1, 0, 0, 0, '2024-06-21 13:44:08', '2024-06-21 13:44:08', 0),
(905, 'archivemenu', 6, 0, 0, 0, 0, '2024-06-21 13:44:08', '2024-06-21 13:44:08', 0),
(906, 'archivemenu', 7, 0, 0, 0, 0, '2024-06-21 13:44:08', '2024-06-21 13:44:08', 0),
(907, 'archivemenu', 8, 0, 0, 0, 0, '2024-06-21 13:44:08', '2024-06-21 13:44:08', 0),
(908, 'archivemenu', 9, 0, 0, 0, 0, '2024-06-21 13:44:08', '2024-06-21 13:44:08', 0),
(909, 'archivemenu', 10, 0, 0, 0, 0, '2024-06-21 13:44:08', '2024-06-21 13:44:08', 0),
(910, 'archivemenu', 11, 1, 0, 0, 0, '2024-06-21 13:44:08', '2024-06-21 13:44:08', 0),
(911, 'archivemenu', 12, 0, 0, 0, 0, '2024-06-21 13:44:08', '2024-06-21 13:44:08', 0),
(912, 'archivemenu', 13, 0, 0, 0, 0, '2024-06-21 13:44:08', '2024-06-21 13:44:08', 0),
(913, 'archive/outgoings', 1, 1, 0, 0, 0, '2024-06-21 13:44:08', '2024-06-21 13:44:08', 0),
(914, 'archive/outgoings', 3, 1, 0, 0, 0, '2024-06-21 13:44:08', '2024-06-21 13:44:08', 0),
(915, 'archive/outgoings', 4, 1, 0, 0, 0, '2024-06-21 13:44:08', '2024-06-21 13:44:08', 0),
(916, 'archive/outgoings', 5, 1, 0, 0, 0, '2024-06-21 13:44:08', '2024-06-21 13:44:08', 0),
(917, 'archive/outgoings', 6, 0, 0, 0, 0, '2024-06-21 13:44:08', '2024-06-21 13:44:08', 0),
(918, 'archive/outgoings', 7, 0, 0, 0, 0, '2024-06-21 13:44:08', '2024-06-21 13:44:08', 0),
(919, 'archive/outgoings', 8, 0, 0, 0, 0, '2024-06-21 13:44:08', '2024-06-21 13:44:08', 0),
(920, 'archive/outgoings', 9, 0, 0, 0, 0, '2024-06-21 13:44:08', '2024-06-21 13:44:08', 0),
(921, 'archive/outgoings', 10, 0, 0, 0, 0, '2024-06-21 13:44:08', '2024-06-21 13:44:08', 0),
(922, 'archive/outgoings', 11, 1, 0, 0, 0, '2024-06-21 13:44:08', '2024-06-21 13:44:08', 0),
(923, 'archive/outgoings', 12, 0, 0, 0, 0, '2024-06-21 13:44:08', '2024-06-21 13:44:08', 0),
(924, 'archive/outgoings', 13, 0, 0, 0, 0, '2024-06-21 13:44:08', '2024-06-21 13:44:08', 0),
(925, 'archive/incomings', 1, 1, 0, 0, 0, '2024-06-21 13:44:08', '2024-06-21 13:44:08', 0),
(926, 'archive/incomings', 3, 1, 0, 0, 0, '2024-06-21 13:44:08', '2024-06-21 13:44:08', 0),
(927, 'archive/incomings', 4, 1, 0, 0, 0, '2024-06-21 13:44:08', '2024-06-21 13:44:08', 0),
(928, 'archive/incomings', 5, 1, 0, 0, 0, '2024-06-21 13:44:08', '2024-06-21 13:44:08', 0),
(929, 'archive/incomings', 6, 0, 0, 0, 0, '2024-06-21 13:44:08', '2024-06-21 13:44:08', 0),
(930, 'archive/incomings', 7, 0, 0, 0, 0, '2024-06-21 13:44:08', '2024-06-21 13:44:08', 0),
(931, 'archive/incomings', 8, 0, 0, 0, 0, '2024-06-21 13:44:08', '2024-06-21 13:44:08', 0),
(932, 'archive/incomings', 9, 0, 0, 0, 0, '2024-06-21 13:44:08', '2024-06-21 13:44:08', 0),
(933, 'archive/incomings', 10, 0, 0, 0, 0, '2024-06-21 13:44:08', '2024-06-21 13:44:08', 0),
(934, 'archive/incomings', 11, 1, 0, 0, 0, '2024-06-21 13:44:08', '2024-06-21 13:44:08', 0),
(935, 'archive/incomings', 12, 0, 0, 0, 0, '2024-06-21 13:44:08', '2024-06-21 13:44:08', 0),
(936, 'archive/incomings', 13, 0, 0, 0, 0, '2024-06-21 13:44:08', '2024-06-21 13:44:08', 0),
(937, 'archive/internals', 1, 1, 0, 0, 0, '2024-06-21 13:44:08', '2024-06-21 13:44:08', 0),
(938, 'archive/internals', 3, 1, 0, 0, 0, '2024-06-21 13:44:08', '2024-06-21 13:44:08', 0),
(939, 'archive/internals', 4, 1, 0, 0, 0, '2024-06-21 13:44:08', '2024-06-21 13:44:08', 0),
(940, 'archive/internals', 5, 1, 0, 0, 0, '2024-06-21 13:44:08', '2024-06-21 13:44:08', 0),
(941, 'archive/internals', 6, 0, 0, 0, 0, '2024-06-21 13:44:08', '2024-06-21 13:44:08', 0),
(942, 'archive/internals', 7, 0, 0, 0, 0, '2024-06-21 13:44:08', '2024-06-21 13:44:08', 0),
(943, 'archive/internals', 8, 0, 0, 0, 0, '2024-06-21 13:44:08', '2024-06-21 13:44:08', 0),
(944, 'archive/internals', 9, 0, 0, 0, 0, '2024-06-21 13:44:08', '2024-06-21 13:44:08', 0),
(945, 'archive/internals', 10, 0, 0, 0, 0, '2024-06-21 13:44:08', '2024-06-21 13:44:08', 0),
(946, 'archive/internals', 11, 1, 0, 0, 0, '2024-06-21 13:44:08', '2024-06-21 13:44:08', 0),
(947, 'archive/internals', 12, 0, 0, 0, 0, '2024-06-21 13:44:08', '2024-06-21 13:44:08', 0),
(948, 'archive/internals', 13, 0, 0, 0, 0, '2024-06-21 13:44:08', '2024-06-21 13:44:08', 0),
(949, 'reports', 1, 1, 0, 0, 0, '2024-06-21 13:44:08', '2024-06-21 13:44:08', 0),
(950, 'reports', 3, 1, 0, 0, 0, '2024-06-21 13:44:08', '2024-06-21 13:44:08', 0),
(951, 'reports', 4, 1, 0, 0, 0, '2024-06-21 13:44:08', '2024-06-21 13:44:08', 0),
(952, 'reports', 5, 1, 0, 0, 0, '2024-06-21 13:44:08', '2024-06-21 13:44:08', 0),
(953, 'reports', 6, 0, 0, 0, 0, '2024-06-21 13:44:08', '2024-06-21 13:44:08', 0),
(954, 'reports', 7, 0, 0, 0, 0, '2024-06-21 13:44:08', '2024-06-21 13:44:08', 0),
(955, 'reports', 8, 0, 0, 0, 0, '2024-06-21 13:44:08', '2024-06-21 13:44:08', 0),
(956, 'reports', 9, 0, 0, 0, 0, '2024-06-21 13:44:08', '2024-06-21 13:44:08', 0),
(957, 'reports', 10, 0, 0, 0, 0, '2024-06-21 13:44:08', '2024-06-21 13:44:08', 0),
(958, 'reports', 11, 1, 0, 0, 0, '2024-06-21 13:44:08', '2024-06-21 13:44:08', 0),
(959, 'reports', 12, 0, 0, 0, 0, '2024-06-21 13:44:08', '2024-06-21 13:44:08', 0),
(960, 'reports', 13, 0, 0, 0, 0, '2024-06-21 13:44:08', '2024-06-21 13:44:08', 0),
(961, 'transactions_logs_report', 1, 1, 0, 0, 0, '2024-06-21 13:44:08', '2024-06-21 13:44:08', 0),
(962, 'transactions_logs_report', 3, 1, 0, 0, 0, '2024-06-21 13:44:08', '2024-06-21 13:44:08', 0),
(963, 'transactions_logs_report', 4, 1, 0, 0, 0, '2024-06-21 13:44:08', '2024-06-21 13:44:08', 0),
(964, 'transactions_logs_report', 5, 0, 0, 0, 0, '2024-06-21 13:44:08', '2024-06-21 13:44:08', 0),
(965, 'transactions_logs_report', 6, 0, 0, 0, 0, '2024-06-21 13:44:08', '2024-06-21 13:44:08', 0),
(966, 'transactions_logs_report', 7, 0, 0, 0, 0, '2024-06-21 13:44:08', '2024-06-21 13:44:08', 0),
(967, 'transactions_logs_report', 8, 0, 0, 0, 0, '2024-06-21 13:44:08', '2024-06-21 13:44:08', 0),
(968, 'transactions_logs_report', 9, 0, 0, 0, 0, '2024-06-21 13:44:08', '2024-06-21 13:44:08', 0),
(969, 'transactions_logs_report', 10, 0, 0, 0, 0, '2024-06-21 13:44:08', '2024-06-21 13:44:08', 0),
(970, 'transactions_logs_report', 11, 1, 0, 0, 0, '2024-06-21 13:44:08', '2024-06-21 13:44:08', 0),
(971, 'transactions_logs_report', 12, 0, 0, 0, 0, '2024-06-21 13:44:08', '2024-06-21 13:44:08', 0),
(972, 'transactions_logs_report', 13, 0, 0, 0, 0, '2024-06-21 13:44:08', '2024-06-21 13:44:08', 0),
(973, 'transactionsreports', 1, 1, 0, 0, 0, '2024-06-21 13:44:08', '2024-06-21 13:44:08', 0),
(974, 'transactionsreports', 3, 1, 0, 0, 0, '2024-06-21 13:44:08', '2024-06-21 13:44:08', 0),
(975, 'transactionsreports', 4, 1, 0, 0, 0, '2024-06-21 13:44:08', '2024-06-21 13:44:08', 0),
(976, 'transactionsreports', 5, 1, 0, 0, 0, '2024-06-21 13:44:08', '2024-06-21 13:44:08', 0),
(977, 'transactionsreports', 6, 0, 0, 0, 0, '2024-06-21 13:44:08', '2024-06-21 13:44:08', 0),
(978, 'transactionsreports', 7, 0, 0, 0, 0, '2024-06-21 13:44:08', '2024-06-21 13:44:08', 0),
(979, 'transactionsreports', 8, 0, 0, 0, 0, '2024-06-21 13:44:08', '2024-06-21 13:44:08', 0),
(980, 'transactionsreports', 9, 0, 0, 0, 0, '2024-06-21 13:44:08', '2024-06-21 13:44:08', 0),
(981, 'transactionsreports', 10, 0, 0, 0, 0, '2024-06-21 13:44:08', '2024-06-21 13:44:08', 0),
(982, 'transactionsreports', 11, 1, 0, 0, 0, '2024-06-21 13:44:08', '2024-06-21 13:44:08', 0),
(983, 'transactionsreports', 12, 0, 0, 0, 0, '2024-06-21 13:44:08', '2024-06-21 13:44:08', 0),
(984, 'transactionsreports', 13, 0, 0, 0, 0, '2024-06-21 13:44:08', '2024-06-21 13:44:08', 0),
(985, 'mgmtsreports', 1, 1, 0, 0, 0, '2024-06-21 13:44:08', '2024-06-21 13:44:08', 0),
(986, 'mgmtsreports', 3, 1, 0, 0, 0, '2024-06-21 13:44:08', '2024-06-21 13:44:08', 0),
(987, 'mgmtsreports', 4, 0, 0, 0, 0, '2024-06-21 13:44:08', '2024-06-21 13:44:08', 0),
(988, 'mgmtsreports', 5, 0, 0, 0, 0, '2024-06-21 13:44:08', '2024-06-21 13:44:08', 0),
(989, 'mgmtsreports', 6, 0, 0, 0, 0, '2024-06-21 13:44:08', '2024-06-21 13:44:08', 0),
(990, 'mgmtsreports', 7, 0, 0, 0, 0, '2024-06-21 13:44:08', '2024-06-21 13:44:08', 0),
(991, 'mgmtsreports', 8, 0, 0, 0, 0, '2024-06-21 13:44:08', '2024-06-21 13:44:08', 0),
(992, 'mgmtsreports', 9, 0, 0, 0, 0, '2024-06-21 13:44:08', '2024-06-21 13:44:08', 0),
(993, 'mgmtsreports', 10, 0, 0, 0, 0, '2024-06-21 13:44:08', '2024-06-21 13:44:08', 0),
(994, 'mgmtsreports', 11, 1, 0, 0, 0, '2024-06-21 13:44:08', '2024-06-21 13:44:08', 0),
(995, 'mgmtsreports', 12, 0, 0, 0, 0, '2024-06-21 13:44:08', '2024-06-21 13:44:08', 0),
(996, 'mgmtsreports', 13, 0, 0, 0, 0, '2024-06-21 13:44:08', '2024-06-21 13:44:08', 0),
(997, 'transactionsenquiry', 1, 1, 0, 0, 0, '2024-06-21 13:44:08', '2024-06-21 13:44:08', 0),
(998, 'transactionsenquiry', 3, 1, 0, 0, 0, '2024-06-21 13:44:08', '2024-06-21 13:44:08', 0),
(999, 'transactionsenquiry', 4, 1, 0, 0, 0, '2024-06-21 13:44:08', '2024-06-21 13:44:08', 0),
(1000, 'transactionsenquiry', 5, 1, 0, 0, 0, '2024-06-21 13:44:08', '2024-06-21 13:44:08', 0),
(1001, 'transactionsenquiry', 6, 0, 0, 0, 0, '2024-06-21 13:44:08', '2024-06-21 13:44:08', 0),
(1002, 'transactionsenquiry', 7, 0, 0, 0, 0, '2024-06-21 13:44:08', '2024-06-21 13:44:08', 0),
(1003, 'transactionsenquiry', 8, 0, 0, 0, 0, '2024-06-21 13:44:08', '2024-06-21 13:44:08', 0),
(1004, 'transactionsenquiry', 9, 0, 0, 0, 0, '2024-06-21 13:44:08', '2024-06-21 13:44:08', 0),
(1005, 'transactionsenquiry', 10, 0, 0, 0, 0, '2024-06-21 13:44:08', '2024-06-21 13:44:08', 0),
(1006, 'transactionsenquiry', 11, 1, 0, 0, 0, '2024-06-21 13:44:08', '2024-06-21 13:44:08', 0),
(1007, 'transactionsenquiry', 12, 0, 0, 0, 0, '2024-06-21 13:44:08', '2024-06-21 13:44:08', 0),
(1008, 'transactionsenquiry', 13, 0, 0, 0, 0, '2024-06-21 13:44:08', '2024-06-21 13:44:08', 0),
(1009, 'delivers', 1, 1, 0, 0, 0, '2024-06-21 13:44:08', '2024-06-21 13:44:08', 0),
(1010, 'delivers', 3, 1, 0, 0, 0, '2024-06-21 13:44:08', '2024-06-21 13:44:08', 0),
(1011, 'delivers', 4, 1, 0, 0, 0, '2024-06-21 13:44:08', '2024-06-21 13:44:08', 0),
(1012, 'delivers', 5, 1, 0, 0, 0, '2024-06-21 13:44:08', '2024-06-21 13:44:08', 0),
(1013, 'delivers', 6, 0, 0, 0, 0, '2024-06-21 13:44:08', '2024-06-21 13:44:08', 0),
(1014, 'delivers', 7, 0, 0, 0, 0, '2024-06-21 13:44:08', '2024-06-21 13:44:08', 0),
(1015, 'delivers', 8, 0, 0, 0, 0, '2024-06-21 13:44:08', '2024-06-21 13:44:08', 0),
(1016, 'delivers', 9, 0, 0, 0, 0, '2024-06-21 13:44:08', '2024-06-21 13:44:08', 0),
(1017, 'delivers', 10, 0, 0, 0, 0, '2024-06-21 13:44:08', '2024-06-21 13:44:08', 0),
(1018, 'delivers', 11, 1, 0, 0, 0, '2024-06-21 13:44:08', '2024-06-21 13:44:08', 0),
(1019, 'delivers', 12, 0, 0, 0, 0, '2024-06-21 13:44:08', '2024-06-21 13:44:08', 0),
(1020, 'delivers', 13, 0, 0, 0, 0, '2024-06-21 13:44:08', '2024-06-21 13:44:08', 0),
(1021, 'test', 1, 0, 0, 0, 0, '2024-06-21 13:44:08', '2024-06-21 13:44:08', 0),
(1022, 'test', 3, 0, 0, 0, 0, '2024-06-21 13:44:08', '2024-06-21 13:44:08', 0),
(1023, 'test', 4, 0, 0, 0, 0, '2024-06-21 13:44:08', '2024-06-21 13:44:08', 0),
(1024, 'test', 5, 0, 0, 0, 0, '2024-06-21 13:44:08', '2024-06-21 13:44:08', 0),
(1025, 'test', 6, 0, 0, 0, 0, '2024-06-21 13:44:08', '2024-06-21 13:44:08', 0),
(1026, 'test', 7, 0, 0, 0, 0, '2024-06-21 13:44:08', '2024-06-21 13:44:08', 0),
(1027, 'test', 8, 0, 0, 0, 0, '2024-06-21 13:44:08', '2024-06-21 13:44:08', 0),
(1028, 'test', 9, 0, 0, 0, 0, '2024-06-21 13:44:08', '2024-06-21 13:44:08', 0),
(1029, 'test', 10, 0, 0, 0, 0, '2024-06-21 13:44:08', '2024-06-21 13:44:08', 0),
(1030, 'test', 11, 1, 0, 0, 0, '2024-06-21 13:44:08', '2024-06-21 13:44:08', 0),
(1031, 'test', 12, 0, 0, 0, 0, '2024-06-21 13:44:08', '2024-06-21 13:44:08', 0),
(1032, 'test', 13, 0, 0, 0, 0, '2024-06-21 13:44:08', '2024-06-21 13:44:08', 0);

--
-- Indexes for dumped tables
--

--
-- Indexes for table `areas`
--
ALTER TABLE `areas`
  ADD PRIMARY KEY (`id`);

--
-- Indexes for table `attachments`
--
ALTER TABLE `attachments`
  ADD PRIMARY KEY (`id`),
  ADD KEY `ocr_index` (`ocr`(768));

--
-- Indexes for table `attachments_types`
--
ALTER TABLE `attachments_types`
  ADD PRIMARY KEY (`id`);

--
-- Indexes for table `branches`
--
ALTER TABLE `branches`
  ADD PRIMARY KEY (`id`);

--
-- Indexes for table `cabinets`
--
ALTER TABLE `cabinets`
  ADD PRIMARY KEY (`id`);

--
-- Indexes for table `cabinets_permissions`
--
ALTER TABLE `cabinets_permissions`
  ADD PRIMARY KEY (`id`);

--
-- Indexes for table `choices`
--
ALTER TABLE `choices`
  ADD PRIMARY KEY (`id`);

--
-- Indexes for table `cities`
--
ALTER TABLE `cities`
  ADD PRIMARY KEY (`id`);

--
-- Indexes for table `comments`
--
ALTER TABLE `comments`
  ADD PRIMARY KEY (`id`);

--
-- Indexes for table `confidentialities`
--
ALTER TABLE `confidentialities`
  ADD PRIMARY KEY (`id`);

--
-- Indexes for table `connections`
--
ALTER TABLE `connections`
  ADD PRIMARY KEY (`id`);

--
-- Indexes for table `delivers`
--
ALTER TABLE `delivers`
  ADD PRIMARY KEY (`id`);

--
-- Indexes for table `departments`
--
ALTER TABLE `departments`
  ADD PRIMARY KEY (`id`);

--
-- Indexes for table `dictionaries`
--
ALTER TABLE `dictionaries`
  ADD PRIMARY KEY (`id`);

--
-- Indexes for table `divisions`
--
ALTER TABLE `divisions`
  ADD PRIMARY KEY (`id`);

--
-- Indexes for table `entities`
--
ALTER TABLE `entities`
  ADD PRIMARY KEY (`id`);

--
-- Indexes for table `entities_types`
--
ALTER TABLE `entities_types`
  ADD PRIMARY KEY (`id`);

--
-- Indexes for table `failed_jobs`
--
ALTER TABLE `failed_jobs`
  ADD PRIMARY KEY (`id`),
  ADD UNIQUE KEY `failed_jobs_uuid_unique` (`uuid`);

--
-- Indexes for table `fields`
--
ALTER TABLE `fields`
  ADD PRIMARY KEY (`id`);

--
-- Indexes for table `files_shares`
--
ALTER TABLE `files_shares`
  ADD PRIMARY KEY (`id`);

--
-- Indexes for table `flows`
--
ALTER TABLE `flows`
  ADD PRIMARY KEY (`id`);

--
-- Indexes for table `folders`
--
ALTER TABLE `folders`
  ADD PRIMARY KEY (`id`);

--
-- Indexes for table `items`
--
ALTER TABLE `items`
  ADD PRIMARY KEY (`id`);

--
-- Indexes for table `items_categories`
--
ALTER TABLE `items_categories`
  ADD PRIMARY KEY (`id`);

--
-- Indexes for table `items_sources`
--
ALTER TABLE `items_sources`
  ADD PRIMARY KEY (`id`);

--
-- Indexes for table `items_types`
--
ALTER TABLE `items_types`
  ADD PRIMARY KEY (`id`);

--
-- Indexes for table `items_units`
--
ALTER TABLE `items_units`
  ADD PRIMARY KEY (`id`);

--
-- Indexes for table `jobtitles`
--
ALTER TABLE `jobtitles`
  ADD PRIMARY KEY (`id`);

--
-- Indexes for table `logs`
--
ALTER TABLE `logs`
  ADD PRIMARY KEY (`id`);

--
-- Indexes for table `mailboxes`
--
ALTER TABLE `mailboxes`
  ADD PRIMARY KEY (`id`);

--
-- Indexes for table `mailbox_attachments`
--
ALTER TABLE `mailbox_attachments`
  ADD PRIMARY KEY (`id`);

--
-- Indexes for table `managements`
--
ALTER TABLE `managements`
  ADD PRIMARY KEY (`id`);

--
-- Indexes for table `messages`
--
ALTER TABLE `messages`
  ADD PRIMARY KEY (`id`);

--
-- Indexes for table `migrations`
--
ALTER TABLE `migrations`
  ADD PRIMARY KEY (`id`);

--
-- Indexes for table `notifications`
--
ALTER TABLE `notifications`
  ADD PRIMARY KEY (`id`);

--
-- Indexes for table `notifications_types`
--
ALTER TABLE `notifications_types`
  ADD PRIMARY KEY (`id`);

--
-- Indexes for table `numberings`
--
ALTER TABLE `numberings`
  ADD PRIMARY KEY (`id`);

--
-- Indexes for table `outgoings`
--
ALTER TABLE `outgoings`
  ADD PRIMARY KEY (`id`);

--
-- Indexes for table `pages`
--
ALTER TABLE `pages`
  ADD PRIMARY KEY (`id`);

--
-- Indexes for table `priorities`
--
ALTER TABLE `priorities`
  ADD PRIMARY KEY (`id`);

--
-- Indexes for table `procedures`
--
ALTER TABLE `procedures`
  ADD PRIMARY KEY (`id`);

--
-- Indexes for table `purposes`
--
ALTER TABLE `purposes`
  ADD PRIMARY KEY (`id`);

--
-- Indexes for table `receivingmethods`
--
ALTER TABLE `receivingmethods`
  ADD PRIMARY KEY (`id`);

--
-- Indexes for table `shares`
--
ALTER TABLE `shares`
  ADD PRIMARY KEY (`id`);

--
-- Indexes for table `statuses`
--
ALTER TABLE `statuses`
  ADD PRIMARY KEY (`id`);

--
-- Indexes for table `steps`
--
ALTER TABLE `steps`
  ADD PRIMARY KEY (`id`);

--
-- Indexes for table `storehouses`
--
ALTER TABLE `storehouses`
  ADD PRIMARY KEY (`id`);

--
-- Indexes for table `storehouses_types`
--
ALTER TABLE `storehouses_types`
  ADD PRIMARY KEY (`id`);

--
-- Indexes for table `tasks`
--
ALTER TABLE `tasks`
  ADD PRIMARY KEY (`id`);

--
-- Indexes for table `templates`
--
ALTER TABLE `templates`
  ADD PRIMARY KEY (`id`);

--
-- Indexes for table `transactions_categories`
--
ALTER TABLE `transactions_categories`
  ADD PRIMARY KEY (`id`);

--
-- Indexes for table `transactions_logs`
--
ALTER TABLE `transactions_logs`
  ADD PRIMARY KEY (`id`);

--
-- Indexes for table `transactions_permissions`
--
ALTER TABLE `transactions_permissions`
  ADD PRIMARY KEY (`id`);

--
-- Indexes for table `transactions_types`
--
ALTER TABLE `transactions_types`
  ADD PRIMARY KEY (`id`);

--
-- Indexes for table `units`
--
ALTER TABLE `units`
  ADD PRIMARY KEY (`id`);

--
-- Indexes for table `urgencies`
--
ALTER TABLE `urgencies`
  ADD PRIMARY KEY (`id`);

--
-- Indexes for table `user_levels`
--
ALTER TABLE `user_levels`
  ADD PRIMARY KEY (`id`);

--
-- Indexes for table `user_privileges`
--
ALTER TABLE `user_privileges`
  ADD PRIMARY KEY (`id`);

--
-- AUTO_INCREMENT for dumped tables
--

--
-- AUTO_INCREMENT for table `areas`
--
ALTER TABLE `areas`
  MODIFY `id` bigint(20) UNSIGNED NOT NULL AUTO_INCREMENT, AUTO_INCREMENT=4995;

--
-- AUTO_INCREMENT for table `attachments`
--
ALTER TABLE `attachments`
  MODIFY `id` bigint(20) UNSIGNED NOT NULL AUTO_INCREMENT, AUTO_INCREMENT=17;

--
-- AUTO_INCREMENT for table `attachments_types`
--
ALTER TABLE `attachments_types`
  MODIFY `id` bigint(20) UNSIGNED NOT NULL AUTO_INCREMENT, AUTO_INCREMENT=6;

--
-- AUTO_INCREMENT for table `branches`
--
ALTER TABLE `branches`
  MODIFY `id` bigint(20) UNSIGNED NOT NULL AUTO_INCREMENT, AUTO_INCREMENT=12;

--
-- AUTO_INCREMENT for table `cabinets`
--
ALTER TABLE `cabinets`
  MODIFY `id` bigint(20) UNSIGNED NOT NULL AUTO_INCREMENT, AUTO_INCREMENT=11;

--
-- AUTO_INCREMENT for table `cabinets_permissions`
--
ALTER TABLE `cabinets_permissions`
  MODIFY `id` bigint(20) UNSIGNED NOT NULL AUTO_INCREMENT, AUTO_INCREMENT=8;

--
-- AUTO_INCREMENT for table `choices`
--
ALTER TABLE `choices`
  MODIFY `id` bigint(20) UNSIGNED NOT NULL AUTO_INCREMENT, AUTO_INCREMENT=4;

--
-- AUTO_INCREMENT for table `cities`
--
ALTER TABLE `cities`
  MODIFY `id` bigint(20) UNSIGNED NOT NULL AUTO_INCREMENT, AUTO_INCREMENT=3667;

--
-- AUTO_INCREMENT for table `comments`
--
ALTER TABLE `comments`
  MODIFY `id` bigint(20) UNSIGNED NOT NULL AUTO_INCREMENT, AUTO_INCREMENT=10;

--
-- AUTO_INCREMENT for table `confidentialities`
--
ALTER TABLE `confidentialities`
  MODIFY `id` bigint(20) UNSIGNED NOT NULL AUTO_INCREMENT, AUTO_INCREMENT=3;

--
-- AUTO_INCREMENT for table `connections`
--
ALTER TABLE `connections`
  MODIFY `id` bigint(20) UNSIGNED NOT NULL AUTO_INCREMENT;

--
-- AUTO_INCREMENT for table `delivers`
--
ALTER TABLE `delivers`
  MODIFY `id` bigint(20) UNSIGNED NOT NULL AUTO_INCREMENT, AUTO_INCREMENT=3;

--
-- AUTO_INCREMENT for table `departments`
--
ALTER TABLE `departments`
  MODIFY `id` bigint(20) UNSIGNED NOT NULL AUTO_INCREMENT, AUTO_INCREMENT=10;

--
-- AUTO_INCREMENT for table `dictionaries`
--
ALTER TABLE `dictionaries`
  MODIFY `id` bigint(20) UNSIGNED NOT NULL AUTO_INCREMENT, AUTO_INCREMENT=1679;

--
-- AUTO_INCREMENT for table `divisions`
--
ALTER TABLE `divisions`
  MODIFY `id` bigint(20) UNSIGNED NOT NULL AUTO_INCREMENT, AUTO_INCREMENT=2;

--
-- AUTO_INCREMENT for table `entities`
--
ALTER TABLE `entities`
  MODIFY `id` bigint(20) NOT NULL AUTO_INCREMENT, AUTO_INCREMENT=3;

--
-- AUTO_INCREMENT for table `entities_types`
--
ALTER TABLE `entities_types`
  MODIFY `id` bigint(20) UNSIGNED NOT NULL AUTO_INCREMENT, AUTO_INCREMENT=4;

--
-- AUTO_INCREMENT for table `failed_jobs`
--
ALTER TABLE `failed_jobs`
  MODIFY `id` bigint(20) UNSIGNED NOT NULL AUTO_INCREMENT;

--
-- AUTO_INCREMENT for table `fields`
--
ALTER TABLE `fields`
  MODIFY `id` bigint(20) UNSIGNED NOT NULL AUTO_INCREMENT, AUTO_INCREMENT=623;

--
-- AUTO_INCREMENT for table `files_shares`
--
ALTER TABLE `files_shares`
  MODIFY `id` bigint(20) UNSIGNED NOT NULL AUTO_INCREMENT, AUTO_INCREMENT=11;

--
-- AUTO_INCREMENT for table `flows`
--
ALTER TABLE `flows`
  MODIFY `id` bigint(20) UNSIGNED NOT NULL AUTO_INCREMENT, AUTO_INCREMENT=16;

--
-- AUTO_INCREMENT for table `folders`
--
ALTER TABLE `folders`
  MODIFY `id` bigint(20) UNSIGNED NOT NULL AUTO_INCREMENT, AUTO_INCREMENT=44;

--
-- AUTO_INCREMENT for table `items`
--
ALTER TABLE `items`
  MODIFY `id` bigint(20) UNSIGNED NOT NULL AUTO_INCREMENT, AUTO_INCREMENT=22;

--
-- AUTO_INCREMENT for table `items_categories`
--
ALTER TABLE `items_categories`
  MODIFY `id` bigint(20) UNSIGNED NOT NULL AUTO_INCREMENT, AUTO_INCREMENT=23;

--
-- AUTO_INCREMENT for table `items_sources`
--
ALTER TABLE `items_sources`
  MODIFY `id` bigint(20) UNSIGNED NOT NULL AUTO_INCREMENT, AUTO_INCREMENT=4;

--
-- AUTO_INCREMENT for table `items_types`
--
ALTER TABLE `items_types`
  MODIFY `id` bigint(20) UNSIGNED NOT NULL AUTO_INCREMENT, AUTO_INCREMENT=4;

--
-- AUTO_INCREMENT for table `items_units`
--
ALTER TABLE `items_units`
  MODIFY `id` bigint(20) UNSIGNED NOT NULL AUTO_INCREMENT, AUTO_INCREMENT=4;

--
-- AUTO_INCREMENT for table `jobtitles`
--
ALTER TABLE `jobtitles`
  MODIFY `id` bigint(20) UNSIGNED NOT NULL AUTO_INCREMENT;

--
-- AUTO_INCREMENT for table `logs`
--
ALTER TABLE `logs`
  MODIFY `id` bigint(20) UNSIGNED NOT NULL AUTO_INCREMENT, AUTO_INCREMENT=18;

--
-- AUTO_INCREMENT for table `mailboxes`
--
ALTER TABLE `mailboxes`
  MODIFY `id` bigint(20) UNSIGNED NOT NULL AUTO_INCREMENT, AUTO_INCREMENT=41;

--
-- AUTO_INCREMENT for table `mailbox_attachments`
--
ALTER TABLE `mailbox_attachments`
  MODIFY `id` bigint(20) UNSIGNED NOT NULL AUTO_INCREMENT, AUTO_INCREMENT=14;

--
-- AUTO_INCREMENT for table `managements`
--
ALTER TABLE `managements`
  MODIFY `id` bigint(20) UNSIGNED NOT NULL AUTO_INCREMENT, AUTO_INCREMENT=10;

--
-- AUTO_INCREMENT for table `messages`
--
ALTER TABLE `messages`
  MODIFY `id` bigint(20) UNSIGNED NOT NULL AUTO_INCREMENT, AUTO_INCREMENT=17;

--
-- AUTO_INCREMENT for table `migrations`
--
ALTER TABLE `migrations`
  MODIFY `id` int(10) UNSIGNED NOT NULL AUTO_INCREMENT, AUTO_INCREMENT=59;

--
-- AUTO_INCREMENT for table `notifications`
--
ALTER TABLE `notifications`
  MODIFY `id` bigint(20) UNSIGNED NOT NULL AUTO_INCREMENT, AUTO_INCREMENT=190;

--
-- AUTO_INCREMENT for table `notifications_types`
--
ALTER TABLE `notifications_types`
  MODIFY `id` bigint(20) UNSIGNED NOT NULL AUTO_INCREMENT, AUTO_INCREMENT=4;

--
-- AUTO_INCREMENT for table `numberings`
--
ALTER TABLE `numberings`
  MODIFY `id` bigint(20) UNSIGNED NOT NULL AUTO_INCREMENT, AUTO_INCREMENT=5;

--
-- AUTO_INCREMENT for table `outgoings`
--
ALTER TABLE `outgoings`
  MODIFY `id` bigint(20) UNSIGNED NOT NULL AUTO_INCREMENT, AUTO_INCREMENT=136;

--
-- AUTO_INCREMENT for table `pages`
--
ALTER TABLE `pages`
  MODIFY `id` bigint(20) UNSIGNED NOT NULL AUTO_INCREMENT, AUTO_INCREMENT=66;

--
-- AUTO_INCREMENT for table `priorities`
--
ALTER TABLE `priorities`
  MODIFY `id` bigint(20) UNSIGNED NOT NULL AUTO_INCREMENT, AUTO_INCREMENT=3;

--
-- AUTO_INCREMENT for table `procedures`
--
ALTER TABLE `procedures`
  MODIFY `id` bigint(20) UNSIGNED NOT NULL AUTO_INCREMENT, AUTO_INCREMENT=8;

--
-- AUTO_INCREMENT for table `purposes`
--
ALTER TABLE `purposes`
  MODIFY `id` bigint(20) UNSIGNED NOT NULL AUTO_INCREMENT, AUTO_INCREMENT=7;

--
-- AUTO_INCREMENT for table `receivingmethods`
--
ALTER TABLE `receivingmethods`
  MODIFY `id` bigint(20) UNSIGNED NOT NULL AUTO_INCREMENT, AUTO_INCREMENT=4;

--
-- AUTO_INCREMENT for table `shares`
--
ALTER TABLE `shares`
  MODIFY `id` bigint(20) UNSIGNED NOT NULL AUTO_INCREMENT, AUTO_INCREMENT=8;

--
-- AUTO_INCREMENT for table `statuses`
--
ALTER TABLE `statuses`
  MODIFY `id` bigint(20) UNSIGNED NOT NULL AUTO_INCREMENT;

--
-- AUTO_INCREMENT for table `steps`
--
ALTER TABLE `steps`
  MODIFY `id` bigint(20) UNSIGNED NOT NULL AUTO_INCREMENT, AUTO_INCREMENT=44;

--
-- AUTO_INCREMENT for table `storehouses`
--
ALTER TABLE `storehouses`
  MODIFY `id` bigint(20) UNSIGNED NOT NULL AUTO_INCREMENT, AUTO_INCREMENT=5;

--
-- AUTO_INCREMENT for table `storehouses_types`
--
ALTER TABLE `storehouses_types`
  MODIFY `id` bigint(20) UNSIGNED NOT NULL AUTO_INCREMENT, AUTO_INCREMENT=5;

--
-- AUTO_INCREMENT for table `tasks`
--
ALTER TABLE `tasks`
  MODIFY `id` bigint(20) UNSIGNED NOT NULL AUTO_INCREMENT, AUTO_INCREMENT=70;

--
-- AUTO_INCREMENT for table `templates`
--
ALTER TABLE `templates`
  MODIFY `id` bigint(20) UNSIGNED NOT NULL AUTO_INCREMENT, AUTO_INCREMENT=21;

--
-- AUTO_INCREMENT for table `transactions_categories`
--
ALTER TABLE `transactions_categories`
  MODIFY `id` bigint(20) UNSIGNED NOT NULL AUTO_INCREMENT, AUTO_INCREMENT=5;

--
-- AUTO_INCREMENT for table `transactions_logs`
--
ALTER TABLE `transactions_logs`
  MODIFY `id` bigint(20) UNSIGNED NOT NULL AUTO_INCREMENT, AUTO_INCREMENT=288;

--
-- AUTO_INCREMENT for table `transactions_permissions`
--
ALTER TABLE `transactions_permissions`
  MODIFY `id` bigint(20) UNSIGNED NOT NULL AUTO_INCREMENT, AUTO_INCREMENT=24;

--
-- AUTO_INCREMENT for table `transactions_types`
--
ALTER TABLE `transactions_types`
  MODIFY `id` bigint(20) UNSIGNED NOT NULL AUTO_INCREMENT, AUTO_INCREMENT=16;

--
-- AUTO_INCREMENT for table `units`
--
ALTER TABLE `units`
  MODIFY `id` bigint(20) UNSIGNED NOT NULL AUTO_INCREMENT, AUTO_INCREMENT=2;

--
-- AUTO_INCREMENT for table `urgencies`
--
ALTER TABLE `urgencies`
  MODIFY `id` bigint(20) UNSIGNED NOT NULL AUTO_INCREMENT, AUTO_INCREMENT=3;

--
-- AUTO_INCREMENT for table `user_levels`
--
ALTER TABLE `user_levels`
  MODIFY `id` bigint(20) UNSIGNED NOT NULL AUTO_INCREMENT, AUTO_INCREMENT=14;

--
-- AUTO_INCREMENT for table `user_privileges`
--
ALTER TABLE `user_privileges`
  MODIFY `id` bigint(20) UNSIGNED NOT NULL AUTO_INCREMENT, AUTO_INCREMENT=1033;
COMMIT;

